{"id":10051,"date":"2024-06-25T10:36:13","date_gmt":"2024-06-25T09:36:13","guid":{"rendered":"https:\/\/ewb.lu\/?post_type=event&#038;p=10051"},"modified":"2024-10-02T11:10:51","modified_gmt":"2024-10-02T10:10:51","slug":"matthias-der-puppenrocker","status":"publish","type":"event","link":"https:\/\/ewb.lu\/en\/event\/matthias-der-puppenrocker\/","title":{"rendered":"AUSGEBUCHT: Matthias der Puppenrocker"},"content":{"rendered":"<section class=\"wpb-content-wrapper\"><p>[vc_row][vc_column][vc_column_text]<\/p>\n<h3><span style=\"color: #f47f57;\"><b>Bauchredner-Show f\u00fcr die ganze Familie<\/b><\/span><\/h3>\n<p>Matthias kommt mit seinen sprechenden Puppen nach Luxemburg! Zusammen mit seinem Waschb\u00e4ren Rocco, Baby-Dino Fluffy, dem Eichh\u00f6rnchen Siggi, dem Schimpansen Ronny und dem Zauberhasen regt der K\u00fcnstler eine Stunde die Bauchmuskeln aber auch Hirnzellen der Zuschauer an. Dazu gibt es handgemachte Musik mit Ohrwurmpotenzial und magische Tricks!<\/p>\n<p>In dieser Show wird gelacht und spielerisch Wissen vermittelt. Eine Veranstaltung f\u00fcr die ganze Familie! Verbringen Sie einen unterhaltsamen Vormittag in der ErwuesseBildung.<\/p>\n<p><b>Die Sitzpl\u00e4tze k\u00f6nnen frei gew\u00e4hlt werden sind aber limitiert. Melden Sie sich rechtzeitig an! <\/b>Bitte geben Sie bei der Anmeldung die Anzahl der Personen und Alter der Kinder an.<\/p>\n<p>Es gibt begrenzte Parkm\u00f6glichkeiten in den Seitenstra\u00dfen rund um die ErwuesseBildung. Mit \u00f6ffentlichen Verkehrsmitteln sind wir gut zu erreichen. Die Bushaltestelle \u201eRheinsheim\u201c befindet sich direkt vor dem Geb\u00e4ude. Die Stra\u00dfenbahnhaltestelle \u201eHamilius\u201c ist nur einen kurzen Fu\u00dfweg durch den Park entfernt. Sollten Sie noch weitere Fragen haben, dann melden Sie sich gerne bei uns.<\/p>\n<p>F\u00fcr mehr Infos \u00fcber Matthias und s<span style=\"color: #000000;\">eine Puppen finden Sie <a style=\"color: #000000;\" href=\"https:\/\/puppenrocker.de\"><span style=\"color: #72005f;\">hier<\/span><\/a>.<\/span><u><\/u>[\/vc_column_text][\/vc_column][\/vc_row][vc_row][vc_column css=&#8221;.vc_custom_1719308851620{padding-top: 20px !important;padding-right: 10px !important;padding-bottom: 10px !important;padding-left: 20px !important;background-color: #72005f !important;}&#8221;][vc_column_text]<span style=\"color: #eeebe7;\">AUFGEPASST:<\/span> <strong><span style=\"color: #f47f57;\">Die Show findet ein Mal von 10.30 bis 11.30 Uhr und ein Mal von 14.00 bis 15.00 Uhr statt.<\/span><\/strong> <span style=\"color: #eeebe7;\">Bitte geben Sie bei der Anmeldung an, an welcher Show Sie interessiert sind.<\/span>[\/vc_column_text][\/vc_column][\/vc_row][vc_row][vc_column][vc_column_text]<em>Foto (rechts) \u00a9 Matthias H\u00fcninghake<\/em>[\/vc_column_text][\/vc_column][\/vc_row]<\/p>\n<\/section>","protected":false},"excerpt":{"rendered":"<p>Bauchredner-Show f\u00fcr die ganze Familie. Das Event ist ausgebucht. Bitte nicht mehr anmelden!<\/p>\n","protected":false},"featured_media":10052,"template":"","program":[36,74],"class_list":["post-10051","event","type-event","status-publish","has-post-thumbnail","hentry","program-growing-together","program-kunst-musik-und-bewegung"],"acf":[],"yoast_head":"<!-- This site is optimized with the Yoast SEO plugin v27.1.1 - https:\/\/yoast.com\/product\/yoast-seo-wordpress\/ -->\n<title>AUSGEBUCHT: Matthias der Puppenrocker - EWB<\/title>\n<meta name=\"robots\" content=\"index, follow, max-snippet:-1, max-image-preview:large, max-video-preview:-1\" \/>\n<link rel=\"canonical\" href=\"https:\/\/ewb.lu\/en\/event\/matthias-der-puppenrocker\/\" \/>\n<meta property=\"og:locale\" content=\"en_US\" \/>\n<meta property=\"og:type\" content=\"article\" \/>\n<meta property=\"og:title\" content=\"AUSGEBUCHT: Matthias der Puppenrocker - EWB\" \/>\n<meta property=\"og:description\" content=\"Bauchredner-Show f\u00fcr die ganze Familie. Das Event ist ausgebucht. Bitte nicht mehr anmelden!\" \/>\n<meta property=\"og:url\" content=\"https:\/\/ewb.lu\/en\/event\/matthias-der-puppenrocker\/\" \/>\n<meta property=\"og:site_name\" content=\"EWB\" \/>\n<meta property=\"article:publisher\" content=\"https:\/\/www.facebook.com\/ErwuesseBild\/\" \/>\n<meta property=\"article:modified_time\" content=\"2024-10-02T10:10:51+00:00\" \/>\n<meta property=\"og:image\" content=\"https:\/\/ewb.lu\/wp-content\/uploads\/2024\/06\/Bildschirmfoto-2024-06-25-um-11.46.19.jpg\" \/>\n\t<meta property=\"og:image:width\" content=\"1114\" \/>\n\t<meta property=\"og:image:height\" content=\"1646\" \/>\n\t<meta property=\"og:image:type\" content=\"image\/jpeg\" \/>\n<meta name=\"twitter:card\" content=\"summary_large_image\" \/>\n<meta name=\"twitter:label1\" content=\"Est. reading time\" \/>\n\t<meta name=\"twitter:data1\" content=\"2 minutes\" \/>\n<script type=\"application\/ld+json\" class=\"yoast-schema-graph\">{\"@context\":\"https:\/\/schema.org\",\"@graph\":[{\"@type\":\"WebPage\",\"@id\":\"https:\/\/ewb.lu\/en\/event\/matthias-der-puppenrocker\/\",\"url\":\"https:\/\/ewb.lu\/en\/event\/matthias-der-puppenrocker\/\",\"name\":\"AUSGEBUCHT: Matthias der Puppenrocker - EWB\",\"isPartOf\":{\"@id\":\"https:\/\/ewb.lu\/en\/#website\"},\"primaryImageOfPage\":{\"@id\":\"https:\/\/ewb.lu\/en\/event\/matthias-der-puppenrocker\/#primaryimage\"},\"image\":{\"@id\":\"https:\/\/ewb.lu\/en\/event\/matthias-der-puppenrocker\/#primaryimage\"},\"thumbnailUrl\":\"https:\/\/ewb.lu\/wp-content\/uploads\/2024\/06\/Bildschirmfoto-2024-06-25-um-11.46.19.jpg\",\"datePublished\":\"2024-06-25T09:36:13+00:00\",\"dateModified\":\"2024-10-02T10:10:51+00:00\",\"breadcrumb\":{\"@id\":\"https:\/\/ewb.lu\/en\/event\/matthias-der-puppenrocker\/#breadcrumb\"},\"inLanguage\":\"en-US\",\"potentialAction\":[{\"@type\":\"ReadAction\",\"target\":[\"https:\/\/ewb.lu\/en\/event\/matthias-der-puppenrocker\/\"]}]},{\"@type\":\"ImageObject\",\"inLanguage\":\"en-US\",\"@id\":\"https:\/\/ewb.lu\/en\/event\/matthias-der-puppenrocker\/#primaryimage\",\"url\":\"https:\/\/ewb.lu\/wp-content\/uploads\/2024\/06\/Bildschirmfoto-2024-06-25-um-11.46.19.jpg\",\"contentUrl\":\"https:\/\/ewb.lu\/wp-content\/uploads\/2024\/06\/Bildschirmfoto-2024-06-25-um-11.46.19.jpg\",\"width\":1114,\"height\":1646,\"caption\":\"Matthias der Puppenrocker\"},{\"@type\":\"BreadcrumbList\",\"@id\":\"https:\/\/ewb.lu\/en\/event\/matthias-der-puppenrocker\/#breadcrumb\",\"itemListElement\":[{\"@type\":\"ListItem\",\"position\":1,\"name\":\"Startseite\",\"item\":\"https:\/\/ewb.lu\/en\/\"},{\"@type\":\"ListItem\",\"position\":2,\"name\":\"AUSGEBUCHT: Matthias der Puppenrocker\"}]},{\"@type\":\"WebSite\",\"@id\":\"https:\/\/ewb.lu\/en\/#website\",\"url\":\"https:\/\/ewb.lu\/en\/\",\"name\":\"EwB ErwuesseBildung\",\"description\":\"ErwuesseBildung\",\"publisher\":{\"@id\":\"https:\/\/ewb.lu\/en\/#organization\"},\"alternateName\":\"EWB\",\"potentialAction\":[{\"@type\":\"SearchAction\",\"target\":{\"@type\":\"EntryPoint\",\"urlTemplate\":\"https:\/\/ewb.lu\/en\/?s={search_term_string}\"},\"query-input\":{\"@type\":\"PropertyValueSpecification\",\"valueRequired\":true,\"valueName\":\"search_term_string\"}}],\"inLanguage\":\"en-US\"},{\"@type\":\"Organization\",\"@id\":\"https:\/\/ewb.lu\/en\/#organization\",\"name\":\"ErwuesseBildung Asbl\",\"alternateName\":\"EWB\",\"url\":\"https:\/\/ewb.lu\/en\/\",\"logo\":{\"@type\":\"ImageObject\",\"inLanguage\":\"en-US\",\"@id\":\"https:\/\/ewb.lu\/en\/#\/schema\/logo\/image\/\",\"url\":\"https:\/\/ewb.lu\/wp-content\/uploads\/2022\/11\/ewb-logo-header.svg\",\"contentUrl\":\"https:\/\/ewb.lu\/wp-content\/uploads\/2022\/11\/ewb-logo-header.svg\",\"width\":301,\"height\":38,\"caption\":\"ErwuesseBildung Asbl\"},\"image\":{\"@id\":\"https:\/\/ewb.lu\/en\/#\/schema\/logo\/image\/\"},\"sameAs\":[\"https:\/\/www.facebook.com\/ErwuesseBild\/\",\"https:\/\/lu.linkedin.com\/company\/erwuessebildung---formation-dadultes\",\"https:\/\/www.instagram.com\/erwuessebildung_asbl\/\"]}]}<\/script>\n<!-- \/ Yoast SEO plugin. -->","yoast_head_json":{"title":"AUSGEBUCHT: Matthias der Puppenrocker - EWB","robots":{"index":"index","follow":"follow","max-snippet":"max-snippet:-1","max-image-preview":"max-image-preview:large","max-video-preview":"max-video-preview:-1"},"canonical":"https:\/\/ewb.lu\/en\/event\/matthias-der-puppenrocker\/","og_locale":"en_US","og_type":"article","og_title":"AUSGEBUCHT: Matthias der Puppenrocker - EWB","og_description":"Bauchredner-Show f\u00fcr die ganze Familie. Das Event ist ausgebucht. Bitte nicht mehr anmelden!","og_url":"https:\/\/ewb.lu\/en\/event\/matthias-der-puppenrocker\/","og_site_name":"EWB","article_publisher":"https:\/\/www.facebook.com\/ErwuesseBild\/","article_modified_time":"2024-10-02T10:10:51+00:00","og_image":[{"width":1114,"height":1646,"url":"https:\/\/ewb.lu\/wp-content\/uploads\/2024\/06\/Bildschirmfoto-2024-06-25-um-11.46.19.jpg","type":"image\/jpeg"}],"twitter_card":"summary_large_image","twitter_misc":{"Est. reading time":"2 minutes"},"schema":{"@context":"https:\/\/schema.org","@graph":[{"@type":"WebPage","@id":"https:\/\/ewb.lu\/en\/event\/matthias-der-puppenrocker\/","url":"https:\/\/ewb.lu\/en\/event\/matthias-der-puppenrocker\/","name":"AUSGEBUCHT: Matthias der Puppenrocker - EWB","isPartOf":{"@id":"https:\/\/ewb.lu\/en\/#website"},"primaryImageOfPage":{"@id":"https:\/\/ewb.lu\/en\/event\/matthias-der-puppenrocker\/#primaryimage"},"image":{"@id":"https:\/\/ewb.lu\/en\/event\/matthias-der-puppenrocker\/#primaryimage"},"thumbnailUrl":"https:\/\/ewb.lu\/wp-content\/uploads\/2024\/06\/Bildschirmfoto-2024-06-25-um-11.46.19.jpg","datePublished":"2024-06-25T09:36:13+00:00","dateModified":"2024-10-02T10:10:51+00:00","breadcrumb":{"@id":"https:\/\/ewb.lu\/en\/event\/matthias-der-puppenrocker\/#breadcrumb"},"inLanguage":"en-US","potentialAction":[{"@type":"ReadAction","target":["https:\/\/ewb.lu\/en\/event\/matthias-der-puppenrocker\/"]}]},{"@type":"ImageObject","inLanguage":"en-US","@id":"https:\/\/ewb.lu\/en\/event\/matthias-der-puppenrocker\/#primaryimage","url":"https:\/\/ewb.lu\/wp-content\/uploads\/2024\/06\/Bildschirmfoto-2024-06-25-um-11.46.19.jpg","contentUrl":"https:\/\/ewb.lu\/wp-content\/uploads\/2024\/06\/Bildschirmfoto-2024-06-25-um-11.46.19.jpg","width":1114,"height":1646,"caption":"Matthias der Puppenrocker"},{"@type":"BreadcrumbList","@id":"https:\/\/ewb.lu\/en\/event\/matthias-der-puppenrocker\/#breadcrumb","itemListElement":[{"@type":"ListItem","position":1,"name":"Startseite","item":"https:\/\/ewb.lu\/en\/"},{"@type":"ListItem","position":2,"name":"AUSGEBUCHT: Matthias der Puppenrocker"}]},{"@type":"WebSite","@id":"https:\/\/ewb.lu\/en\/#website","url":"https:\/\/ewb.lu\/en\/","name":"EwB ErwuesseBildung","description":"ErwuesseBildung","publisher":{"@id":"https:\/\/ewb.lu\/en\/#organization"},"alternateName":"EWB","potentialAction":[{"@type":"SearchAction","target":{"@type":"EntryPoint","urlTemplate":"https:\/\/ewb.lu\/en\/?s={search_term_string}"},"query-input":{"@type":"PropertyValueSpecification","valueRequired":true,"valueName":"search_term_string"}}],"inLanguage":"en-US"},{"@type":"Organization","@id":"https:\/\/ewb.lu\/en\/#organization","name":"ErwuesseBildung Asbl","alternateName":"EWB","url":"https:\/\/ewb.lu\/en\/","logo":{"@type":"ImageObject","inLanguage":"en-US","@id":"https:\/\/ewb.lu\/en\/#\/schema\/logo\/image\/","url":"https:\/\/ewb.lu\/wp-content\/uploads\/2022\/11\/ewb-logo-header.svg","contentUrl":"https:\/\/ewb.lu\/wp-content\/uploads\/2022\/11\/ewb-logo-header.svg","width":301,"height":38,"caption":"ErwuesseBildung Asbl"},"image":{"@id":"https:\/\/ewb.lu\/en\/#\/schema\/logo\/image\/"},"sameAs":["https:\/\/www.facebook.com\/ErwuesseBild\/","https:\/\/lu.linkedin.com\/company\/erwuessebildung---formation-dadultes","https:\/\/www.instagram.com\/erwuessebildung_asbl\/"]}]}},"_links":{"self":[{"href":"https:\/\/ewb.lu\/en\/wp-json\/wp\/v2\/event\/10051","targetHints":{"allow":["GET"]}}],"collection":[{"href":"https:\/\/ewb.lu\/en\/wp-json\/wp\/v2\/event"}],"about":[{"href":"https:\/\/ewb.lu\/en\/wp-json\/wp\/v2\/types\/event"}],"version-history":[{"count":9,"href":"https:\/\/ewb.lu\/en\/wp-json\/wp\/v2\/event\/10051\/revisions"}],"predecessor-version":[{"id":12084,"href":"https:\/\/ewb.lu\/en\/wp-json\/wp\/v2\/event\/10051\/revisions\/12084"}],"wp:featuredmedia":[{"embeddable":true,"href":"https:\/\/ewb.lu\/en\/wp-json\/wp\/v2\/media\/10052"}],"wp:attachment":[{"href":"https:\/\/ewb.lu\/en\/wp-json\/wp\/v2\/media?parent=10051"}],"wp:term":[{"taxonomy":"program","embeddable":true,"href":"https:\/\/ewb.lu\/en\/wp-json\/wp\/v2\/program?post=10051"}],"curies":[{"name":"wp","href":"https:\/\/api.w.org\/{rel}","templated":true}]}}

<section class="wpb-content-wrapper"><p>[vc_row][vc_column][vc_column_text]</p>
<h3><span style="color: #f47f57;"><b>Bauchredner-Show für die ganze Familie</b></span></h3>
<p>Matthias kommt mit seinen sprechenden Puppen nach Luxemburg! Zusammen mit seinem Waschbären Rocco, Baby-Dino Fluffy, dem Eichhörnchen Siggi, dem Schimpansen Ronny und dem Zauberhasen regt der Künstler eine Stunde die Bauchmuskeln aber auch Hirnzellen der Zuschauer an. Dazu gibt es handgemachte Musik mit Ohrwurmpotenzial und magische Tricks!</p>
<p>In dieser Show wird gelacht und spielerisch Wissen vermittelt. Eine Veranstaltung für die ganze Familie! Verbringen Sie einen unterhaltsamen Vormittag in der ErwuesseBildung.</p>
<p><b>Die Sitzplätze können frei gewählt werden sind aber limitiert. Melden Sie sich rechtzeitig an! </b>Bitte geben Sie bei der Anmeldung die Anzahl der Personen und Alter der Kinder an.</p>
<p>Es gibt begrenzte Parkmöglichkeiten in den Seitenstraßen rund um die ErwuesseBildung. Mit öffentlichen Verkehrsmitteln sind wir gut zu erreichen. Die Bushaltestelle „Rheinsheim“ befindet sich direkt vor dem Gebäude. Die Straßenbahnhaltestelle „Hamilius“ ist nur einen kurzen Fußweg durch den Park entfernt. Sollten Sie noch weitere Fragen haben, dann melden Sie sich gerne bei uns.</p>
<p>Für mehr Infos über Matthias und s<span style="color: #000000;">eine Puppen finden Sie <a style="color: #000000;" href="https://puppenrocker.de"><span style="color: #72005f;">hier</span></a>.</span><u></u>[/vc_column_text][/vc_column][/vc_row][vc_row][vc_column css=&#8221;.vc_custom_1719308851620{padding-top: 20px !important;padding-right: 10px !important;padding-bottom: 10px !important;padding-left: 20px !important;background-color: #72005f !important;}&#8221;][vc_column_text]<span style="color: #eeebe7;">AUFGEPASST:</span> <strong><span style="color: #f47f57;">Die Show findet ein Mal von 10.30 bis 11.30 Uhr und ein Mal von 14.00 bis 15.00 Uhr statt.</span></strong> <span style="color: #eeebe7;">Bitte geben Sie bei der Anmeldung an, an welcher Show Sie interessiert sind.</span>[/vc_column_text][/vc_column][/vc_row][vc_row][vc_column][vc_column_text]<em>Foto (rechts) © Matthias Hüninghake</em>[/vc_column_text][/vc_column][/vc_row]</p>
</section>

<p>Bauchredner-Show für die ganze Familie. Das Event ist ausgebucht. Bitte nicht mehr anmelden!</p>

<!-- This site is optimized with the Yoast SEO plugin v27.1.1 - https://yoast.com/product/yoast-seo-wordpress/ -->
<title>AUSGEBUCHT: Matthias der Puppenrocker - EWB</title>
<meta name="robots" content="index, follow, max-snippet:-1, max-image-preview:large, max-video-preview:-1" />
<link rel="canonical" href="https://ewb.lu/en/event/matthias-der-puppenrocker/" />
<meta property="og:locale" content="en_US" />
<meta property="og:type" content="article" />
<meta property="og:title" content="AUSGEBUCHT: Matthias der Puppenrocker - EWB" />
<meta property="og:description" content="Bauchredner-Show für die ganze Familie. Das Event ist ausgebucht. Bitte nicht mehr anmelden!" />
<meta property="og:url" content="https://ewb.lu/en/event/matthias-der-puppenrocker/" />
<meta property="og:site_name" content="EWB" />
<meta property="article:publisher" content="https://www.facebook.com/ErwuesseBild/" />
<meta property="article:modified_time" content="2024-10-02T10:10:51+00:00" />
<meta property="og:image" content="https://ewb.lu/wp-content/uploads/2024/06/Bildschirmfoto-2024-06-25-um-11.46.19.jpg" />
	<meta property="og:image:width" content="1114" />
	<meta property="og:image:height" content="1646" />
	<meta property="og:image:type" content="image/jpeg" />
<meta name="twitter:card" content="summary_large_image" />
<meta name="twitter:label1" content="Est. reading time" />
	<meta name="twitter:data1" content="2 minutes" />
<script type="application/ld+json" class="yoast-schema-graph">{"@context":"https://schema.org","@graph":[{"@type":"WebPage","@id":"https://ewb.lu/en/event/matthias-der-puppenrocker/","url":"https://ewb.lu/en/event/matthias-der-puppenrocker/","name":"AUSGEBUCHT: Matthias der Puppenrocker - EWB","isPartOf":{"@id":"https://ewb.lu/en/#website"},"primaryImageOfPage":{"@id":"https://ewb.lu/en/event/matthias-der-puppenrocker/#primaryimage"},"image":{"@id":"https://ewb.lu/en/event/matthias-der-puppenrocker/#primaryimage"},"thumbnailUrl":"https://ewb.lu/wp-content/uploads/2024/06/Bildschirmfoto-2024-06-25-um-11.46.19.jpg","datePublished":"2024-06-25T09:36:13+00:00","dateModified":"2024-10-02T10:10:51+00:00","breadcrumb":{"@id":"https://ewb.lu/en/event/matthias-der-puppenrocker/#breadcrumb"},"inLanguage":"en-US","potentialAction":[{"@type":"ReadAction","target":["https://ewb.lu/en/event/matthias-der-puppenrocker/"]}]},{"@type":"ImageObject","inLanguage":"en-US","@id":"https://ewb.lu/en/event/matthias-der-puppenrocker/#primaryimage","url":"https://ewb.lu/wp-content/uploads/2024/06/Bildschirmfoto-2024-06-25-um-11.46.19.jpg","contentUrl":"https://ewb.lu/wp-content/uploads/2024/06/Bildschirmfoto-2024-06-25-um-11.46.19.jpg","width":1114,"height":1646,"caption":"Matthias der Puppenrocker"},{"@type":"BreadcrumbList","@id":"https://ewb.lu/en/event/matthias-der-puppenrocker/#breadcrumb","itemListElement":[{"@type":"ListItem","position":1,"name":"Startseite","item":"https://ewb.lu/en/"},{"@type":"ListItem","position":2,"name":"AUSGEBUCHT: Matthias der Puppenrocker"}]},{"@type":"WebSite","@id":"https://ewb.lu/en/#website","url":"https://ewb.lu/en/","name":"EwB ErwuesseBildung","description":"ErwuesseBildung","publisher":{"@id":"https://ewb.lu/en/#organization"},"alternateName":"EWB","potentialAction":[{"@type":"SearchAction","target":{"@type":"EntryPoint","urlTemplate":"https://ewb.lu/en/?s={search_term_string}"},"query-input":{"@type":"PropertyValueSpecification","valueRequired":true,"valueName":"search_term_string"}}],"inLanguage":"en-US"},{"@type":"Organization","@id":"https://ewb.lu/en/#organization","name":"ErwuesseBildung Asbl","alternateName":"EWB","url":"https://ewb.lu/en/","logo":{"@type":"ImageObject","inLanguage":"en-US","@id":"https://ewb.lu/en/#/schema/logo/image/","url":"https://ewb.lu/wp-content/uploads/2022/11/ewb-logo-header.svg","contentUrl":"https://ewb.lu/wp-content/uploads/2022/11/ewb-logo-header.svg","width":301,"height":38,"caption":"ErwuesseBildung Asbl"},"image":{"@id":"https://ewb.lu/en/#/schema/logo/image/"},"sameAs":["https://www.facebook.com/ErwuesseBild/","https://lu.linkedin.com/company/erwuessebildung---formation-dadultes","https://www.instagram.com/erwuessebildung_asbl/"]}]}</script>
<!-- / Yoast SEO plugin. -->

Bauchredner-Show für die ganze Familie. Das Event ist ausgebucht. Bitte nicht mehr anmelden!
