{"id":14182,"date":"2025-02-11T10:19:26","date_gmt":"2025-02-11T09:19:26","guid":{"rendered":"https:\/\/ewb.lu\/?post_type=event&#038;p=14182"},"modified":"2025-02-18T15:10:55","modified_gmt":"2025-02-18T14:10:55","slug":"das-digitale-selbst-im-surveillance-capitalism","status":"publish","type":"event","link":"https:\/\/ewb.lu\/en\/event\/das-digitale-selbst-im-surveillance-capitalism\/","title":{"rendered":"Das digitale Selbst im Surveillance Capitalism"},"content":{"rendered":"<section class=\"wpb-content-wrapper\"><p>[vc_row][vc_column][vc_column_text]<\/p>\n<h3><span style=\"color: #f47f57;\">VORTRAGSREIHE DER ARBEITSGRUPPE \u201eHUMANITIES AND RELIGION\u201c DER UNI.LU<\/span><\/h3>\n<p>Das symbolische Universum der Repr\u00e4sentation hat sich in den letzten 20 Jahren durch das Aufkommen sozialer Netzwerke massiv ver\u00e4ndert. Digital NativesDigital Natives sind heute konfrontiert mit einer nie endenden Flut von Bildern und Videos, die in ihrer Identit\u00e4tsbildung weitaus wirkm\u00e4chtiger erscheinen als traditionelle Medienformen. Was bedeutet das f\u00fcr die Herausbildung jener zentralen Fiktion des Selbst? Andreas Reckwitz spricht in seiner \u201eGesellschaft der Singularit\u00e4ten\u201c von einem Paradigmenwechsel, bei dem das Streben nach Einzigartigkeit nicht nur neue Formen des Wettbewerbs, sondern auch einen intensiven Prozess der Selbstkonstruktion bedingt.<span class=\"Apple-converted-space\">\u00a0<\/span><\/p>\n<p>Der Vortrag untersucht, wie visuelle Medien im neoliberalen Kontext zur Selbstinszenierung, -optimierung und -regulierung beitragen. Es soll gezeigt werden, wie der \u201eBlick des Anderen\u201c im digitalen Raum einen ambivalenten Identit\u00e4tsprozess initiiert, der sowohl den Anspruch auf individuelle Einzigartigkeit als auch die gleichzeitige Abh\u00e4ngigkeit von neoliberalen Normen und Vergleichsma\u00dfst\u00e4ben bef\u00f6rdert \u2013 ein permanentes Span-nungsfeld zwischen Selbstverwirklichung und normativer Selbstregulierung.[\/vc_column_text][vc_column_text]<strong><span style=\"color: #f47f57;\">REFERENT:<\/span><\/strong> <strong>Prof. Dr. Georg Mein<\/strong>, Fachbereich Geisteswissenschaften, Universit\u00e4t Luxemburg[\/vc_column_text][vc_separator][vc_column_text]<strong>Information &amp; Kontakt:<\/strong> <a href=\"&#109;&#x61;&#x69;l&#116;&#x6f;&#x3a;j&#101;&#x61;n&#45;&#x6d;&#x61;r&#105;&#x65;&#46;&#119;&#x65;&#x62;e&#114;&#x40;&#x75;&#110;&#x69;&#x2e;l&#117;\">Dr. Jean Marie Weber<\/a>[\/vc_column_text][\/vc_column][\/vc_row][vc_row][vc_column width=&#8221;1\/6&#8243;][\/vc_column][vc_column width=&#8221;2\/3&#8243;][vc_single_image image=&#8221;14187&#8243; img_size=&#8221;full&#8221; onclick=&#8221;custom_link&#8221; link=&#8221;https:\/\/ewb.lu\/wp-content\/uploads\/2025\/02\/Georg-Mein-20.02.2025.pdf&#8221;][\/vc_column][vc_column width=&#8221;1\/6&#8243;][\/vc_column][\/vc_row]<\/p>\n<\/section>","protected":false},"excerpt":{"rendered":"<p>Vortragsreihe der Arbeitsgruppe \u201eHumanities and Religion\u201c der Uni.lu<\/p>\n","protected":false},"featured_media":14183,"template":"","program":[112,70],"class_list":["post-14182","event","type-event","status-publish","has-post-thumbnail","hentry","program-gesellschaft-heute-2","program-philosophie-soziologie"],"acf":[],"yoast_head":"<!-- This site is optimized with the Yoast SEO plugin v27.1.1 - https:\/\/yoast.com\/product\/yoast-seo-wordpress\/ -->\n<title>Das digitale Selbst im Surveillance Capitalism - EWB<\/title>\n<meta name=\"robots\" content=\"index, follow, max-snippet:-1, max-image-preview:large, max-video-preview:-1\" \/>\n<link rel=\"canonical\" href=\"https:\/\/ewb.lu\/en\/event\/das-digitale-selbst-im-surveillance-capitalism\/\" \/>\n<meta property=\"og:locale\" content=\"en_US\" \/>\n<meta property=\"og:type\" content=\"article\" \/>\n<meta property=\"og:title\" content=\"Das digitale Selbst im Surveillance Capitalism - EWB\" \/>\n<meta property=\"og:description\" content=\"Vortragsreihe der Arbeitsgruppe \u201eHumanities and Religion\u201c der Uni.lu\" \/>\n<meta property=\"og:url\" content=\"https:\/\/ewb.lu\/en\/event\/das-digitale-selbst-im-surveillance-capitalism\/\" \/>\n<meta property=\"og:site_name\" content=\"EWB\" \/>\n<meta property=\"article:publisher\" content=\"https:\/\/www.facebook.com\/ErwuesseBild\/\" \/>\n<meta property=\"article:modified_time\" content=\"2025-02-18T14:10:55+00:00\" \/>\n<meta property=\"og:image\" content=\"https:\/\/ewb.lu\/wp-content\/uploads\/2025\/02\/Bildschirmfoto-2025-02-11-um-10.22.05.jpg\" \/>\n\t<meta property=\"og:image:width\" content=\"790\" \/>\n\t<meta property=\"og:image:height\" content=\"668\" \/>\n\t<meta property=\"og:image:type\" content=\"image\/jpeg\" \/>\n<meta name=\"twitter:card\" content=\"summary_large_image\" \/>\n<meta name=\"twitter:label1\" content=\"Est. reading time\" \/>\n\t<meta name=\"twitter:data1\" content=\"2 minutes\" \/>\n<script type=\"application\/ld+json\" class=\"yoast-schema-graph\">{\"@context\":\"https:\/\/schema.org\",\"@graph\":[{\"@type\":\"WebPage\",\"@id\":\"https:\/\/ewb.lu\/en\/event\/das-digitale-selbst-im-surveillance-capitalism\/\",\"url\":\"https:\/\/ewb.lu\/en\/event\/das-digitale-selbst-im-surveillance-capitalism\/\",\"name\":\"Das digitale Selbst im Surveillance Capitalism - EWB\",\"isPartOf\":{\"@id\":\"https:\/\/ewb.lu\/en\/#website\"},\"primaryImageOfPage\":{\"@id\":\"https:\/\/ewb.lu\/en\/event\/das-digitale-selbst-im-surveillance-capitalism\/#primaryimage\"},\"image\":{\"@id\":\"https:\/\/ewb.lu\/en\/event\/das-digitale-selbst-im-surveillance-capitalism\/#primaryimage\"},\"thumbnailUrl\":\"https:\/\/ewb.lu\/wp-content\/uploads\/2025\/02\/Bildschirmfoto-2025-02-11-um-10.22.05.jpg\",\"datePublished\":\"2025-02-11T09:19:26+00:00\",\"dateModified\":\"2025-02-18T14:10:55+00:00\",\"breadcrumb\":{\"@id\":\"https:\/\/ewb.lu\/en\/event\/das-digitale-selbst-im-surveillance-capitalism\/#breadcrumb\"},\"inLanguage\":\"en-US\",\"potentialAction\":[{\"@type\":\"ReadAction\",\"target\":[\"https:\/\/ewb.lu\/en\/event\/das-digitale-selbst-im-surveillance-capitalism\/\"]}]},{\"@type\":\"ImageObject\",\"inLanguage\":\"en-US\",\"@id\":\"https:\/\/ewb.lu\/en\/event\/das-digitale-selbst-im-surveillance-capitalism\/#primaryimage\",\"url\":\"https:\/\/ewb.lu\/wp-content\/uploads\/2025\/02\/Bildschirmfoto-2025-02-11-um-10.22.05.jpg\",\"contentUrl\":\"https:\/\/ewb.lu\/wp-content\/uploads\/2025\/02\/Bildschirmfoto-2025-02-11-um-10.22.05.jpg\",\"width\":790,\"height\":668},{\"@type\":\"BreadcrumbList\",\"@id\":\"https:\/\/ewb.lu\/en\/event\/das-digitale-selbst-im-surveillance-capitalism\/#breadcrumb\",\"itemListElement\":[{\"@type\":\"ListItem\",\"position\":1,\"name\":\"Startseite\",\"item\":\"https:\/\/ewb.lu\/en\/\"},{\"@type\":\"ListItem\",\"position\":2,\"name\":\"Das digitale Selbst im Surveillance Capitalism\"}]},{\"@type\":\"WebSite\",\"@id\":\"https:\/\/ewb.lu\/en\/#website\",\"url\":\"https:\/\/ewb.lu\/en\/\",\"name\":\"EwB ErwuesseBildung\",\"description\":\"ErwuesseBildung\",\"publisher\":{\"@id\":\"https:\/\/ewb.lu\/en\/#organization\"},\"alternateName\":\"EWB\",\"potentialAction\":[{\"@type\":\"SearchAction\",\"target\":{\"@type\":\"EntryPoint\",\"urlTemplate\":\"https:\/\/ewb.lu\/en\/?s={search_term_string}\"},\"query-input\":{\"@type\":\"PropertyValueSpecification\",\"valueRequired\":true,\"valueName\":\"search_term_string\"}}],\"inLanguage\":\"en-US\"},{\"@type\":\"Organization\",\"@id\":\"https:\/\/ewb.lu\/en\/#organization\",\"name\":\"ErwuesseBildung Asbl\",\"alternateName\":\"EWB\",\"url\":\"https:\/\/ewb.lu\/en\/\",\"logo\":{\"@type\":\"ImageObject\",\"inLanguage\":\"en-US\",\"@id\":\"https:\/\/ewb.lu\/en\/#\/schema\/logo\/image\/\",\"url\":\"https:\/\/ewb.lu\/wp-content\/uploads\/2022\/11\/ewb-logo-header.svg\",\"contentUrl\":\"https:\/\/ewb.lu\/wp-content\/uploads\/2022\/11\/ewb-logo-header.svg\",\"width\":301,\"height\":38,\"caption\":\"ErwuesseBildung Asbl\"},\"image\":{\"@id\":\"https:\/\/ewb.lu\/en\/#\/schema\/logo\/image\/\"},\"sameAs\":[\"https:\/\/www.facebook.com\/ErwuesseBild\/\",\"https:\/\/lu.linkedin.com\/company\/erwuessebildung---formation-dadultes\",\"https:\/\/www.instagram.com\/erwuessebildung_asbl\/\"]}]}<\/script>\n<!-- \/ Yoast SEO plugin. -->","yoast_head_json":{"title":"Das digitale Selbst im Surveillance Capitalism - EWB","robots":{"index":"index","follow":"follow","max-snippet":"max-snippet:-1","max-image-preview":"max-image-preview:large","max-video-preview":"max-video-preview:-1"},"canonical":"https:\/\/ewb.lu\/en\/event\/das-digitale-selbst-im-surveillance-capitalism\/","og_locale":"en_US","og_type":"article","og_title":"Das digitale Selbst im Surveillance Capitalism - EWB","og_description":"Vortragsreihe der Arbeitsgruppe \u201eHumanities and Religion\u201c der Uni.lu","og_url":"https:\/\/ewb.lu\/en\/event\/das-digitale-selbst-im-surveillance-capitalism\/","og_site_name":"EWB","article_publisher":"https:\/\/www.facebook.com\/ErwuesseBild\/","article_modified_time":"2025-02-18T14:10:55+00:00","og_image":[{"width":790,"height":668,"url":"https:\/\/ewb.lu\/wp-content\/uploads\/2025\/02\/Bildschirmfoto-2025-02-11-um-10.22.05.jpg","type":"image\/jpeg"}],"twitter_card":"summary_large_image","twitter_misc":{"Est. reading time":"2 minutes"},"schema":{"@context":"https:\/\/schema.org","@graph":[{"@type":"WebPage","@id":"https:\/\/ewb.lu\/en\/event\/das-digitale-selbst-im-surveillance-capitalism\/","url":"https:\/\/ewb.lu\/en\/event\/das-digitale-selbst-im-surveillance-capitalism\/","name":"Das digitale Selbst im Surveillance Capitalism - EWB","isPartOf":{"@id":"https:\/\/ewb.lu\/en\/#website"},"primaryImageOfPage":{"@id":"https:\/\/ewb.lu\/en\/event\/das-digitale-selbst-im-surveillance-capitalism\/#primaryimage"},"image":{"@id":"https:\/\/ewb.lu\/en\/event\/das-digitale-selbst-im-surveillance-capitalism\/#primaryimage"},"thumbnailUrl":"https:\/\/ewb.lu\/wp-content\/uploads\/2025\/02\/Bildschirmfoto-2025-02-11-um-10.22.05.jpg","datePublished":"2025-02-11T09:19:26+00:00","dateModified":"2025-02-18T14:10:55+00:00","breadcrumb":{"@id":"https:\/\/ewb.lu\/en\/event\/das-digitale-selbst-im-surveillance-capitalism\/#breadcrumb"},"inLanguage":"en-US","potentialAction":[{"@type":"ReadAction","target":["https:\/\/ewb.lu\/en\/event\/das-digitale-selbst-im-surveillance-capitalism\/"]}]},{"@type":"ImageObject","inLanguage":"en-US","@id":"https:\/\/ewb.lu\/en\/event\/das-digitale-selbst-im-surveillance-capitalism\/#primaryimage","url":"https:\/\/ewb.lu\/wp-content\/uploads\/2025\/02\/Bildschirmfoto-2025-02-11-um-10.22.05.jpg","contentUrl":"https:\/\/ewb.lu\/wp-content\/uploads\/2025\/02\/Bildschirmfoto-2025-02-11-um-10.22.05.jpg","width":790,"height":668},{"@type":"BreadcrumbList","@id":"https:\/\/ewb.lu\/en\/event\/das-digitale-selbst-im-surveillance-capitalism\/#breadcrumb","itemListElement":[{"@type":"ListItem","position":1,"name":"Startseite","item":"https:\/\/ewb.lu\/en\/"},{"@type":"ListItem","position":2,"name":"Das digitale Selbst im Surveillance Capitalism"}]},{"@type":"WebSite","@id":"https:\/\/ewb.lu\/en\/#website","url":"https:\/\/ewb.lu\/en\/","name":"EwB ErwuesseBildung","description":"ErwuesseBildung","publisher":{"@id":"https:\/\/ewb.lu\/en\/#organization"},"alternateName":"EWB","potentialAction":[{"@type":"SearchAction","target":{"@type":"EntryPoint","urlTemplate":"https:\/\/ewb.lu\/en\/?s={search_term_string}"},"query-input":{"@type":"PropertyValueSpecification","valueRequired":true,"valueName":"search_term_string"}}],"inLanguage":"en-US"},{"@type":"Organization","@id":"https:\/\/ewb.lu\/en\/#organization","name":"ErwuesseBildung Asbl","alternateName":"EWB","url":"https:\/\/ewb.lu\/en\/","logo":{"@type":"ImageObject","inLanguage":"en-US","@id":"https:\/\/ewb.lu\/en\/#\/schema\/logo\/image\/","url":"https:\/\/ewb.lu\/wp-content\/uploads\/2022\/11\/ewb-logo-header.svg","contentUrl":"https:\/\/ewb.lu\/wp-content\/uploads\/2022\/11\/ewb-logo-header.svg","width":301,"height":38,"caption":"ErwuesseBildung Asbl"},"image":{"@id":"https:\/\/ewb.lu\/en\/#\/schema\/logo\/image\/"},"sameAs":["https:\/\/www.facebook.com\/ErwuesseBild\/","https:\/\/lu.linkedin.com\/company\/erwuessebildung---formation-dadultes","https:\/\/www.instagram.com\/erwuessebildung_asbl\/"]}]}},"_links":{"self":[{"href":"https:\/\/ewb.lu\/en\/wp-json\/wp\/v2\/event\/14182","targetHints":{"allow":["GET"]}}],"collection":[{"href":"https:\/\/ewb.lu\/en\/wp-json\/wp\/v2\/event"}],"about":[{"href":"https:\/\/ewb.lu\/en\/wp-json\/wp\/v2\/types\/event"}],"version-history":[{"count":3,"href":"https:\/\/ewb.lu\/en\/wp-json\/wp\/v2\/event\/14182\/revisions"}],"predecessor-version":[{"id":14472,"href":"https:\/\/ewb.lu\/en\/wp-json\/wp\/v2\/event\/14182\/revisions\/14472"}],"wp:featuredmedia":[{"embeddable":true,"href":"https:\/\/ewb.lu\/en\/wp-json\/wp\/v2\/media\/14183"}],"wp:attachment":[{"href":"https:\/\/ewb.lu\/en\/wp-json\/wp\/v2\/media?parent=14182"}],"wp:term":[{"taxonomy":"program","embeddable":true,"href":"https:\/\/ewb.lu\/en\/wp-json\/wp\/v2\/program?post=14182"}],"curies":[{"name":"wp","href":"https:\/\/api.w.org\/{rel}","templated":true}]}}

<section class="wpb-content-wrapper"><p>[vc_row][vc_column][vc_column_text]</p>
<h3><span style="color: #f47f57;">VORTRAGSREIHE DER ARBEITSGRUPPE „HUMANITIES AND RELIGION“ DER UNI.LU</span></h3>
<p>Das symbolische Universum der Repräsentation hat sich in den letzten 20 Jahren durch das Aufkommen sozialer Netzwerke massiv verändert. Digital NativesDigital Natives sind heute konfrontiert mit einer nie endenden Flut von Bildern und Videos, die in ihrer Identitätsbildung weitaus wirkmächtiger erscheinen als traditionelle Medienformen. Was bedeutet das für die Herausbildung jener zentralen Fiktion des Selbst? Andreas Reckwitz spricht in seiner „Gesellschaft der Singularitäten“ von einem Paradigmenwechsel, bei dem das Streben nach Einzigartigkeit nicht nur neue Formen des Wettbewerbs, sondern auch einen intensiven Prozess der Selbstkonstruktion bedingt.<span class="Apple-converted-space"> </span></p>
<p>Der Vortrag untersucht, wie visuelle Medien im neoliberalen Kontext zur Selbstinszenierung, -optimierung und -regulierung beitragen. Es soll gezeigt werden, wie der „Blick des Anderen“ im digitalen Raum einen ambivalenten Identitätsprozess initiiert, der sowohl den Anspruch auf individuelle Einzigartigkeit als auch die gleichzeitige Abhängigkeit von neoliberalen Normen und Vergleichsmaßstäben befördert – ein permanentes Span-nungsfeld zwischen Selbstverwirklichung und normativer Selbstregulierung.[/vc_column_text][vc_column_text]<strong><span style="color: #f47f57;">REFERENT:</span></strong> <strong>Prof. Dr. Georg Mein</strong>, Fachbereich Geisteswissenschaften, Universität Luxemburg[/vc_column_text][vc_separator][vc_column_text]<strong>Information &amp; Kontakt:</strong> <a href="&#109;&#x61;&#x69;l&#116;&#x6f;&#x3a;j&#101;&#x61;n&#45;&#x6d;&#x61;r&#105;&#x65;&#46;&#119;&#x65;&#x62;e&#114;&#x40;&#x75;&#110;&#x69;&#x2e;l&#117;">Dr. Jean Marie Weber</a>[/vc_column_text][/vc_column][/vc_row][vc_row][vc_column width=&#8221;1/6&#8243;][/vc_column][vc_column width=&#8221;2/3&#8243;][vc_single_image image=&#8221;14187&#8243; img_size=&#8221;full&#8221; onclick=&#8221;custom_link&#8221; link=&#8221;https://ewb.lu/wp-content/uploads/2025/02/Georg-Mein-20.02.2025.pdf&#8221;][/vc_column][vc_column width=&#8221;1/6&#8243;][/vc_column][/vc_row]</p>
</section>
