{"id":15928,"date":"2025-02-18T12:24:41","date_gmt":"2025-02-18T11:24:41","guid":{"rendered":"https:\/\/ewb.lu\/event\/die-walddetektive-4\/"},"modified":"2025-04-30T15:56:15","modified_gmt":"2025-04-30T13:56:15","slug":"die-walddetektive-4","status":"publish","type":"event","link":"https:\/\/ewb.lu\/en\/event\/die-walddetektive-4\/","title":{"rendered":"Die Walddetektive"},"content":{"rendered":"<h2 style=\"font-weight: 400;\"><strong><span style=\"color: #f47f57;\"><em>Ausflug in den Wald<\/em><\/span><\/strong><\/h2>\n<p style=\"font-weight: 400;\">Samstagvormittags geht es mit Mama, Papa oder den Gro\u00dfeltern in den Wald. Da gibt es viel zu entdecken. Wir begeben uns auf die Suche nach den Geheimnissen des Waldes. <strong>Spiele, Aktionen und Geschichten f\u00fcr Gro\u00df und Klein begleiten die Veranstaltung.<\/strong><\/p>\n<h3><span style=\"color: #72005f;\"><em>Eiche, Buche und Co.<\/em><\/span><\/h3>\n<p style=\"font-weight: 400;\">Ist das eine Eiche oder eine Buche? Eine Fichte oder eine Tanne? Wir lernen allerlei Wissenswertes \u00fcber B\u00e4ume, h\u00f6ren eine Baumgeschichte und lernen B\u00e4ume mit allen Sinnen kennen.<\/p>\n<p style=\"font-weight: 400;\">\n","protected":false},"excerpt":{"rendered":"<p>Eiche, Buche und Co.<\/p>\n","protected":false},"featured_media":14426,"template":"","program":[98,205],"class_list":["post-15928","event","type-event","status-publish","has-post-thumbnail","hentry","program-growing-together-en","program-nature"],"acf":[],"yoast_head":"<!-- This site is optimized with the Yoast SEO plugin v27.1.1 - https:\/\/yoast.com\/product\/yoast-seo-wordpress\/ -->\n<title>Die Walddetektive - EWB<\/title>\n<meta name=\"robots\" content=\"index, follow, max-snippet:-1, max-image-preview:large, max-video-preview:-1\" \/>\n<link rel=\"canonical\" href=\"https:\/\/ewb.lu\/en\/event\/die-walddetektive-4\/\" \/>\n<meta property=\"og:locale\" content=\"en_US\" \/>\n<meta property=\"og:type\" content=\"article\" \/>\n<meta property=\"og:title\" content=\"Die Walddetektive - EWB\" \/>\n<meta property=\"og:description\" content=\"Eiche, Buche und Co.\" \/>\n<meta property=\"og:url\" content=\"https:\/\/ewb.lu\/en\/event\/die-walddetektive-4\/\" \/>\n<meta property=\"og:site_name\" content=\"EWB\" \/>\n<meta property=\"article:publisher\" content=\"https:\/\/www.facebook.com\/ErwuesseBild\/\" \/>\n<meta property=\"article:modified_time\" content=\"2025-04-30T13:56:15+00:00\" \/>\n<meta property=\"og:image\" content=\"https:\/\/ewb.lu\/wp-content\/uploads\/2025\/02\/Walddetektive_26.7.25-scaled.jpeg\" \/>\n\t<meta property=\"og:image:width\" content=\"2560\" \/>\n\t<meta property=\"og:image:height\" content=\"1707\" \/>\n\t<meta property=\"og:image:type\" content=\"image\/jpeg\" \/>\n<meta name=\"twitter:card\" content=\"summary_large_image\" \/>\n<script type=\"application\/ld+json\" class=\"yoast-schema-graph\">{\"@context\":\"https:\/\/schema.org\",\"@graph\":[{\"@type\":\"WebPage\",\"@id\":\"https:\/\/ewb.lu\/en\/event\/die-walddetektive-4\/\",\"url\":\"https:\/\/ewb.lu\/en\/event\/die-walddetektive-4\/\",\"name\":\"Die Walddetektive - EWB\",\"isPartOf\":{\"@id\":\"https:\/\/ewb.lu\/en\/#website\"},\"primaryImageOfPage\":{\"@id\":\"https:\/\/ewb.lu\/en\/event\/die-walddetektive-4\/#primaryimage\"},\"image\":{\"@id\":\"https:\/\/ewb.lu\/en\/event\/die-walddetektive-4\/#primaryimage\"},\"thumbnailUrl\":\"https:\/\/ewb.lu\/wp-content\/uploads\/2025\/02\/Walddetektive_26.7.25-scaled.jpeg\",\"datePublished\":\"2025-02-18T11:24:41+00:00\",\"dateModified\":\"2025-04-30T13:56:15+00:00\",\"breadcrumb\":{\"@id\":\"https:\/\/ewb.lu\/en\/event\/die-walddetektive-4\/#breadcrumb\"},\"inLanguage\":\"en-US\",\"potentialAction\":[{\"@type\":\"ReadAction\",\"target\":[\"https:\/\/ewb.lu\/en\/event\/die-walddetektive-4\/\"]}]},{\"@type\":\"ImageObject\",\"inLanguage\":\"en-US\",\"@id\":\"https:\/\/ewb.lu\/en\/event\/die-walddetektive-4\/#primaryimage\",\"url\":\"https:\/\/ewb.lu\/wp-content\/uploads\/2025\/02\/Walddetektive_26.7.25-scaled.jpeg\",\"contentUrl\":\"https:\/\/ewb.lu\/wp-content\/uploads\/2025\/02\/Walddetektive_26.7.25-scaled.jpeg\",\"width\":2560,\"height\":1707,\"caption\":\"A child hugging tree with love ,Generative AI.\"},{\"@type\":\"BreadcrumbList\",\"@id\":\"https:\/\/ewb.lu\/en\/event\/die-walddetektive-4\/#breadcrumb\",\"itemListElement\":[{\"@type\":\"ListItem\",\"position\":1,\"name\":\"Startseite\",\"item\":\"https:\/\/ewb.lu\/en\/\"},{\"@type\":\"ListItem\",\"position\":2,\"name\":\"Die Walddetektive\"}]},{\"@type\":\"WebSite\",\"@id\":\"https:\/\/ewb.lu\/en\/#website\",\"url\":\"https:\/\/ewb.lu\/en\/\",\"name\":\"EwB ErwuesseBildung\",\"description\":\"ErwuesseBildung\",\"publisher\":{\"@id\":\"https:\/\/ewb.lu\/en\/#organization\"},\"alternateName\":\"EWB\",\"potentialAction\":[{\"@type\":\"SearchAction\",\"target\":{\"@type\":\"EntryPoint\",\"urlTemplate\":\"https:\/\/ewb.lu\/en\/?s={search_term_string}\"},\"query-input\":{\"@type\":\"PropertyValueSpecification\",\"valueRequired\":true,\"valueName\":\"search_term_string\"}}],\"inLanguage\":\"en-US\"},{\"@type\":\"Organization\",\"@id\":\"https:\/\/ewb.lu\/en\/#organization\",\"name\":\"ErwuesseBildung Asbl\",\"alternateName\":\"EWB\",\"url\":\"https:\/\/ewb.lu\/en\/\",\"logo\":{\"@type\":\"ImageObject\",\"inLanguage\":\"en-US\",\"@id\":\"https:\/\/ewb.lu\/en\/#\/schema\/logo\/image\/\",\"url\":\"https:\/\/ewb.lu\/wp-content\/uploads\/2022\/11\/ewb-logo-header.svg\",\"contentUrl\":\"https:\/\/ewb.lu\/wp-content\/uploads\/2022\/11\/ewb-logo-header.svg\",\"width\":301,\"height\":38,\"caption\":\"ErwuesseBildung Asbl\"},\"image\":{\"@id\":\"https:\/\/ewb.lu\/en\/#\/schema\/logo\/image\/\"},\"sameAs\":[\"https:\/\/www.facebook.com\/ErwuesseBild\/\",\"https:\/\/lu.linkedin.com\/company\/erwuessebildung---formation-dadultes\",\"https:\/\/www.instagram.com\/erwuessebildung_asbl\/\"]}]}<\/script>\n<!-- \/ Yoast SEO plugin. -->","yoast_head_json":{"title":"Die Walddetektive - EWB","robots":{"index":"index","follow":"follow","max-snippet":"max-snippet:-1","max-image-preview":"max-image-preview:large","max-video-preview":"max-video-preview:-1"},"canonical":"https:\/\/ewb.lu\/en\/event\/die-walddetektive-4\/","og_locale":"en_US","og_type":"article","og_title":"Die Walddetektive - EWB","og_description":"Eiche, Buche und Co.","og_url":"https:\/\/ewb.lu\/en\/event\/die-walddetektive-4\/","og_site_name":"EWB","article_publisher":"https:\/\/www.facebook.com\/ErwuesseBild\/","article_modified_time":"2025-04-30T13:56:15+00:00","og_image":[{"width":2560,"height":1707,"url":"https:\/\/ewb.lu\/wp-content\/uploads\/2025\/02\/Walddetektive_26.7.25-scaled.jpeg","type":"image\/jpeg"}],"twitter_card":"summary_large_image","schema":{"@context":"https:\/\/schema.org","@graph":[{"@type":"WebPage","@id":"https:\/\/ewb.lu\/en\/event\/die-walddetektive-4\/","url":"https:\/\/ewb.lu\/en\/event\/die-walddetektive-4\/","name":"Die Walddetektive - EWB","isPartOf":{"@id":"https:\/\/ewb.lu\/en\/#website"},"primaryImageOfPage":{"@id":"https:\/\/ewb.lu\/en\/event\/die-walddetektive-4\/#primaryimage"},"image":{"@id":"https:\/\/ewb.lu\/en\/event\/die-walddetektive-4\/#primaryimage"},"thumbnailUrl":"https:\/\/ewb.lu\/wp-content\/uploads\/2025\/02\/Walddetektive_26.7.25-scaled.jpeg","datePublished":"2025-02-18T11:24:41+00:00","dateModified":"2025-04-30T13:56:15+00:00","breadcrumb":{"@id":"https:\/\/ewb.lu\/en\/event\/die-walddetektive-4\/#breadcrumb"},"inLanguage":"en-US","potentialAction":[{"@type":"ReadAction","target":["https:\/\/ewb.lu\/en\/event\/die-walddetektive-4\/"]}]},{"@type":"ImageObject","inLanguage":"en-US","@id":"https:\/\/ewb.lu\/en\/event\/die-walddetektive-4\/#primaryimage","url":"https:\/\/ewb.lu\/wp-content\/uploads\/2025\/02\/Walddetektive_26.7.25-scaled.jpeg","contentUrl":"https:\/\/ewb.lu\/wp-content\/uploads\/2025\/02\/Walddetektive_26.7.25-scaled.jpeg","width":2560,"height":1707,"caption":"A child hugging tree with love ,Generative AI."},{"@type":"BreadcrumbList","@id":"https:\/\/ewb.lu\/en\/event\/die-walddetektive-4\/#breadcrumb","itemListElement":[{"@type":"ListItem","position":1,"name":"Startseite","item":"https:\/\/ewb.lu\/en\/"},{"@type":"ListItem","position":2,"name":"Die Walddetektive"}]},{"@type":"WebSite","@id":"https:\/\/ewb.lu\/en\/#website","url":"https:\/\/ewb.lu\/en\/","name":"EwB ErwuesseBildung","description":"ErwuesseBildung","publisher":{"@id":"https:\/\/ewb.lu\/en\/#organization"},"alternateName":"EWB","potentialAction":[{"@type":"SearchAction","target":{"@type":"EntryPoint","urlTemplate":"https:\/\/ewb.lu\/en\/?s={search_term_string}"},"query-input":{"@type":"PropertyValueSpecification","valueRequired":true,"valueName":"search_term_string"}}],"inLanguage":"en-US"},{"@type":"Organization","@id":"https:\/\/ewb.lu\/en\/#organization","name":"ErwuesseBildung Asbl","alternateName":"EWB","url":"https:\/\/ewb.lu\/en\/","logo":{"@type":"ImageObject","inLanguage":"en-US","@id":"https:\/\/ewb.lu\/en\/#\/schema\/logo\/image\/","url":"https:\/\/ewb.lu\/wp-content\/uploads\/2022\/11\/ewb-logo-header.svg","contentUrl":"https:\/\/ewb.lu\/wp-content\/uploads\/2022\/11\/ewb-logo-header.svg","width":301,"height":38,"caption":"ErwuesseBildung Asbl"},"image":{"@id":"https:\/\/ewb.lu\/en\/#\/schema\/logo\/image\/"},"sameAs":["https:\/\/www.facebook.com\/ErwuesseBild\/","https:\/\/lu.linkedin.com\/company\/erwuessebildung---formation-dadultes","https:\/\/www.instagram.com\/erwuessebildung_asbl\/"]}]}},"_links":{"self":[{"href":"https:\/\/ewb.lu\/en\/wp-json\/wp\/v2\/event\/15928","targetHints":{"allow":["GET"]}}],"collection":[{"href":"https:\/\/ewb.lu\/en\/wp-json\/wp\/v2\/event"}],"about":[{"href":"https:\/\/ewb.lu\/en\/wp-json\/wp\/v2\/types\/event"}],"version-history":[{"count":1,"href":"https:\/\/ewb.lu\/en\/wp-json\/wp\/v2\/event\/15928\/revisions"}],"predecessor-version":[{"id":15930,"href":"https:\/\/ewb.lu\/en\/wp-json\/wp\/v2\/event\/15928\/revisions\/15930"}],"wp:featuredmedia":[{"embeddable":true,"href":"https:\/\/ewb.lu\/en\/wp-json\/wp\/v2\/media\/14426"}],"wp:attachment":[{"href":"https:\/\/ewb.lu\/en\/wp-json\/wp\/v2\/media?parent=15928"}],"wp:term":[{"taxonomy":"program","embeddable":true,"href":"https:\/\/ewb.lu\/en\/wp-json\/wp\/v2\/program?post=15928"}],"curies":[{"name":"wp","href":"https:\/\/api.w.org\/{rel}","templated":true}]}}

<h2 style="font-weight: 400;"><strong><span style="color: #f47f57;"><em>Ausflug in den Wald</em></span></strong></h2>
<p style="font-weight: 400;">Samstagvormittags geht es mit Mama, Papa oder den Großeltern in den Wald. Da gibt es viel zu entdecken. Wir begeben uns auf die Suche nach den Geheimnissen des Waldes. <strong>Spiele, Aktionen und Geschichten für Groß und Klein begleiten die Veranstaltung.</strong></p>
<h3><span style="color: #72005f;"><em>Eiche, Buche und Co.</em></span></h3>
<p style="font-weight: 400;">Ist das eine Eiche oder eine Buche? Eine Fichte oder eine Tanne? Wir lernen allerlei Wissenswertes über Bäume, hören eine Baumgeschichte und lernen Bäume mit allen Sinnen kennen.</p>
<p style="font-weight: 400;">
