{"id":20918,"date":"2026-04-09T11:14:48","date_gmt":"2026-04-09T09:14:48","guid":{"rendered":"https:\/\/ewb.lu\/?post_type=event&#038;p=20918"},"modified":"2026-04-27T11:02:31","modified_gmt":"2026-04-27T09:02:31","slug":"vorstellung-des-ki-kompass","status":"publish","type":"event","link":"https:\/\/ewb.lu\/en\/event\/vorstellung-des-ki-kompass\/","title":{"rendered":"Virstellung vum KI-Kompass"},"content":{"rendered":"<section class=\"wpb-content-wrapper\"><p>[vc_row][vc_column][vc_column_text]<strong>Info-Owend<\/strong><\/p>\n<p>De KI-Kompass (<a href=\"https:\/\/ki-kompass.lu\">ki-kompass.lu<\/a>) ass d\u00e9i zentral national Plattform vum Bildungsminist\u00e8re (MENJE) a vum SCRIPT (Service de Coordination \u00a0de la Recherche et de l\u2019Innovation p\u00e9dagogique et technologique) fir d\u2019<strong>Begleedung vum digitale Wandel an de Schoulen<\/strong>. Et ass sou eppes w\u00e9i e Weeweiser fir de Bidlungssecteur, fir d&#8217;K\u00ebnschtlech Intelligenz net just technesch, mee och pedagogesch s\u00e9cher anzesetzen.<\/p>\n<p>D\u2019<strong>Daniela Hau<\/strong> (SCRIPT, division de l\u2019innovation p\u00e9dagogique et technologique) k\u00ebnnt an d\u2019EwB, fir d\u2019Funktiounen an d\u2019Iddi vun der neier Plattform KI-Kompass.lu virzestellen. No enger Intro a Presentatioun diskut\u00e9iere mir gemeinsam iwwert di praktesch Uwendung vun de KI-Leitlinnen zu L\u00ebtzebuerg: <strong>Et ass Plaz fir kritesch Froen a Feedback.<\/strong>[\/vc_column_text][\/vc_column][\/vc_row][vc_row][vc_column][vc_empty_space][\/vc_column][\/vc_row]<\/p>\n<\/section>","protected":false},"excerpt":{"rendered":"<p>Info-Owend mat Austausch<\/p>\n","protected":false},"featured_media":20974,"template":"","program":[112,36],"class_list":["post-20918","event","type-event","status-publish","has-post-thumbnail","hentry","program-gesellschaft-heute-2","program-growing-together"],"acf":[],"yoast_head":"<!-- This site is optimized with the Yoast SEO plugin v27.1.1 - https:\/\/yoast.com\/product\/yoast-seo-wordpress\/ -->\n<title>Virstellung vum KI-Kompass - EWB<\/title>\n<meta name=\"robots\" content=\"index, follow, max-snippet:-1, max-image-preview:large, max-video-preview:-1\" \/>\n<link rel=\"canonical\" href=\"https:\/\/ewb.lu\/en\/event\/vorstellung-des-ki-kompass\/\" \/>\n<meta property=\"og:locale\" content=\"en_US\" \/>\n<meta property=\"og:type\" content=\"article\" \/>\n<meta property=\"og:title\" content=\"Virstellung vum KI-Kompass - EWB\" \/>\n<meta property=\"og:description\" content=\"Info-Owend mat Austausch\" \/>\n<meta property=\"og:url\" content=\"https:\/\/ewb.lu\/en\/event\/vorstellung-des-ki-kompass\/\" \/>\n<meta property=\"og:site_name\" content=\"EWB\" \/>\n<meta property=\"article:publisher\" content=\"https:\/\/www.facebook.com\/ErwuesseBild\/\" \/>\n<meta property=\"article:modified_time\" content=\"2026-04-27T09:02:31+00:00\" \/>\n<meta property=\"og:image\" content=\"https:\/\/ewb.lu\/wp-content\/uploads\/2026\/04\/Bildschirmfoto-2026-04-22-um-15.39.13.png\" \/>\n\t<meta property=\"og:image:width\" content=\"772\" \/>\n\t<meta property=\"og:image:height\" content=\"608\" \/>\n\t<meta property=\"og:image:type\" content=\"image\/png\" \/>\n<meta name=\"twitter:card\" content=\"summary_large_image\" \/>\n<meta name=\"twitter:label1\" content=\"Est. reading time\" \/>\n\t<meta name=\"twitter:data1\" content=\"1 minute\" \/>\n<script type=\"application\/ld+json\" class=\"yoast-schema-graph\">{\"@context\":\"https:\/\/schema.org\",\"@graph\":[{\"@type\":\"WebPage\",\"@id\":\"https:\/\/ewb.lu\/en\/event\/vorstellung-des-ki-kompass\/\",\"url\":\"https:\/\/ewb.lu\/en\/event\/vorstellung-des-ki-kompass\/\",\"name\":\"Virstellung vum KI-Kompass - EWB\",\"isPartOf\":{\"@id\":\"https:\/\/ewb.lu\/en\/#website\"},\"primaryImageOfPage\":{\"@id\":\"https:\/\/ewb.lu\/en\/event\/vorstellung-des-ki-kompass\/#primaryimage\"},\"image\":{\"@id\":\"https:\/\/ewb.lu\/en\/event\/vorstellung-des-ki-kompass\/#primaryimage\"},\"thumbnailUrl\":\"https:\/\/ewb.lu\/wp-content\/uploads\/2026\/04\/Bildschirmfoto-2026-04-22-um-15.39.13.png\",\"datePublished\":\"2026-04-09T09:14:48+00:00\",\"dateModified\":\"2026-04-27T09:02:31+00:00\",\"breadcrumb\":{\"@id\":\"https:\/\/ewb.lu\/en\/event\/vorstellung-des-ki-kompass\/#breadcrumb\"},\"inLanguage\":\"en-US\",\"potentialAction\":[{\"@type\":\"ReadAction\",\"target\":[\"https:\/\/ewb.lu\/en\/event\/vorstellung-des-ki-kompass\/\"]}]},{\"@type\":\"ImageObject\",\"inLanguage\":\"en-US\",\"@id\":\"https:\/\/ewb.lu\/en\/event\/vorstellung-des-ki-kompass\/#primaryimage\",\"url\":\"https:\/\/ewb.lu\/wp-content\/uploads\/2026\/04\/Bildschirmfoto-2026-04-22-um-15.39.13.png\",\"contentUrl\":\"https:\/\/ewb.lu\/wp-content\/uploads\/2026\/04\/Bildschirmfoto-2026-04-22-um-15.39.13.png\",\"width\":772,\"height\":608},{\"@type\":\"BreadcrumbList\",\"@id\":\"https:\/\/ewb.lu\/en\/event\/vorstellung-des-ki-kompass\/#breadcrumb\",\"itemListElement\":[{\"@type\":\"ListItem\",\"position\":1,\"name\":\"Startseite\",\"item\":\"https:\/\/ewb.lu\/en\/\"},{\"@type\":\"ListItem\",\"position\":2,\"name\":\"Virstellung vum KI-Kompass\"}]},{\"@type\":\"WebSite\",\"@id\":\"https:\/\/ewb.lu\/en\/#website\",\"url\":\"https:\/\/ewb.lu\/en\/\",\"name\":\"EwB ErwuesseBildung\",\"description\":\"ErwuesseBildung\",\"publisher\":{\"@id\":\"https:\/\/ewb.lu\/en\/#organization\"},\"alternateName\":\"EWB\",\"potentialAction\":[{\"@type\":\"SearchAction\",\"target\":{\"@type\":\"EntryPoint\",\"urlTemplate\":\"https:\/\/ewb.lu\/en\/?s={search_term_string}\"},\"query-input\":{\"@type\":\"PropertyValueSpecification\",\"valueRequired\":true,\"valueName\":\"search_term_string\"}}],\"inLanguage\":\"en-US\"},{\"@type\":\"Organization\",\"@id\":\"https:\/\/ewb.lu\/en\/#organization\",\"name\":\"ErwuesseBildung Asbl\",\"alternateName\":\"EWB\",\"url\":\"https:\/\/ewb.lu\/en\/\",\"logo\":{\"@type\":\"ImageObject\",\"inLanguage\":\"en-US\",\"@id\":\"https:\/\/ewb.lu\/en\/#\/schema\/logo\/image\/\",\"url\":\"https:\/\/ewb.lu\/wp-content\/uploads\/2022\/11\/ewb-logo-header.svg\",\"contentUrl\":\"https:\/\/ewb.lu\/wp-content\/uploads\/2022\/11\/ewb-logo-header.svg\",\"width\":301,\"height\":38,\"caption\":\"ErwuesseBildung Asbl\"},\"image\":{\"@id\":\"https:\/\/ewb.lu\/en\/#\/schema\/logo\/image\/\"},\"sameAs\":[\"https:\/\/www.facebook.com\/ErwuesseBild\/\",\"https:\/\/lu.linkedin.com\/company\/erwuessebildung---formation-dadultes\",\"https:\/\/www.instagram.com\/erwuessebildung_asbl\/\"]}]}<\/script>\n<!-- \/ Yoast SEO plugin. -->","yoast_head_json":{"title":"Virstellung vum KI-Kompass - EWB","robots":{"index":"index","follow":"follow","max-snippet":"max-snippet:-1","max-image-preview":"max-image-preview:large","max-video-preview":"max-video-preview:-1"},"canonical":"https:\/\/ewb.lu\/en\/event\/vorstellung-des-ki-kompass\/","og_locale":"en_US","og_type":"article","og_title":"Virstellung vum KI-Kompass - EWB","og_description":"Info-Owend mat Austausch","og_url":"https:\/\/ewb.lu\/en\/event\/vorstellung-des-ki-kompass\/","og_site_name":"EWB","article_publisher":"https:\/\/www.facebook.com\/ErwuesseBild\/","article_modified_time":"2026-04-27T09:02:31+00:00","og_image":[{"width":772,"height":608,"url":"https:\/\/ewb.lu\/wp-content\/uploads\/2026\/04\/Bildschirmfoto-2026-04-22-um-15.39.13.png","type":"image\/png"}],"twitter_card":"summary_large_image","twitter_misc":{"Est. reading time":"1 minute"},"schema":{"@context":"https:\/\/schema.org","@graph":[{"@type":"WebPage","@id":"https:\/\/ewb.lu\/en\/event\/vorstellung-des-ki-kompass\/","url":"https:\/\/ewb.lu\/en\/event\/vorstellung-des-ki-kompass\/","name":"Virstellung vum KI-Kompass - EWB","isPartOf":{"@id":"https:\/\/ewb.lu\/en\/#website"},"primaryImageOfPage":{"@id":"https:\/\/ewb.lu\/en\/event\/vorstellung-des-ki-kompass\/#primaryimage"},"image":{"@id":"https:\/\/ewb.lu\/en\/event\/vorstellung-des-ki-kompass\/#primaryimage"},"thumbnailUrl":"https:\/\/ewb.lu\/wp-content\/uploads\/2026\/04\/Bildschirmfoto-2026-04-22-um-15.39.13.png","datePublished":"2026-04-09T09:14:48+00:00","dateModified":"2026-04-27T09:02:31+00:00","breadcrumb":{"@id":"https:\/\/ewb.lu\/en\/event\/vorstellung-des-ki-kompass\/#breadcrumb"},"inLanguage":"en-US","potentialAction":[{"@type":"ReadAction","target":["https:\/\/ewb.lu\/en\/event\/vorstellung-des-ki-kompass\/"]}]},{"@type":"ImageObject","inLanguage":"en-US","@id":"https:\/\/ewb.lu\/en\/event\/vorstellung-des-ki-kompass\/#primaryimage","url":"https:\/\/ewb.lu\/wp-content\/uploads\/2026\/04\/Bildschirmfoto-2026-04-22-um-15.39.13.png","contentUrl":"https:\/\/ewb.lu\/wp-content\/uploads\/2026\/04\/Bildschirmfoto-2026-04-22-um-15.39.13.png","width":772,"height":608},{"@type":"BreadcrumbList","@id":"https:\/\/ewb.lu\/en\/event\/vorstellung-des-ki-kompass\/#breadcrumb","itemListElement":[{"@type":"ListItem","position":1,"name":"Startseite","item":"https:\/\/ewb.lu\/en\/"},{"@type":"ListItem","position":2,"name":"Virstellung vum KI-Kompass"}]},{"@type":"WebSite","@id":"https:\/\/ewb.lu\/en\/#website","url":"https:\/\/ewb.lu\/en\/","name":"EwB ErwuesseBildung","description":"ErwuesseBildung","publisher":{"@id":"https:\/\/ewb.lu\/en\/#organization"},"alternateName":"EWB","potentialAction":[{"@type":"SearchAction","target":{"@type":"EntryPoint","urlTemplate":"https:\/\/ewb.lu\/en\/?s={search_term_string}"},"query-input":{"@type":"PropertyValueSpecification","valueRequired":true,"valueName":"search_term_string"}}],"inLanguage":"en-US"},{"@type":"Organization","@id":"https:\/\/ewb.lu\/en\/#organization","name":"ErwuesseBildung Asbl","alternateName":"EWB","url":"https:\/\/ewb.lu\/en\/","logo":{"@type":"ImageObject","inLanguage":"en-US","@id":"https:\/\/ewb.lu\/en\/#\/schema\/logo\/image\/","url":"https:\/\/ewb.lu\/wp-content\/uploads\/2022\/11\/ewb-logo-header.svg","contentUrl":"https:\/\/ewb.lu\/wp-content\/uploads\/2022\/11\/ewb-logo-header.svg","width":301,"height":38,"caption":"ErwuesseBildung Asbl"},"image":{"@id":"https:\/\/ewb.lu\/en\/#\/schema\/logo\/image\/"},"sameAs":["https:\/\/www.facebook.com\/ErwuesseBild\/","https:\/\/lu.linkedin.com\/company\/erwuessebildung---formation-dadultes","https:\/\/www.instagram.com\/erwuessebildung_asbl\/"]}]}},"_links":{"self":[{"href":"https:\/\/ewb.lu\/en\/wp-json\/wp\/v2\/event\/20918","targetHints":{"allow":["GET"]}}],"collection":[{"href":"https:\/\/ewb.lu\/en\/wp-json\/wp\/v2\/event"}],"about":[{"href":"https:\/\/ewb.lu\/en\/wp-json\/wp\/v2\/types\/event"}],"version-history":[{"count":7,"href":"https:\/\/ewb.lu\/en\/wp-json\/wp\/v2\/event\/20918\/revisions"}],"predecessor-version":[{"id":21044,"href":"https:\/\/ewb.lu\/en\/wp-json\/wp\/v2\/event\/20918\/revisions\/21044"}],"wp:featuredmedia":[{"embeddable":true,"href":"https:\/\/ewb.lu\/en\/wp-json\/wp\/v2\/media\/20974"}],"wp:attachment":[{"href":"https:\/\/ewb.lu\/en\/wp-json\/wp\/v2\/media?parent=20918"}],"wp:term":[{"taxonomy":"program","embeddable":true,"href":"https:\/\/ewb.lu\/en\/wp-json\/wp\/v2\/program?post=20918"}],"curies":[{"name":"wp","href":"https:\/\/api.w.org\/{rel}","templated":true}]}}

<section class="wpb-content-wrapper"><p>[vc_row][vc_column][vc_column_text]<strong>Info-Owend</strong></p>
<p>De KI-Kompass (<a href="https://ki-kompass.lu">ki-kompass.lu</a>) ass déi zentral national Plattform vum Bildungsministère (MENJE) a vum SCRIPT (Service de Coordination  de la Recherche et de l’Innovation pédagogique et technologique) fir d’<strong>Begleedung vum digitale Wandel an de Schoulen</strong>. Et ass sou eppes wéi e Weeweiser fir de Bidlungssecteur, fir d&#8217;Kënschtlech Intelligenz net just technesch, mee och pedagogesch sécher anzesetzen.</p>
<p>D’<strong>Daniela Hau</strong> (SCRIPT, division de l’innovation pédagogique et technologique) kënnt an d’EwB, fir d’Funktiounen an d’Iddi vun der neier Plattform KI-Kompass.lu virzestellen. No enger Intro a Presentatioun diskutéiere mir gemeinsam iwwert di praktesch Uwendung vun de KI-Leitlinnen zu Lëtzebuerg: <strong>Et ass Plaz fir kritesch Froen a Feedback.</strong>[/vc_column_text][/vc_column][/vc_row][vc_row][vc_column][vc_empty_space][/vc_column][/vc_row]</p>
</section>
