{"id":20928,"date":"2026-04-09T11:25:34","date_gmt":"2026-04-09T09:25:34","guid":{"rendered":"https:\/\/ewb.lu\/?post_type=event&#038;p=20928"},"modified":"2026-04-27T11:15:45","modified_gmt":"2026-04-27T09:15:45","slug":"traditionelle-und-kritische-theorie","status":"publish","type":"event","link":"https:\/\/ewb.lu\/en\/event\/traditionelle-und-kritische-theorie\/","title":{"rendered":"Traditionelle und Kritische Theorie"},"content":{"rendered":"<section class=\"wpb-content-wrapper\"><p>[vc_row][vc_column][vc_column_text]<\/p>\n<h3><span style=\"color: #f47f57;\">Philo-Leseabend<\/span><\/h3>\n<p><strong>Ausz\u00fcge aus Horkheimers Aufsatz<\/strong><\/p>\n<p><strong>Wissenschaft kann nie neutral sein. Sortieren wir die Welt oder wollen wir sie ver\u00e4ndern?<\/strong><\/p>\n<p style=\"font-weight: 400;\">Horkheimer schrieb diesen Text 1937 aus der Distanz zu einem Europa, das in den Faschismus st\u00fcrzte. F\u00fcr ihn war klar: Eine Wissenschaft, die sich nur als &#8220;wertfrei&#8221; versteht, hat keine Abwehrkr\u00e4fte gegen Ideologien.<\/p>\n<p style=\"font-weight: 400;\">F\u00fcr ihn war die Frage nach der Aufgabe der Wissenschaft keine rein akademische \u00dcbung, sondern eine \u00dcberlebensfrage. Er wollte verstehen, wie eine hochzivilisierte Gesellschaft in die Barbarei abgleiten konnte \u2013 und warum die klassische Wissenschaft darauf keine Antwort hatte.<\/p>\n<p style=\"font-weight: 400;\">Er kritisiert in dem Text das Modell der Traditionellen Theorie, das seit Descartes und dem Positivismus herrschte: Der Forschende beobachtet die Welt wie ein Objekt unter dem Mikroskop \u2013 von \u201eau\u00dfen\u201c. Diese Distanz ist aber eine Illusion. Reine Beschreibung dessen, was <em>*ist*<\/em>, best\u00e4tigt nur das Bestehende. Wenn Wissenschaft nur ein wertfreies und zweckrationales Werkzeug ist, kann sie von jedem System instrumentalisiert werden.<\/p>\n<p style=\"font-weight: 400;\">Die Kritische Theorie gilt als radikaler Gegenentwurf. These: Es gibt keine neutrale Beobachtung. Der Forschende ist immer auch Teil der Gesellschaft, die er untersucht. Wir m\u00fcssen uns daher stets fragen, wem das Wissen dient, wessen Wahrnehmung das Wissen-Schaffen beeinflusst? Warum sind die Dinge so, wie sie sind? K\u00f6nnten sie menschlicher, freier sein?<\/p>\n<p style=\"font-weight: 400;\">Es geht hier um Emanzipation: Theorie soll nicht nur die Welt erkl\u00e4ren, sondern die Bedingungen schaffen, sie zum Besseren zu ver\u00e4ndern. Das Denken hat eine Verantwortung.<\/p>\n<p style=\"font-weight: 400;\">Mit Nora Schleich (Philosophin &amp; Leiterin der EwB).<\/p>\n<p>\u00a0[\/vc_column_text][vc_separator][vc_column_text]<\/p>\n<p style=\"font-weight: 400;\"><strong>Keine Vorkenntnisse n\u00f6tig.<\/strong> Wir lesen gemeinsam aus Horkheimers Aufsatz.<\/p>\n<p>[\/vc_column_text][vc_separator][vc_empty_space][\/vc_column][\/vc_row][vc_row][vc_column width=&#8221;1\/6&#8243;][vc_empty_space][\/vc_column][vc_column width=&#8221;2\/3&#8243;][vc_message message_box_color=&#8221;violet&#8221;]Diese Veranstaltung kann auch als <strong>IFEN Weiterbildung<\/strong> anerkannt werden. <a href=\"https:\/\/ssl.education.lu\/ifen\/catalog\/course\/295592\">Mehr erfahren&#8230;<\/a>[\/vc_message][\/vc_column][vc_column width=&#8221;1\/6&#8243;][\/vc_column][\/vc_row][vc_row][vc_column][vc_empty_space][vc_separator][vc_column_text]<\/p>\n<p style=\"font-weight: 400;\">Teil des Projektes \u201eDigitale Dialektik. Soziophilosophische Diskussionen \u00fcber unsere vernetzte Lebenswelt\u201c<\/p>\n<p>[\/vc_column_text][vc_empty_space][\/vc_column][\/vc_row][vc_row][vc_column width=&#8221;1\/4&#8243;][vc_single_image image=&#8221;20957&#8243; img_size=&#8221;full&#8221;][\/vc_column][vc_column width=&#8221;1\/4&#8243;][\/vc_column][vc_column width=&#8221;1\/4&#8243;][\/vc_column][vc_column width=&#8221;1\/4&#8243;][\/vc_column][\/vc_row][vc_row][vc_column][vc_empty_space][\/vc_column][\/vc_row]<\/p>\n<\/section>","protected":false},"excerpt":{"rendered":"<p>Ausz\u00fcge aus Horkheimers Aufsatz<\/p>\n","protected":false},"featured_media":20929,"template":"","program":[112],"class_list":["post-20928","event","type-event","status-publish","has-post-thumbnail","hentry","program-gesellschaft-heute-2"],"acf":[],"yoast_head":"<!-- This site is optimized with the Yoast SEO plugin v27.1.1 - https:\/\/yoast.com\/product\/yoast-seo-wordpress\/ -->\n<title>Traditionelle und Kritische Theorie - EWB<\/title>\n<meta name=\"robots\" content=\"index, follow, max-snippet:-1, max-image-preview:large, max-video-preview:-1\" \/>\n<link rel=\"canonical\" href=\"https:\/\/ewb.lu\/en\/event\/traditionelle-und-kritische-theorie\/\" \/>\n<meta property=\"og:locale\" content=\"en_US\" \/>\n<meta property=\"og:type\" content=\"article\" \/>\n<meta property=\"og:title\" content=\"Traditionelle und Kritische Theorie - EWB\" \/>\n<meta property=\"og:description\" content=\"Ausz\u00fcge aus Horkheimers Aufsatz\" \/>\n<meta property=\"og:url\" content=\"https:\/\/ewb.lu\/en\/event\/traditionelle-und-kritische-theorie\/\" \/>\n<meta property=\"og:site_name\" content=\"EWB\" \/>\n<meta property=\"article:publisher\" content=\"https:\/\/www.facebook.com\/ErwuesseBild\/\" \/>\n<meta property=\"article:modified_time\" content=\"2026-04-27T09:15:45+00:00\" \/>\n<meta property=\"og:image\" content=\"https:\/\/ewb.lu\/wp-content\/uploads\/2026\/04\/philo.jpg\" \/>\n\t<meta property=\"og:image:width\" content=\"2560\" \/>\n\t<meta property=\"og:image:height\" content=\"1440\" \/>\n\t<meta property=\"og:image:type\" content=\"image\/jpeg\" \/>\n<meta name=\"twitter:card\" content=\"summary_large_image\" \/>\n<meta name=\"twitter:label1\" content=\"Est. reading time\" \/>\n\t<meta name=\"twitter:data1\" content=\"2 minutes\" \/>\n<script type=\"application\/ld+json\" class=\"yoast-schema-graph\">{\"@context\":\"https:\/\/schema.org\",\"@graph\":[{\"@type\":\"WebPage\",\"@id\":\"https:\/\/ewb.lu\/en\/event\/traditionelle-und-kritische-theorie\/\",\"url\":\"https:\/\/ewb.lu\/en\/event\/traditionelle-und-kritische-theorie\/\",\"name\":\"Traditionelle und Kritische Theorie - EWB\",\"isPartOf\":{\"@id\":\"https:\/\/ewb.lu\/en\/#website\"},\"primaryImageOfPage\":{\"@id\":\"https:\/\/ewb.lu\/en\/event\/traditionelle-und-kritische-theorie\/#primaryimage\"},\"image\":{\"@id\":\"https:\/\/ewb.lu\/en\/event\/traditionelle-und-kritische-theorie\/#primaryimage\"},\"thumbnailUrl\":\"https:\/\/ewb.lu\/wp-content\/uploads\/2026\/04\/philo.jpg\",\"datePublished\":\"2026-04-09T09:25:34+00:00\",\"dateModified\":\"2026-04-27T09:15:45+00:00\",\"breadcrumb\":{\"@id\":\"https:\/\/ewb.lu\/en\/event\/traditionelle-und-kritische-theorie\/#breadcrumb\"},\"inLanguage\":\"en-US\",\"potentialAction\":[{\"@type\":\"ReadAction\",\"target\":[\"https:\/\/ewb.lu\/en\/event\/traditionelle-und-kritische-theorie\/\"]}]},{\"@type\":\"ImageObject\",\"inLanguage\":\"en-US\",\"@id\":\"https:\/\/ewb.lu\/en\/event\/traditionelle-und-kritische-theorie\/#primaryimage\",\"url\":\"https:\/\/ewb.lu\/wp-content\/uploads\/2026\/04\/philo.jpg\",\"contentUrl\":\"https:\/\/ewb.lu\/wp-content\/uploads\/2026\/04\/philo.jpg\",\"width\":2560,\"height\":1440},{\"@type\":\"BreadcrumbList\",\"@id\":\"https:\/\/ewb.lu\/en\/event\/traditionelle-und-kritische-theorie\/#breadcrumb\",\"itemListElement\":[{\"@type\":\"ListItem\",\"position\":1,\"name\":\"Startseite\",\"item\":\"https:\/\/ewb.lu\/en\/\"},{\"@type\":\"ListItem\",\"position\":2,\"name\":\"Traditionelle und Kritische Theorie\"}]},{\"@type\":\"WebSite\",\"@id\":\"https:\/\/ewb.lu\/en\/#website\",\"url\":\"https:\/\/ewb.lu\/en\/\",\"name\":\"EwB ErwuesseBildung\",\"description\":\"ErwuesseBildung\",\"publisher\":{\"@id\":\"https:\/\/ewb.lu\/en\/#organization\"},\"alternateName\":\"EWB\",\"potentialAction\":[{\"@type\":\"SearchAction\",\"target\":{\"@type\":\"EntryPoint\",\"urlTemplate\":\"https:\/\/ewb.lu\/en\/?s={search_term_string}\"},\"query-input\":{\"@type\":\"PropertyValueSpecification\",\"valueRequired\":true,\"valueName\":\"search_term_string\"}}],\"inLanguage\":\"en-US\"},{\"@type\":\"Organization\",\"@id\":\"https:\/\/ewb.lu\/en\/#organization\",\"name\":\"ErwuesseBildung Asbl\",\"alternateName\":\"EWB\",\"url\":\"https:\/\/ewb.lu\/en\/\",\"logo\":{\"@type\":\"ImageObject\",\"inLanguage\":\"en-US\",\"@id\":\"https:\/\/ewb.lu\/en\/#\/schema\/logo\/image\/\",\"url\":\"https:\/\/ewb.lu\/wp-content\/uploads\/2022\/11\/ewb-logo-header.svg\",\"contentUrl\":\"https:\/\/ewb.lu\/wp-content\/uploads\/2022\/11\/ewb-logo-header.svg\",\"width\":301,\"height\":38,\"caption\":\"ErwuesseBildung Asbl\"},\"image\":{\"@id\":\"https:\/\/ewb.lu\/en\/#\/schema\/logo\/image\/\"},\"sameAs\":[\"https:\/\/www.facebook.com\/ErwuesseBild\/\",\"https:\/\/lu.linkedin.com\/company\/erwuessebildung---formation-dadultes\",\"https:\/\/www.instagram.com\/erwuessebildung_asbl\/\"]}]}<\/script>\n<!-- \/ Yoast SEO plugin. -->","yoast_head_json":{"title":"Traditionelle und Kritische Theorie - EWB","robots":{"index":"index","follow":"follow","max-snippet":"max-snippet:-1","max-image-preview":"max-image-preview:large","max-video-preview":"max-video-preview:-1"},"canonical":"https:\/\/ewb.lu\/en\/event\/traditionelle-und-kritische-theorie\/","og_locale":"en_US","og_type":"article","og_title":"Traditionelle und Kritische Theorie - EWB","og_description":"Ausz\u00fcge aus Horkheimers Aufsatz","og_url":"https:\/\/ewb.lu\/en\/event\/traditionelle-und-kritische-theorie\/","og_site_name":"EWB","article_publisher":"https:\/\/www.facebook.com\/ErwuesseBild\/","article_modified_time":"2026-04-27T09:15:45+00:00","og_image":[{"width":2560,"height":1440,"url":"https:\/\/ewb.lu\/wp-content\/uploads\/2026\/04\/philo.jpg","type":"image\/jpeg"}],"twitter_card":"summary_large_image","twitter_misc":{"Est. reading time":"2 minutes"},"schema":{"@context":"https:\/\/schema.org","@graph":[{"@type":"WebPage","@id":"https:\/\/ewb.lu\/en\/event\/traditionelle-und-kritische-theorie\/","url":"https:\/\/ewb.lu\/en\/event\/traditionelle-und-kritische-theorie\/","name":"Traditionelle und Kritische Theorie - EWB","isPartOf":{"@id":"https:\/\/ewb.lu\/en\/#website"},"primaryImageOfPage":{"@id":"https:\/\/ewb.lu\/en\/event\/traditionelle-und-kritische-theorie\/#primaryimage"},"image":{"@id":"https:\/\/ewb.lu\/en\/event\/traditionelle-und-kritische-theorie\/#primaryimage"},"thumbnailUrl":"https:\/\/ewb.lu\/wp-content\/uploads\/2026\/04\/philo.jpg","datePublished":"2026-04-09T09:25:34+00:00","dateModified":"2026-04-27T09:15:45+00:00","breadcrumb":{"@id":"https:\/\/ewb.lu\/en\/event\/traditionelle-und-kritische-theorie\/#breadcrumb"},"inLanguage":"en-US","potentialAction":[{"@type":"ReadAction","target":["https:\/\/ewb.lu\/en\/event\/traditionelle-und-kritische-theorie\/"]}]},{"@type":"ImageObject","inLanguage":"en-US","@id":"https:\/\/ewb.lu\/en\/event\/traditionelle-und-kritische-theorie\/#primaryimage","url":"https:\/\/ewb.lu\/wp-content\/uploads\/2026\/04\/philo.jpg","contentUrl":"https:\/\/ewb.lu\/wp-content\/uploads\/2026\/04\/philo.jpg","width":2560,"height":1440},{"@type":"BreadcrumbList","@id":"https:\/\/ewb.lu\/en\/event\/traditionelle-und-kritische-theorie\/#breadcrumb","itemListElement":[{"@type":"ListItem","position":1,"name":"Startseite","item":"https:\/\/ewb.lu\/en\/"},{"@type":"ListItem","position":2,"name":"Traditionelle und Kritische Theorie"}]},{"@type":"WebSite","@id":"https:\/\/ewb.lu\/en\/#website","url":"https:\/\/ewb.lu\/en\/","name":"EwB ErwuesseBildung","description":"ErwuesseBildung","publisher":{"@id":"https:\/\/ewb.lu\/en\/#organization"},"alternateName":"EWB","potentialAction":[{"@type":"SearchAction","target":{"@type":"EntryPoint","urlTemplate":"https:\/\/ewb.lu\/en\/?s={search_term_string}"},"query-input":{"@type":"PropertyValueSpecification","valueRequired":true,"valueName":"search_term_string"}}],"inLanguage":"en-US"},{"@type":"Organization","@id":"https:\/\/ewb.lu\/en\/#organization","name":"ErwuesseBildung Asbl","alternateName":"EWB","url":"https:\/\/ewb.lu\/en\/","logo":{"@type":"ImageObject","inLanguage":"en-US","@id":"https:\/\/ewb.lu\/en\/#\/schema\/logo\/image\/","url":"https:\/\/ewb.lu\/wp-content\/uploads\/2022\/11\/ewb-logo-header.svg","contentUrl":"https:\/\/ewb.lu\/wp-content\/uploads\/2022\/11\/ewb-logo-header.svg","width":301,"height":38,"caption":"ErwuesseBildung Asbl"},"image":{"@id":"https:\/\/ewb.lu\/en\/#\/schema\/logo\/image\/"},"sameAs":["https:\/\/www.facebook.com\/ErwuesseBild\/","https:\/\/lu.linkedin.com\/company\/erwuessebildung---formation-dadultes","https:\/\/www.instagram.com\/erwuessebildung_asbl\/"]}]}},"_links":{"self":[{"href":"https:\/\/ewb.lu\/en\/wp-json\/wp\/v2\/event\/20928","targetHints":{"allow":["GET"]}}],"collection":[{"href":"https:\/\/ewb.lu\/en\/wp-json\/wp\/v2\/event"}],"about":[{"href":"https:\/\/ewb.lu\/en\/wp-json\/wp\/v2\/types\/event"}],"version-history":[{"count":8,"href":"https:\/\/ewb.lu\/en\/wp-json\/wp\/v2\/event\/20928\/revisions"}],"predecessor-version":[{"id":21049,"href":"https:\/\/ewb.lu\/en\/wp-json\/wp\/v2\/event\/20928\/revisions\/21049"}],"wp:featuredmedia":[{"embeddable":true,"href":"https:\/\/ewb.lu\/en\/wp-json\/wp\/v2\/media\/20929"}],"wp:attachment":[{"href":"https:\/\/ewb.lu\/en\/wp-json\/wp\/v2\/media?parent=20928"}],"wp:term":[{"taxonomy":"program","embeddable":true,"href":"https:\/\/ewb.lu\/en\/wp-json\/wp\/v2\/program?post=20928"}],"curies":[{"name":"wp","href":"https:\/\/api.w.org\/{rel}","templated":true}]}}

<section class="wpb-content-wrapper"><p>[vc_row][vc_column][vc_column_text]</p>
<h3><span style="color: #f47f57;">Philo-Leseabend</span></h3>
<p><strong>Auszüge aus Horkheimers Aufsatz</strong></p>
<p><strong>Wissenschaft kann nie neutral sein. Sortieren wir die Welt oder wollen wir sie verändern?</strong></p>
<p style="font-weight: 400;">Horkheimer schrieb diesen Text 1937 aus der Distanz zu einem Europa, das in den Faschismus stürzte. Für ihn war klar: Eine Wissenschaft, die sich nur als &#8220;wertfrei&#8221; versteht, hat keine Abwehrkräfte gegen Ideologien.</p>
<p style="font-weight: 400;">Für ihn war die Frage nach der Aufgabe der Wissenschaft keine rein akademische Übung, sondern eine Überlebensfrage. Er wollte verstehen, wie eine hochzivilisierte Gesellschaft in die Barbarei abgleiten konnte – und warum die klassische Wissenschaft darauf keine Antwort hatte.</p>
<p style="font-weight: 400;">Er kritisiert in dem Text das Modell der Traditionellen Theorie, das seit Descartes und dem Positivismus herrschte: Der Forschende beobachtet die Welt wie ein Objekt unter dem Mikroskop – von „außen“. Diese Distanz ist aber eine Illusion. Reine Beschreibung dessen, was <em>*ist*</em>, bestätigt nur das Bestehende. Wenn Wissenschaft nur ein wertfreies und zweckrationales Werkzeug ist, kann sie von jedem System instrumentalisiert werden.</p>
<p style="font-weight: 400;">Die Kritische Theorie gilt als radikaler Gegenentwurf. These: Es gibt keine neutrale Beobachtung. Der Forschende ist immer auch Teil der Gesellschaft, die er untersucht. Wir müssen uns daher stets fragen, wem das Wissen dient, wessen Wahrnehmung das Wissen-Schaffen beeinflusst? Warum sind die Dinge so, wie sie sind? Könnten sie menschlicher, freier sein?</p>
<p style="font-weight: 400;">Es geht hier um Emanzipation: Theorie soll nicht nur die Welt erklären, sondern die Bedingungen schaffen, sie zum Besseren zu verändern. Das Denken hat eine Verantwortung.</p>
<p style="font-weight: 400;">Mit Nora Schleich (Philosophin &amp; Leiterin der EwB).</p>
<p> [/vc_column_text][vc_separator][vc_column_text]</p>
<p style="font-weight: 400;"><strong>Keine Vorkenntnisse nötig.</strong> Wir lesen gemeinsam aus Horkheimers Aufsatz.</p>
<p>[/vc_column_text][vc_separator][vc_empty_space][/vc_column][/vc_row][vc_row][vc_column width=&#8221;1/6&#8243;][vc_empty_space][/vc_column][vc_column width=&#8221;2/3&#8243;][vc_message message_box_color=&#8221;violet&#8221;]Diese Veranstaltung kann auch als <strong>IFEN Weiterbildung</strong> anerkannt werden. <a href="https://ssl.education.lu/ifen/catalog/course/295592">Mehr erfahren&#8230;</a>[/vc_message][/vc_column][vc_column width=&#8221;1/6&#8243;][/vc_column][/vc_row][vc_row][vc_column][vc_empty_space][vc_separator][vc_column_text]</p>
<p style="font-weight: 400;">Teil des Projektes „Digitale Dialektik. Soziophilosophische Diskussionen über unsere vernetzte Lebenswelt“</p>
<p>[/vc_column_text][vc_empty_space][/vc_column][/vc_row][vc_row][vc_column width=&#8221;1/4&#8243;][vc_single_image image=&#8221;20957&#8243; img_size=&#8221;full&#8221;][/vc_column][vc_column width=&#8221;1/4&#8243;][/vc_column][vc_column width=&#8221;1/4&#8243;][/vc_column][vc_column width=&#8221;1/4&#8243;][/vc_column][/vc_row][vc_row][vc_column][vc_empty_space][/vc_column][/vc_row]</p>
</section>

<p>Auszüge aus Horkheimers Aufsatz</p>

<!-- This site is optimized with the Yoast SEO plugin v27.1.1 - https://yoast.com/product/yoast-seo-wordpress/ -->
<title>Traditionelle und Kritische Theorie - EWB</title>
<meta name="robots" content="index, follow, max-snippet:-1, max-image-preview:large, max-video-preview:-1" />
<link rel="canonical" href="https://ewb.lu/en/event/traditionelle-und-kritische-theorie/" />
<meta property="og:locale" content="en_US" />
<meta property="og:type" content="article" />
<meta property="og:title" content="Traditionelle und Kritische Theorie - EWB" />
<meta property="og:description" content="Auszüge aus Horkheimers Aufsatz" />
<meta property="og:url" content="https://ewb.lu/en/event/traditionelle-und-kritische-theorie/" />
<meta property="og:site_name" content="EWB" />
<meta property="article:publisher" content="https://www.facebook.com/ErwuesseBild/" />
<meta property="article:modified_time" content="2026-04-27T09:15:45+00:00" />
<meta property="og:image" content="https://ewb.lu/wp-content/uploads/2026/04/philo.jpg" />
	<meta property="og:image:width" content="2560" />
	<meta property="og:image:height" content="1440" />
	<meta property="og:image:type" content="image/jpeg" />
<meta name="twitter:card" content="summary_large_image" />
<meta name="twitter:label1" content="Est. reading time" />
	<meta name="twitter:data1" content="2 minutes" />
<script type="application/ld+json" class="yoast-schema-graph">{"@context":"https://schema.org","@graph":[{"@type":"WebPage","@id":"https://ewb.lu/en/event/traditionelle-und-kritische-theorie/","url":"https://ewb.lu/en/event/traditionelle-und-kritische-theorie/","name":"Traditionelle und Kritische Theorie - EWB","isPartOf":{"@id":"https://ewb.lu/en/#website"},"primaryImageOfPage":{"@id":"https://ewb.lu/en/event/traditionelle-und-kritische-theorie/#primaryimage"},"image":{"@id":"https://ewb.lu/en/event/traditionelle-und-kritische-theorie/#primaryimage"},"thumbnailUrl":"https://ewb.lu/wp-content/uploads/2026/04/philo.jpg","datePublished":"2026-04-09T09:25:34+00:00","dateModified":"2026-04-27T09:15:45+00:00","breadcrumb":{"@id":"https://ewb.lu/en/event/traditionelle-und-kritische-theorie/#breadcrumb"},"inLanguage":"en-US","potentialAction":[{"@type":"ReadAction","target":["https://ewb.lu/en/event/traditionelle-und-kritische-theorie/"]}]},{"@type":"ImageObject","inLanguage":"en-US","@id":"https://ewb.lu/en/event/traditionelle-und-kritische-theorie/#primaryimage","url":"https://ewb.lu/wp-content/uploads/2026/04/philo.jpg","contentUrl":"https://ewb.lu/wp-content/uploads/2026/04/philo.jpg","width":2560,"height":1440},{"@type":"BreadcrumbList","@id":"https://ewb.lu/en/event/traditionelle-und-kritische-theorie/#breadcrumb","itemListElement":[{"@type":"ListItem","position":1,"name":"Startseite","item":"https://ewb.lu/en/"},{"@type":"ListItem","position":2,"name":"Traditionelle und Kritische Theorie"}]},{"@type":"WebSite","@id":"https://ewb.lu/en/#website","url":"https://ewb.lu/en/","name":"EwB ErwuesseBildung","description":"ErwuesseBildung","publisher":{"@id":"https://ewb.lu/en/#organization"},"alternateName":"EWB","potentialAction":[{"@type":"SearchAction","target":{"@type":"EntryPoint","urlTemplate":"https://ewb.lu/en/?s={search_term_string}"},"query-input":{"@type":"PropertyValueSpecification","valueRequired":true,"valueName":"search_term_string"}}],"inLanguage":"en-US"},{"@type":"Organization","@id":"https://ewb.lu/en/#organization","name":"ErwuesseBildung Asbl","alternateName":"EWB","url":"https://ewb.lu/en/","logo":{"@type":"ImageObject","inLanguage":"en-US","@id":"https://ewb.lu/en/#/schema/logo/image/","url":"https://ewb.lu/wp-content/uploads/2022/11/ewb-logo-header.svg","contentUrl":"https://ewb.lu/wp-content/uploads/2022/11/ewb-logo-header.svg","width":301,"height":38,"caption":"ErwuesseBildung Asbl"},"image":{"@id":"https://ewb.lu/en/#/schema/logo/image/"},"sameAs":["https://www.facebook.com/ErwuesseBild/","https://lu.linkedin.com/company/erwuessebildung---formation-dadultes","https://www.instagram.com/erwuessebildung_asbl/"]}]}</script>
<!-- / Yoast SEO plugin. -->

Auszüge aus Horkheimers Aufsatz
