{"id":21068,"date":"2026-04-29T17:06:05","date_gmt":"2026-04-29T15:06:05","guid":{"rendered":"https:\/\/ewb.lu\/?post_type=event&#038;p=21068"},"modified":"2026-04-30T19:41:34","modified_gmt":"2026-04-30T17:41:34","slug":"picturebook-workshop-11","status":"publish","type":"event","link":"https:\/\/ewb.lu\/en\/event\/picturebook-workshop-11\/","title":{"rendered":"Picturebook Workshop"},"content":{"rendered":"<section class=\"wpb-content-wrapper\"><p>[vc_row][vc_column][vc_column_text]<\/p>\n<h3><em><strong>A workshop for parents of children aged between 0 and 3<\/strong><\/em><\/h3>\n<p>[\/vc_column_text][vc_column_text]<\/p>\n<p style=\"font-weight: 400;\"><strong>LU<\/strong><\/p>\n<p style=\"font-weight: 400;\">D\u2019L\u00e9ift zum Liese f\u00e4nkt mam \u00e9ischte Liblingsbuch un. An d\u00ebsem Workshop gestalt dir e Billerbuch fir \u00e4ert Kand.<\/p>\n<p style=\"font-weight: 400;\">Fir dem Buch eng pers\u00e9inlech Nout ze ginn, kennt dir g\u00e4r e puer Fotoe vun Iech oder \u00e4rem Kand matbr\u00e9ngen fir se an d\u2019Buch z\u2019integr\u00e9ieren. (Alternativ k\u00ebnnt dir eis d\u00e9i Fotoen och bis zum 22.06. sch\u00e9cken)<\/p>\n<p style=\"font-weight: 400;\">Fir d\u2019Billerbuch ze gestalte kritt dir vun eis Z\u00e4itschr\u00ebften, ausgedr\u00e9ckte Molvirlagen, Pabeier, Sch\u00e9ier, St\u00ebfter a Pech. Dir kennt \u00e4r Kanner g\u00e4r matbr\u00e9ngen, a wann se al genuch sinn, d\u00e4erfen si bei der Gestaltung vum Buch matmaachen.<\/p>\n<p>[\/vc_column_text][\/vc_column][\/vc_row][vc_row][vc_column][vc_separator color=&#8221;purple&#8221;][\/vc_column][\/vc_row][vc_row][vc_column][vc_column_text]<\/p>\n<p style=\"font-weight: 400;\"><strong>DE:<\/strong><\/p>\n<p style=\"font-weight: 400;\">Die Liebe zum Lesen beginnt mit dem ersten Lieblingsbuch. In diesem Workshop gestalten Sie ein Bilderbuch f\u00fcr Ihr Kind.<\/p>\n<p style=\"font-weight: 400;\">Um dem Buch eine pers\u00f6nliche Note zu verleihen, bringen Sie gerne einige Fotos von Ihnen und Ihrem Kind mit, um sie mit ins Buch zu integrieren. (Alternativ k\u00f6nnen Sie uns die Fotos auch bis zum 22.06. schicken)<\/p>\n<p style=\"font-weight: 400;\">Um das Bilderbuch zu gestalten erhalten Sie von uns Zeitschriften, Ausgedruckte Malvorlagen, Papier, Schere, Stifte und Kleber.<\/p>\n<p style=\"font-weight: 400;\">Sie k\u00f6nnen ihre Kinder gerne mitbringen und wenn sie alt genug sind, d\u00fcrfen sie auch bei der Gestaltung ihres Buches mitmachen.<\/p>\n<p>[\/vc_column_text][\/vc_column][\/vc_row][vc_row][vc_column][vc_separator color=&#8221;purple&#8221;][\/vc_column][\/vc_row][vc_row][vc_column][vc_column_text]<\/p>\n<p style=\"font-weight: 400;\"><strong>ENG<\/strong><\/p>\n<p style=\"font-weight: 400;\">The love of reading begins with the first favourite book. In this workshop you will design a picture book for your child (0 \u2013 3 years). To give the book a personal touch, bring some photos of you and your child to include in the book. (Alternatively you can send us your pictures until the 06\/22\/2026)<\/p>\n<p style=\"font-weight: 400;\">To create the picture book, you will receive magazines, printed drawing templates, paper, scissors, pens and glue.<\/p>\n<p style=\"font-weight: 400;\">You are welcome to bring your children with you and if they are up to it, they can also take part in the design of their book.<\/p>\n<p>[\/vc_column_text][\/vc_column][\/vc_row][vc_row][vc_column][vc_separator color=&#8221;purple&#8221;][\/vc_column][\/vc_row][vc_row][vc_column][vc_column_text]<\/p>\n<p style=\"font-weight: 400;\"><strong>FR<\/strong><\/p>\n<p style=\"font-weight: 400;\"><em>La passion pour la lecture commence avec le premier livre pr\u00e9f\u00e9r\u00e9. Vous cr\u00e9ez un livre d\u2019images pour votre enfant (de 0 \u00e0 3 ans). Pour donner une touche personnelle au livre, vous apportez quelques photos de vous et de votre enfant pour les int\u00e9grer dans le livre. (alternativement vous pouvez nous envoyez vos photos jusqu\u2019au 22.06)<\/em><\/p>\n<p style=\"font-weight: 400;\"><em>Pour cr\u00e9er le livre d\u2019images, vous recevrez des magazines, des coloriages imprim\u00e9s, du papier, des ciseaux, des crayons et de la colle.<\/em><\/p>\n<p style=\"font-weight: 400;\"><em>Vous pouvez venir avec vos enfants et si ces derniers le souhaitent, ils peuvent \u00e9galement participer \u00e0 la cr\u00e9ation de leur livre.<\/em><\/p>\n<p>[\/vc_column_text][\/vc_column][\/vc_row]<\/p>\n<\/section>","protected":false},"excerpt":{"rendered":"<p>Kreativworkshop | Creative workshop | Atelier cr\u00e9atif<\/p>\n","protected":false},"featured_media":14089,"template":"","program":[36,72],"class_list":["post-21068","event","type-event","status-publish","has-post-thumbnail","hentry","program-growing-together","program-literatur-und-film"],"acf":[],"yoast_head":"<!-- This site is optimized with the Yoast SEO plugin v27.1.1 - https:\/\/yoast.com\/product\/yoast-seo-wordpress\/ -->\n<title>Picturebook Workshop - EWB<\/title>\n<meta name=\"robots\" content=\"index, follow, max-snippet:-1, max-image-preview:large, max-video-preview:-1\" \/>\n<link rel=\"canonical\" href=\"https:\/\/ewb.lu\/en\/event\/picturebook-workshop-11\/\" \/>\n<meta property=\"og:locale\" content=\"en_US\" \/>\n<meta property=\"og:type\" content=\"article\" \/>\n<meta property=\"og:title\" content=\"Picturebook Workshop - EWB\" \/>\n<meta property=\"og:description\" content=\"Kreativworkshop | Creative workshop | Atelier cr\u00e9atif\" \/>\n<meta property=\"og:url\" content=\"https:\/\/ewb.lu\/en\/event\/picturebook-workshop-11\/\" \/>\n<meta property=\"og:site_name\" content=\"EWB\" \/>\n<meta property=\"article:publisher\" content=\"https:\/\/www.facebook.com\/ErwuesseBild\/\" \/>\n<meta property=\"article:modified_time\" content=\"2026-04-30T17:41:34+00:00\" \/>\n<meta property=\"og:image\" content=\"https:\/\/ewb.lu\/wp-content\/uploads\/2025\/02\/Picturebook-Workshop-3-2.jpg\" \/>\n\t<meta property=\"og:image:width\" content=\"1080\" \/>\n\t<meta property=\"og:image:height\" content=\"1080\" \/>\n\t<meta property=\"og:image:type\" content=\"image\/jpeg\" \/>\n<meta name=\"twitter:card\" content=\"summary_large_image\" \/>\n<meta name=\"twitter:label1\" content=\"Est. reading time\" \/>\n\t<meta name=\"twitter:data1\" content=\"3 minutes\" \/>\n<script type=\"application\/ld+json\" class=\"yoast-schema-graph\">{\"@context\":\"https:\/\/schema.org\",\"@graph\":[{\"@type\":\"WebPage\",\"@id\":\"https:\/\/ewb.lu\/en\/event\/picturebook-workshop-11\/\",\"url\":\"https:\/\/ewb.lu\/en\/event\/picturebook-workshop-11\/\",\"name\":\"Picturebook Workshop - EWB\",\"isPartOf\":{\"@id\":\"https:\/\/ewb.lu\/en\/#website\"},\"primaryImageOfPage\":{\"@id\":\"https:\/\/ewb.lu\/en\/event\/picturebook-workshop-11\/#primaryimage\"},\"image\":{\"@id\":\"https:\/\/ewb.lu\/en\/event\/picturebook-workshop-11\/#primaryimage\"},\"thumbnailUrl\":\"https:\/\/ewb.lu\/wp-content\/uploads\/2025\/02\/Picturebook-Workshop-3-2.jpg\",\"datePublished\":\"2026-04-29T15:06:05+00:00\",\"dateModified\":\"2026-04-30T17:41:34+00:00\",\"breadcrumb\":{\"@id\":\"https:\/\/ewb.lu\/en\/event\/picturebook-workshop-11\/#breadcrumb\"},\"inLanguage\":\"en-US\",\"potentialAction\":[{\"@type\":\"ReadAction\",\"target\":[\"https:\/\/ewb.lu\/en\/event\/picturebook-workshop-11\/\"]}]},{\"@type\":\"ImageObject\",\"inLanguage\":\"en-US\",\"@id\":\"https:\/\/ewb.lu\/en\/event\/picturebook-workshop-11\/#primaryimage\",\"url\":\"https:\/\/ewb.lu\/wp-content\/uploads\/2025\/02\/Picturebook-Workshop-3-2.jpg\",\"contentUrl\":\"https:\/\/ewb.lu\/wp-content\/uploads\/2025\/02\/Picturebook-Workshop-3-2.jpg\",\"width\":1080,\"height\":1080},{\"@type\":\"BreadcrumbList\",\"@id\":\"https:\/\/ewb.lu\/en\/event\/picturebook-workshop-11\/#breadcrumb\",\"itemListElement\":[{\"@type\":\"ListItem\",\"position\":1,\"name\":\"Startseite\",\"item\":\"https:\/\/ewb.lu\/en\/\"},{\"@type\":\"ListItem\",\"position\":2,\"name\":\"Picturebook Workshop\"}]},{\"@type\":\"WebSite\",\"@id\":\"https:\/\/ewb.lu\/en\/#website\",\"url\":\"https:\/\/ewb.lu\/en\/\",\"name\":\"EwB ErwuesseBildung\",\"description\":\"ErwuesseBildung\",\"publisher\":{\"@id\":\"https:\/\/ewb.lu\/en\/#organization\"},\"alternateName\":\"EWB\",\"potentialAction\":[{\"@type\":\"SearchAction\",\"target\":{\"@type\":\"EntryPoint\",\"urlTemplate\":\"https:\/\/ewb.lu\/en\/?s={search_term_string}\"},\"query-input\":{\"@type\":\"PropertyValueSpecification\",\"valueRequired\":true,\"valueName\":\"search_term_string\"}}],\"inLanguage\":\"en-US\"},{\"@type\":\"Organization\",\"@id\":\"https:\/\/ewb.lu\/en\/#organization\",\"name\":\"ErwuesseBildung Asbl\",\"alternateName\":\"EWB\",\"url\":\"https:\/\/ewb.lu\/en\/\",\"logo\":{\"@type\":\"ImageObject\",\"inLanguage\":\"en-US\",\"@id\":\"https:\/\/ewb.lu\/en\/#\/schema\/logo\/image\/\",\"url\":\"https:\/\/ewb.lu\/wp-content\/uploads\/2022\/11\/ewb-logo-header.svg\",\"contentUrl\":\"https:\/\/ewb.lu\/wp-content\/uploads\/2022\/11\/ewb-logo-header.svg\",\"width\":301,\"height\":38,\"caption\":\"ErwuesseBildung Asbl\"},\"image\":{\"@id\":\"https:\/\/ewb.lu\/en\/#\/schema\/logo\/image\/\"},\"sameAs\":[\"https:\/\/www.facebook.com\/ErwuesseBild\/\",\"https:\/\/lu.linkedin.com\/company\/erwuessebildung---formation-dadultes\",\"https:\/\/www.instagram.com\/erwuessebildung_asbl\/\"]}]}<\/script>\n<!-- \/ Yoast SEO plugin. -->","yoast_head_json":{"title":"Picturebook Workshop - EWB","robots":{"index":"index","follow":"follow","max-snippet":"max-snippet:-1","max-image-preview":"max-image-preview:large","max-video-preview":"max-video-preview:-1"},"canonical":"https:\/\/ewb.lu\/en\/event\/picturebook-workshop-11\/","og_locale":"en_US","og_type":"article","og_title":"Picturebook Workshop - EWB","og_description":"Kreativworkshop | Creative workshop | Atelier cr\u00e9atif","og_url":"https:\/\/ewb.lu\/en\/event\/picturebook-workshop-11\/","og_site_name":"EWB","article_publisher":"https:\/\/www.facebook.com\/ErwuesseBild\/","article_modified_time":"2026-04-30T17:41:34+00:00","og_image":[{"width":1080,"height":1080,"url":"https:\/\/ewb.lu\/wp-content\/uploads\/2025\/02\/Picturebook-Workshop-3-2.jpg","type":"image\/jpeg"}],"twitter_card":"summary_large_image","twitter_misc":{"Est. reading time":"3 minutes"},"schema":{"@context":"https:\/\/schema.org","@graph":[{"@type":"WebPage","@id":"https:\/\/ewb.lu\/en\/event\/picturebook-workshop-11\/","url":"https:\/\/ewb.lu\/en\/event\/picturebook-workshop-11\/","name":"Picturebook Workshop - EWB","isPartOf":{"@id":"https:\/\/ewb.lu\/en\/#website"},"primaryImageOfPage":{"@id":"https:\/\/ewb.lu\/en\/event\/picturebook-workshop-11\/#primaryimage"},"image":{"@id":"https:\/\/ewb.lu\/en\/event\/picturebook-workshop-11\/#primaryimage"},"thumbnailUrl":"https:\/\/ewb.lu\/wp-content\/uploads\/2025\/02\/Picturebook-Workshop-3-2.jpg","datePublished":"2026-04-29T15:06:05+00:00","dateModified":"2026-04-30T17:41:34+00:00","breadcrumb":{"@id":"https:\/\/ewb.lu\/en\/event\/picturebook-workshop-11\/#breadcrumb"},"inLanguage":"en-US","potentialAction":[{"@type":"ReadAction","target":["https:\/\/ewb.lu\/en\/event\/picturebook-workshop-11\/"]}]},{"@type":"ImageObject","inLanguage":"en-US","@id":"https:\/\/ewb.lu\/en\/event\/picturebook-workshop-11\/#primaryimage","url":"https:\/\/ewb.lu\/wp-content\/uploads\/2025\/02\/Picturebook-Workshop-3-2.jpg","contentUrl":"https:\/\/ewb.lu\/wp-content\/uploads\/2025\/02\/Picturebook-Workshop-3-2.jpg","width":1080,"height":1080},{"@type":"BreadcrumbList","@id":"https:\/\/ewb.lu\/en\/event\/picturebook-workshop-11\/#breadcrumb","itemListElement":[{"@type":"ListItem","position":1,"name":"Startseite","item":"https:\/\/ewb.lu\/en\/"},{"@type":"ListItem","position":2,"name":"Picturebook Workshop"}]},{"@type":"WebSite","@id":"https:\/\/ewb.lu\/en\/#website","url":"https:\/\/ewb.lu\/en\/","name":"EwB ErwuesseBildung","description":"ErwuesseBildung","publisher":{"@id":"https:\/\/ewb.lu\/en\/#organization"},"alternateName":"EWB","potentialAction":[{"@type":"SearchAction","target":{"@type":"EntryPoint","urlTemplate":"https:\/\/ewb.lu\/en\/?s={search_term_string}"},"query-input":{"@type":"PropertyValueSpecification","valueRequired":true,"valueName":"search_term_string"}}],"inLanguage":"en-US"},{"@type":"Organization","@id":"https:\/\/ewb.lu\/en\/#organization","name":"ErwuesseBildung Asbl","alternateName":"EWB","url":"https:\/\/ewb.lu\/en\/","logo":{"@type":"ImageObject","inLanguage":"en-US","@id":"https:\/\/ewb.lu\/en\/#\/schema\/logo\/image\/","url":"https:\/\/ewb.lu\/wp-content\/uploads\/2022\/11\/ewb-logo-header.svg","contentUrl":"https:\/\/ewb.lu\/wp-content\/uploads\/2022\/11\/ewb-logo-header.svg","width":301,"height":38,"caption":"ErwuesseBildung Asbl"},"image":{"@id":"https:\/\/ewb.lu\/en\/#\/schema\/logo\/image\/"},"sameAs":["https:\/\/www.facebook.com\/ErwuesseBild\/","https:\/\/lu.linkedin.com\/company\/erwuessebildung---formation-dadultes","https:\/\/www.instagram.com\/erwuessebildung_asbl\/"]}]}},"_links":{"self":[{"href":"https:\/\/ewb.lu\/en\/wp-json\/wp\/v2\/event\/21068","targetHints":{"allow":["GET"]}}],"collection":[{"href":"https:\/\/ewb.lu\/en\/wp-json\/wp\/v2\/event"}],"about":[{"href":"https:\/\/ewb.lu\/en\/wp-json\/wp\/v2\/types\/event"}],"version-history":[{"count":4,"href":"https:\/\/ewb.lu\/en\/wp-json\/wp\/v2\/event\/21068\/revisions"}],"predecessor-version":[{"id":21190,"href":"https:\/\/ewb.lu\/en\/wp-json\/wp\/v2\/event\/21068\/revisions\/21190"}],"wp:featuredmedia":[{"embeddable":true,"href":"https:\/\/ewb.lu\/en\/wp-json\/wp\/v2\/media\/14089"}],"wp:attachment":[{"href":"https:\/\/ewb.lu\/en\/wp-json\/wp\/v2\/media?parent=21068"}],"wp:term":[{"taxonomy":"program","embeddable":true,"href":"https:\/\/ewb.lu\/en\/wp-json\/wp\/v2\/program?post=21068"}],"curies":[{"name":"wp","href":"https:\/\/api.w.org\/{rel}","templated":true}]}}

<section class="wpb-content-wrapper"><p>[vc_row][vc_column][vc_column_text]</p>
<h3><em><strong>A workshop for parents of children aged between 0 and 3</strong></em></h3>
<p>[/vc_column_text][vc_column_text]</p>
<p style="font-weight: 400;"><strong>LU</strong></p>
<p style="font-weight: 400;">D’Léift zum Liese fänkt mam éischte Liblingsbuch un. An dësem Workshop gestalt dir e Billerbuch fir äert Kand.</p>
<p style="font-weight: 400;">Fir dem Buch eng perséinlech Nout ze ginn, kennt dir gär e puer Fotoe vun Iech oder ärem Kand matbréngen fir se an d’Buch z’integréieren. (Alternativ kënnt dir eis déi Fotoen och bis zum 22.06. schécken)</p>
<p style="font-weight: 400;">Fir d’Billerbuch ze gestalte kritt dir vun eis Zäitschrëften, ausgedréckte Molvirlagen, Pabeier, Schéier, Stëfter a Pech. Dir kennt är Kanner gär matbréngen, a wann se al genuch sinn, däerfen si bei der Gestaltung vum Buch matmaachen.</p>
<p>[/vc_column_text][/vc_column][/vc_row][vc_row][vc_column][vc_separator color=&#8221;purple&#8221;][/vc_column][/vc_row][vc_row][vc_column][vc_column_text]</p>
<p style="font-weight: 400;"><strong>DE:</strong></p>
<p style="font-weight: 400;">Die Liebe zum Lesen beginnt mit dem ersten Lieblingsbuch. In diesem Workshop gestalten Sie ein Bilderbuch für Ihr Kind.</p>
<p style="font-weight: 400;">Um dem Buch eine persönliche Note zu verleihen, bringen Sie gerne einige Fotos von Ihnen und Ihrem Kind mit, um sie mit ins Buch zu integrieren. (Alternativ können Sie uns die Fotos auch bis zum 22.06. schicken)</p>
<p style="font-weight: 400;">Um das Bilderbuch zu gestalten erhalten Sie von uns Zeitschriften, Ausgedruckte Malvorlagen, Papier, Schere, Stifte und Kleber.</p>
<p style="font-weight: 400;">Sie können ihre Kinder gerne mitbringen und wenn sie alt genug sind, dürfen sie auch bei der Gestaltung ihres Buches mitmachen.</p>
<p>[/vc_column_text][/vc_column][/vc_row][vc_row][vc_column][vc_separator color=&#8221;purple&#8221;][/vc_column][/vc_row][vc_row][vc_column][vc_column_text]</p>
<p style="font-weight: 400;"><strong>ENG</strong></p>
<p style="font-weight: 400;">The love of reading begins with the first favourite book. In this workshop you will design a picture book for your child (0 – 3 years). To give the book a personal touch, bring some photos of you and your child to include in the book. (Alternatively you can send us your pictures until the 06/22/2026)</p>
<p style="font-weight: 400;">To create the picture book, you will receive magazines, printed drawing templates, paper, scissors, pens and glue.</p>
<p style="font-weight: 400;">You are welcome to bring your children with you and if they are up to it, they can also take part in the design of their book.</p>
<p>[/vc_column_text][/vc_column][/vc_row][vc_row][vc_column][vc_separator color=&#8221;purple&#8221;][/vc_column][/vc_row][vc_row][vc_column][vc_column_text]</p>
<p style="font-weight: 400;"><strong>FR</strong></p>
<p style="font-weight: 400;"><em>La passion pour la lecture commence avec le premier livre préféré. Vous créez un livre d’images pour votre enfant (de 0 à 3 ans). Pour donner une touche personnelle au livre, vous apportez quelques photos de vous et de votre enfant pour les intégrer dans le livre. (alternativement vous pouvez nous envoyez vos photos jusqu’au 22.06)</em></p>
<p style="font-weight: 400;"><em>Pour créer le livre d’images, vous recevrez des magazines, des coloriages imprimés, du papier, des ciseaux, des crayons et de la colle.</em></p>
<p style="font-weight: 400;"><em>Vous pouvez venir avec vos enfants et si ces derniers le souhaitent, ils peuvent également participer à la création de leur livre.</em></p>
<p>[/vc_column_text][/vc_column][/vc_row]</p>
</section>

<p>Kreativworkshop | Creative workshop | Atelier créatif</p>

<!-- This site is optimized with the Yoast SEO plugin v27.1.1 - https://yoast.com/product/yoast-seo-wordpress/ -->
<title>Picturebook Workshop - EWB</title>
<meta name="robots" content="index, follow, max-snippet:-1, max-image-preview:large, max-video-preview:-1" />
<link rel="canonical" href="https://ewb.lu/en/event/picturebook-workshop-11/" />
<meta property="og:locale" content="en_US" />
<meta property="og:type" content="article" />
<meta property="og:title" content="Picturebook Workshop - EWB" />
<meta property="og:description" content="Kreativworkshop | Creative workshop | Atelier créatif" />
<meta property="og:url" content="https://ewb.lu/en/event/picturebook-workshop-11/" />
<meta property="og:site_name" content="EWB" />
<meta property="article:publisher" content="https://www.facebook.com/ErwuesseBild/" />
<meta property="article:modified_time" content="2026-04-30T17:41:34+00:00" />
<meta property="og:image" content="https://ewb.lu/wp-content/uploads/2025/02/Picturebook-Workshop-3-2.jpg" />
	<meta property="og:image:width" content="1080" />
	<meta property="og:image:height" content="1080" />
	<meta property="og:image:type" content="image/jpeg" />
<meta name="twitter:card" content="summary_large_image" />
<meta name="twitter:label1" content="Est. reading time" />
	<meta name="twitter:data1" content="3 minutes" />
<script type="application/ld+json" class="yoast-schema-graph">{"@context":"https://schema.org","@graph":[{"@type":"WebPage","@id":"https://ewb.lu/en/event/picturebook-workshop-11/","url":"https://ewb.lu/en/event/picturebook-workshop-11/","name":"Picturebook Workshop - EWB","isPartOf":{"@id":"https://ewb.lu/en/#website"},"primaryImageOfPage":{"@id":"https://ewb.lu/en/event/picturebook-workshop-11/#primaryimage"},"image":{"@id":"https://ewb.lu/en/event/picturebook-workshop-11/#primaryimage"},"thumbnailUrl":"https://ewb.lu/wp-content/uploads/2025/02/Picturebook-Workshop-3-2.jpg","datePublished":"2026-04-29T15:06:05+00:00","dateModified":"2026-04-30T17:41:34+00:00","breadcrumb":{"@id":"https://ewb.lu/en/event/picturebook-workshop-11/#breadcrumb"},"inLanguage":"en-US","potentialAction":[{"@type":"ReadAction","target":["https://ewb.lu/en/event/picturebook-workshop-11/"]}]},{"@type":"ImageObject","inLanguage":"en-US","@id":"https://ewb.lu/en/event/picturebook-workshop-11/#primaryimage","url":"https://ewb.lu/wp-content/uploads/2025/02/Picturebook-Workshop-3-2.jpg","contentUrl":"https://ewb.lu/wp-content/uploads/2025/02/Picturebook-Workshop-3-2.jpg","width":1080,"height":1080},{"@type":"BreadcrumbList","@id":"https://ewb.lu/en/event/picturebook-workshop-11/#breadcrumb","itemListElement":[{"@type":"ListItem","position":1,"name":"Startseite","item":"https://ewb.lu/en/"},{"@type":"ListItem","position":2,"name":"Picturebook Workshop"}]},{"@type":"WebSite","@id":"https://ewb.lu/en/#website","url":"https://ewb.lu/en/","name":"EwB ErwuesseBildung","description":"ErwuesseBildung","publisher":{"@id":"https://ewb.lu/en/#organization"},"alternateName":"EWB","potentialAction":[{"@type":"SearchAction","target":{"@type":"EntryPoint","urlTemplate":"https://ewb.lu/en/?s={search_term_string}"},"query-input":{"@type":"PropertyValueSpecification","valueRequired":true,"valueName":"search_term_string"}}],"inLanguage":"en-US"},{"@type":"Organization","@id":"https://ewb.lu/en/#organization","name":"ErwuesseBildung Asbl","alternateName":"EWB","url":"https://ewb.lu/en/","logo":{"@type":"ImageObject","inLanguage":"en-US","@id":"https://ewb.lu/en/#/schema/logo/image/","url":"https://ewb.lu/wp-content/uploads/2022/11/ewb-logo-header.svg","contentUrl":"https://ewb.lu/wp-content/uploads/2022/11/ewb-logo-header.svg","width":301,"height":38,"caption":"ErwuesseBildung Asbl"},"image":{"@id":"https://ewb.lu/en/#/schema/logo/image/"},"sameAs":["https://www.facebook.com/ErwuesseBild/","https://lu.linkedin.com/company/erwuessebildung---formation-dadultes","https://www.instagram.com/erwuessebildung_asbl/"]}]}</script>
<!-- / Yoast SEO plugin. -->

Kreativworkshop | Creative workshop | Atelier créatif
