{"id":3207,"date":"2022-11-24T10:06:50","date_gmt":"2022-11-24T09:06:50","guid":{"rendered":"https:\/\/ewb.cuco.dev\/event\/was-heisst-bildung-in-der-erwuessebildung\/"},"modified":"2022-11-24T10:06:50","modified_gmt":"2022-11-24T09:06:50","slug":"was-heisst-bildung-in-der-erwuessebildung","status":"publish","type":"event","link":"https:\/\/ewb.lu\/en\/event\/was-heisst-bildung-in-der-erwuessebildung\/","title":{"rendered":"Was hei\u00dft &#8216;Bildung&#8217; in der ErwuesseBildung?"},"content":{"rendered":"<p><strong>Festliche Jubil\u00e4ums-Table Ronde<\/strong><\/p>\n<p>\u200dWelche Herausforderungen stellen sich, wenn <em>Bildung<\/em> als Entwicklungsprozess des Menschen verstanden wird \u2013 als vielschichtige Gestaltung der eigenen Person und des Wirkens in der Gesellschaft? Was kann, soll und muss ein begleitender Raum dabei leisten?<\/p>\n<p>\u200d<\/p>\n<p>PROGRAMM<\/p>\n<p><strong>Centre Convict, Salle Marie-Th\u00e9r\u00e8se <\/strong><\/p>\n<p>&nbsp;<\/p>\n<p>18.00 Begr\u00fc\u00dfung durch Pit P\u00e9port\u00e9, Pr\u00e4sident der EwB:<\/p>\n<p>Kurzer R\u00fcckblick auf 50 Jahre und Ausblick auf die n\u00e4chsten Jahre<\/p>\n<p>Kurzansprachen unserer Ehreng\u00e4ste und Finanzpartner<\/p>\n<p>&nbsp;<\/p>\n<p>18.45 \u2013 20.30 <em>Table Ronde<\/em> zum Begriff &#8220;Bildung&#8221; in der <em>ErwuesseBildung<br \/>\n[SIM. ENGLISH TRANSLATION]<\/em><\/p>\n<p>&nbsp;<\/p>\n<p>Um den Tisch sitzen<\/p>\n<p>* Prof. Dr. Dr. h. c. Julian Nida-R\u00fcmelin. Philosoph, Direktor am Bayerischen Forschungsinstitut f\u00fcr digitale Transformation, Staatsminister f\u00fcr Kultur a.D., stellvertretender Vorsitzender des dt. Ethikrats<\/p>\n<p>* J\u00fcrgen Stoldt. Politologe und Mitherausgeber des <em>forum<\/em><\/p>\n<p>* Hanady Salhab. Expertin f\u00fcr Interdisziplinarit\u00e4t und Kompetenzendes 21. Jh., Lehrende im Lyc\u00e9e Edward Steichen Clervaux<\/p>\n<p>* Dr. Dany Weyer. Experte f\u00fcr Partizipation und kulturelle Bildung<\/p>\n<p>&nbsp;<\/p>\n<p>Moderiert von Dr. Nora Schleich. Programmkoordinatorin der EwB<\/p>\n<p>\u200d<\/p>\n<p>20.30 Abschlussworte: Ulrike Kohl, EwB Leiterin<\/p>\n","protected":false},"excerpt":{"rendered":"<p>50 Jahre ErwuesseBildung<br \/>\nWelche Herausforderungen stellen sich, wenn Bildung als Entwicklungsprozess des Menschen verstanden wird \u2013 als vielschichtige Gestaltung der eigenen Person und des Wirkens in der Gesellschaft? Was kann, soll und muss ein begleitender Raum dabei leisten?<\/p>\n","protected":false},"featured_media":0,"template":"","program":[],"class_list":["post-3207","event","type-event","status-publish","hentry"],"acf":[],"yoast_head":"<!-- This site is optimized with the Yoast SEO plugin v27.1.1 - https:\/\/yoast.com\/product\/yoast-seo-wordpress\/ -->\n<title>Was hei\u00dft &#039;Bildung&#039; in der ErwuesseBildung? - EWB<\/title>\n<meta name=\"robots\" content=\"index, follow, max-snippet:-1, max-image-preview:large, max-video-preview:-1\" \/>\n<link rel=\"canonical\" href=\"https:\/\/ewb.lu\/en\/event\/was-heisst-bildung-in-der-erwuessebildung\/\" \/>\n<meta property=\"og:locale\" content=\"en_US\" \/>\n<meta property=\"og:type\" content=\"article\" \/>\n<meta property=\"og:title\" content=\"Was hei\u00dft &#039;Bildung&#039; in der ErwuesseBildung? - EWB\" \/>\n<meta property=\"og:description\" content=\"50 Jahre ErwuesseBildung Welche Herausforderungen stellen sich, wenn Bildung als Entwicklungsprozess des Menschen verstanden wird \u2013 als vielschichtige Gestaltung der eigenen Person und des Wirkens in der Gesellschaft? Was kann, soll und muss ein begleitender Raum dabei leisten?\" \/>\n<meta property=\"og:url\" content=\"https:\/\/ewb.lu\/en\/event\/was-heisst-bildung-in-der-erwuessebildung\/\" \/>\n<meta property=\"og:site_name\" content=\"EWB\" \/>\n<meta property=\"article:publisher\" content=\"https:\/\/www.facebook.com\/ErwuesseBild\/\" \/>\n<meta property=\"og:image\" content=\"https:\/\/ewb.lu\/wp-content\/uploads\/2022\/09\/logo.png\" \/>\n\t<meta property=\"og:image:width\" content=\"269\" \/>\n\t<meta property=\"og:image:height\" content=\"81\" \/>\n\t<meta property=\"og:image:type\" content=\"image\/png\" \/>\n<meta name=\"twitter:card\" content=\"summary_large_image\" \/>\n<meta name=\"twitter:label1\" content=\"Est. reading time\" \/>\n\t<meta name=\"twitter:data1\" content=\"1 minute\" \/>\n<script type=\"application\/ld+json\" class=\"yoast-schema-graph\">{\"@context\":\"https:\/\/schema.org\",\"@graph\":[{\"@type\":\"WebPage\",\"@id\":\"https:\/\/ewb.lu\/en\/event\/was-heisst-bildung-in-der-erwuessebildung\/\",\"url\":\"https:\/\/ewb.lu\/en\/event\/was-heisst-bildung-in-der-erwuessebildung\/\",\"name\":\"Was hei\u00dft 'Bildung' in der ErwuesseBildung? - EWB\",\"isPartOf\":{\"@id\":\"https:\/\/ewb.lu\/en\/#website\"},\"datePublished\":\"2022-11-24T09:06:50+00:00\",\"breadcrumb\":{\"@id\":\"https:\/\/ewb.lu\/en\/event\/was-heisst-bildung-in-der-erwuessebildung\/#breadcrumb\"},\"inLanguage\":\"en-US\",\"potentialAction\":[{\"@type\":\"ReadAction\",\"target\":[\"https:\/\/ewb.lu\/en\/event\/was-heisst-bildung-in-der-erwuessebildung\/\"]}]},{\"@type\":\"BreadcrumbList\",\"@id\":\"https:\/\/ewb.lu\/en\/event\/was-heisst-bildung-in-der-erwuessebildung\/#breadcrumb\",\"itemListElement\":[{\"@type\":\"ListItem\",\"position\":1,\"name\":\"Startseite\",\"item\":\"https:\/\/ewb.lu\/en\/\"},{\"@type\":\"ListItem\",\"position\":2,\"name\":\"Was hei\u00dft &#8216;Bildung&#8217; in der ErwuesseBildung?\"}]},{\"@type\":\"WebSite\",\"@id\":\"https:\/\/ewb.lu\/en\/#website\",\"url\":\"https:\/\/ewb.lu\/en\/\",\"name\":\"EwB ErwuesseBildung\",\"description\":\"ErwuesseBildung\",\"publisher\":{\"@id\":\"https:\/\/ewb.lu\/en\/#organization\"},\"alternateName\":\"EWB\",\"potentialAction\":[{\"@type\":\"SearchAction\",\"target\":{\"@type\":\"EntryPoint\",\"urlTemplate\":\"https:\/\/ewb.lu\/en\/?s={search_term_string}\"},\"query-input\":{\"@type\":\"PropertyValueSpecification\",\"valueRequired\":true,\"valueName\":\"search_term_string\"}}],\"inLanguage\":\"en-US\"},{\"@type\":\"Organization\",\"@id\":\"https:\/\/ewb.lu\/en\/#organization\",\"name\":\"ErwuesseBildung Asbl\",\"alternateName\":\"EWB\",\"url\":\"https:\/\/ewb.lu\/en\/\",\"logo\":{\"@type\":\"ImageObject\",\"inLanguage\":\"en-US\",\"@id\":\"https:\/\/ewb.lu\/en\/#\/schema\/logo\/image\/\",\"url\":\"https:\/\/ewb.lu\/wp-content\/uploads\/2022\/11\/ewb-logo-header.svg\",\"contentUrl\":\"https:\/\/ewb.lu\/wp-content\/uploads\/2022\/11\/ewb-logo-header.svg\",\"width\":301,\"height\":38,\"caption\":\"ErwuesseBildung Asbl\"},\"image\":{\"@id\":\"https:\/\/ewb.lu\/en\/#\/schema\/logo\/image\/\"},\"sameAs\":[\"https:\/\/www.facebook.com\/ErwuesseBild\/\",\"https:\/\/lu.linkedin.com\/company\/erwuessebildung---formation-dadultes\",\"https:\/\/www.instagram.com\/erwuessebildung_asbl\/\"]}]}<\/script>\n<!-- \/ Yoast SEO plugin. -->","yoast_head_json":{"title":"Was hei\u00dft 'Bildung' in der ErwuesseBildung? - EWB","robots":{"index":"index","follow":"follow","max-snippet":"max-snippet:-1","max-image-preview":"max-image-preview:large","max-video-preview":"max-video-preview:-1"},"canonical":"https:\/\/ewb.lu\/en\/event\/was-heisst-bildung-in-der-erwuessebildung\/","og_locale":"en_US","og_type":"article","og_title":"Was hei\u00dft 'Bildung' in der ErwuesseBildung? - EWB","og_description":"50 Jahre ErwuesseBildung Welche Herausforderungen stellen sich, wenn Bildung als Entwicklungsprozess des Menschen verstanden wird \u2013 als vielschichtige Gestaltung der eigenen Person und des Wirkens in der Gesellschaft? Was kann, soll und muss ein begleitender Raum dabei leisten?","og_url":"https:\/\/ewb.lu\/en\/event\/was-heisst-bildung-in-der-erwuessebildung\/","og_site_name":"EWB","article_publisher":"https:\/\/www.facebook.com\/ErwuesseBild\/","og_image":[{"width":269,"height":81,"url":"https:\/\/ewb.lu\/wp-content\/uploads\/2022\/09\/logo.png","type":"image\/png"}],"twitter_card":"summary_large_image","twitter_misc":{"Est. reading time":"1 minute"},"schema":{"@context":"https:\/\/schema.org","@graph":[{"@type":"WebPage","@id":"https:\/\/ewb.lu\/en\/event\/was-heisst-bildung-in-der-erwuessebildung\/","url":"https:\/\/ewb.lu\/en\/event\/was-heisst-bildung-in-der-erwuessebildung\/","name":"Was hei\u00dft 'Bildung' in der ErwuesseBildung? - EWB","isPartOf":{"@id":"https:\/\/ewb.lu\/en\/#website"},"datePublished":"2022-11-24T09:06:50+00:00","breadcrumb":{"@id":"https:\/\/ewb.lu\/en\/event\/was-heisst-bildung-in-der-erwuessebildung\/#breadcrumb"},"inLanguage":"en-US","potentialAction":[{"@type":"ReadAction","target":["https:\/\/ewb.lu\/en\/event\/was-heisst-bildung-in-der-erwuessebildung\/"]}]},{"@type":"BreadcrumbList","@id":"https:\/\/ewb.lu\/en\/event\/was-heisst-bildung-in-der-erwuessebildung\/#breadcrumb","itemListElement":[{"@type":"ListItem","position":1,"name":"Startseite","item":"https:\/\/ewb.lu\/en\/"},{"@type":"ListItem","position":2,"name":"Was hei\u00dft &#8216;Bildung&#8217; in der ErwuesseBildung?"}]},{"@type":"WebSite","@id":"https:\/\/ewb.lu\/en\/#website","url":"https:\/\/ewb.lu\/en\/","name":"EwB ErwuesseBildung","description":"ErwuesseBildung","publisher":{"@id":"https:\/\/ewb.lu\/en\/#organization"},"alternateName":"EWB","potentialAction":[{"@type":"SearchAction","target":{"@type":"EntryPoint","urlTemplate":"https:\/\/ewb.lu\/en\/?s={search_term_string}"},"query-input":{"@type":"PropertyValueSpecification","valueRequired":true,"valueName":"search_term_string"}}],"inLanguage":"en-US"},{"@type":"Organization","@id":"https:\/\/ewb.lu\/en\/#organization","name":"ErwuesseBildung Asbl","alternateName":"EWB","url":"https:\/\/ewb.lu\/en\/","logo":{"@type":"ImageObject","inLanguage":"en-US","@id":"https:\/\/ewb.lu\/en\/#\/schema\/logo\/image\/","url":"https:\/\/ewb.lu\/wp-content\/uploads\/2022\/11\/ewb-logo-header.svg","contentUrl":"https:\/\/ewb.lu\/wp-content\/uploads\/2022\/11\/ewb-logo-header.svg","width":301,"height":38,"caption":"ErwuesseBildung Asbl"},"image":{"@id":"https:\/\/ewb.lu\/en\/#\/schema\/logo\/image\/"},"sameAs":["https:\/\/www.facebook.com\/ErwuesseBild\/","https:\/\/lu.linkedin.com\/company\/erwuessebildung---formation-dadultes","https:\/\/www.instagram.com\/erwuessebildung_asbl\/"]}]}},"_links":{"self":[{"href":"https:\/\/ewb.lu\/en\/wp-json\/wp\/v2\/event\/3207","targetHints":{"allow":["GET"]}}],"collection":[{"href":"https:\/\/ewb.lu\/en\/wp-json\/wp\/v2\/event"}],"about":[{"href":"https:\/\/ewb.lu\/en\/wp-json\/wp\/v2\/types\/event"}],"version-history":[{"count":0,"href":"https:\/\/ewb.lu\/en\/wp-json\/wp\/v2\/event\/3207\/revisions"}],"wp:attachment":[{"href":"https:\/\/ewb.lu\/en\/wp-json\/wp\/v2\/media?parent=3207"}],"wp:term":[{"taxonomy":"program","embeddable":true,"href":"https:\/\/ewb.lu\/en\/wp-json\/wp\/v2\/program?post=3207"}],"curies":[{"name":"wp","href":"https:\/\/api.w.org\/{rel}","templated":true}]}}

Was heißt &#8216;Bildung&#8217; in der ErwuesseBildung?

<p><strong>Festliche Jubiläums-Table Ronde</strong></p>
<p>‍Welche Herausforderungen stellen sich, wenn <em>Bildung</em> als Entwicklungsprozess des Menschen verstanden wird – als vielschichtige Gestaltung der eigenen Person und des Wirkens in der Gesellschaft? Was kann, soll und muss ein begleitender Raum dabei leisten?</p>
<p>‍</p>
<p>PROGRAMM</p>
<p><strong>Centre Convict, Salle Marie-Thérèse </strong></p>
<p>&nbsp;</p>
<p>18.00 Begrüßung durch Pit Péporté, Präsident der EwB:</p>
<p>Kurzer Rückblick auf 50 Jahre und Ausblick auf die nächsten Jahre</p>
<p>Kurzansprachen unserer Ehrengäste und Finanzpartner</p>
<p>&nbsp;</p>
<p>18.45 – 20.30 <em>Table Ronde</em> zum Begriff &#8220;Bildung&#8221; in der <em>ErwuesseBildung<br />
[SIM. ENGLISH TRANSLATION]</em></p>
<p>&nbsp;</p>
<p>Um den Tisch sitzen</p>
<p>* Prof. Dr. Dr. h. c. Julian Nida-Rümelin. Philosoph, Direktor am Bayerischen Forschungsinstitut für digitale Transformation, Staatsminister für Kultur a.D., stellvertretender Vorsitzender des dt. Ethikrats</p>
<p>* Jürgen Stoldt. Politologe und Mitherausgeber des <em>forum</em></p>
<p>* Hanady Salhab. Expertin für Interdisziplinarität und Kompetenzendes 21. Jh., Lehrende im Lycée Edward Steichen Clervaux</p>
<p>* Dr. Dany Weyer. Experte für Partizipation und kulturelle Bildung</p>
<p>&nbsp;</p>
<p>Moderiert von Dr. Nora Schleich. Programmkoordinatorin der EwB</p>
<p>‍</p>
<p>20.30 Abschlussworte: Ulrike Kohl, EwB Leiterin</p>

<!-- This site is optimized with the Yoast SEO plugin v27.1.1 - https://yoast.com/product/yoast-seo-wordpress/ -->
<title>Was heißt &#039;Bildung&#039; in der ErwuesseBildung? - EWB</title>
<meta name="robots" content="index, follow, max-snippet:-1, max-image-preview:large, max-video-preview:-1" />
<link rel="canonical" href="https://ewb.lu/en/event/was-heisst-bildung-in-der-erwuessebildung/" />
<meta property="og:locale" content="en_US" />
<meta property="og:type" content="article" />
<meta property="og:title" content="Was heißt &#039;Bildung&#039; in der ErwuesseBildung? - EWB" />
<meta property="og:description" content="50 Jahre ErwuesseBildung Welche Herausforderungen stellen sich, wenn Bildung als Entwicklungsprozess des Menschen verstanden wird – als vielschichtige Gestaltung der eigenen Person und des Wirkens in der Gesellschaft? Was kann, soll und muss ein begleitender Raum dabei leisten?" />
<meta property="og:url" content="https://ewb.lu/en/event/was-heisst-bildung-in-der-erwuessebildung/" />
<meta property="og:site_name" content="EWB" />
<meta property="article:publisher" content="https://www.facebook.com/ErwuesseBild/" />
<meta property="og:image" content="https://ewb.lu/wp-content/uploads/2022/09/logo.png" />
	<meta property="og:image:width" content="269" />
	<meta property="og:image:height" content="81" />
	<meta property="og:image:type" content="image/png" />
<meta name="twitter:card" content="summary_large_image" />
<meta name="twitter:label1" content="Est. reading time" />
	<meta name="twitter:data1" content="1 minute" />
<script type="application/ld+json" class="yoast-schema-graph">{"@context":"https://schema.org","@graph":[{"@type":"WebPage","@id":"https://ewb.lu/en/event/was-heisst-bildung-in-der-erwuessebildung/","url":"https://ewb.lu/en/event/was-heisst-bildung-in-der-erwuessebildung/","name":"Was heißt 'Bildung' in der ErwuesseBildung? - EWB","isPartOf":{"@id":"https://ewb.lu/en/#website"},"datePublished":"2022-11-24T09:06:50+00:00","breadcrumb":{"@id":"https://ewb.lu/en/event/was-heisst-bildung-in-der-erwuessebildung/#breadcrumb"},"inLanguage":"en-US","potentialAction":[{"@type":"ReadAction","target":["https://ewb.lu/en/event/was-heisst-bildung-in-der-erwuessebildung/"]}]},{"@type":"BreadcrumbList","@id":"https://ewb.lu/en/event/was-heisst-bildung-in-der-erwuessebildung/#breadcrumb","itemListElement":[{"@type":"ListItem","position":1,"name":"Startseite","item":"https://ewb.lu/en/"},{"@type":"ListItem","position":2,"name":"Was heißt &#8216;Bildung&#8217; in der ErwuesseBildung?"}]},{"@type":"WebSite","@id":"https://ewb.lu/en/#website","url":"https://ewb.lu/en/","name":"EwB ErwuesseBildung","description":"ErwuesseBildung","publisher":{"@id":"https://ewb.lu/en/#organization"},"alternateName":"EWB","potentialAction":[{"@type":"SearchAction","target":{"@type":"EntryPoint","urlTemplate":"https://ewb.lu/en/?s={search_term_string}"},"query-input":{"@type":"PropertyValueSpecification","valueRequired":true,"valueName":"search_term_string"}}],"inLanguage":"en-US"},{"@type":"Organization","@id":"https://ewb.lu/en/#organization","name":"ErwuesseBildung Asbl","alternateName":"EWB","url":"https://ewb.lu/en/","logo":{"@type":"ImageObject","inLanguage":"en-US","@id":"https://ewb.lu/en/#/schema/logo/image/","url":"https://ewb.lu/wp-content/uploads/2022/11/ewb-logo-header.svg","contentUrl":"https://ewb.lu/wp-content/uploads/2022/11/ewb-logo-header.svg","width":301,"height":38,"caption":"ErwuesseBildung Asbl"},"image":{"@id":"https://ewb.lu/en/#/schema/logo/image/"},"sameAs":["https://www.facebook.com/ErwuesseBild/","https://lu.linkedin.com/company/erwuessebildung---formation-dadultes","https://www.instagram.com/erwuessebildung_asbl/"]}]}</script>
<!-- / Yoast SEO plugin. -->

Was heißt 'Bildung' in der ErwuesseBildung? - EWB
