{"id":3977,"date":"2023-05-03T08:48:04","date_gmt":"2023-05-03T07:48:04","guid":{"rendered":"https:\/\/ewb.lu\/event\/vernissage-ausstellung-seydina-issa-mbaye\/"},"modified":"2023-05-03T08:54:53","modified_gmt":"2023-05-03T07:54:53","slug":"vernissage-ausstellung-seydina-issa-mbaye","status":"publish","type":"event","link":"https:\/\/ewb.lu\/en\/event\/vernissage-ausstellung-seydina-issa-mbaye\/","title":{"rendered":"Vernissage &#8211; Ausstellung Seydina Issa Mbaye"},"content":{"rendered":"<section class=\"wpb-content-wrapper\"><p>[vc_row][vc_column][vc_column_text]De <strong>K\u00ebnschtler Seydina Issa Mbaye<\/strong> pr\u00e4sent\u00e9iert seng Wierker ab dem 10.6.\u201310.7.23 an der ErwuesseBildung. Seng Konscht weist <strong>afrikanesch Landschaften a Personnagen<\/strong>, heiansdo abstrakt an heiansdo ganz konkret \u2013 virun allem awer: <strong>voller Faarf a Liewen<\/strong>.<\/p>\n<p>Op der <strong>Vernissage den 10. Juni um 1 8 Auer <\/strong>erzielt de K\u00ebnschtler iwwert s\u00e4i Land de Senegal a seng Konscht. Dozou br\u00e9ngt hien senegalesescht Snacks a Gedr\u00e9nks mat \u2013 fir all d\u2019S\u00ebnner ass deemno eppes dob\u00e4i![\/vc_column_text][\/vc_column][\/vc_row][vc_row][vc_column][vc_single_image image=&#8221;3958&#8243; img_size=&#8221;medium&#8221; add_caption=&#8221;yes&#8221;][\/vc_column][\/vc_row]<\/p>\n<\/section>","protected":false},"excerpt":{"rendered":"<p>An der Presenz vum Artist<\/p>\n","protected":false},"featured_media":3783,"template":"","program":[137,113],"class_list":["post-3977","event","type-event","status-publish","has-post-thumbnail","hentry","program-art-and-life","program-society-today-en"],"acf":[],"yoast_head":"<!-- This site is optimized with the Yoast SEO plugin v27.1.1 - https:\/\/yoast.com\/product\/yoast-seo-wordpress\/ -->\n<title>Vernissage - Ausstellung Seydina Issa Mbaye - EWB<\/title>\n<meta name=\"robots\" content=\"index, follow, max-snippet:-1, max-image-preview:large, max-video-preview:-1\" \/>\n<link rel=\"canonical\" href=\"https:\/\/ewb.lu\/en\/event\/vernissage-ausstellung-seydina-issa-mbaye\/\" \/>\n<meta property=\"og:locale\" content=\"en_US\" \/>\n<meta property=\"og:type\" content=\"article\" \/>\n<meta property=\"og:title\" content=\"Vernissage - Ausstellung Seydina Issa Mbaye - EWB\" \/>\n<meta property=\"og:description\" content=\"An der Presenz vum Artist\" \/>\n<meta property=\"og:url\" content=\"https:\/\/ewb.lu\/en\/event\/vernissage-ausstellung-seydina-issa-mbaye\/\" \/>\n<meta property=\"og:site_name\" content=\"EWB\" \/>\n<meta property=\"article:publisher\" content=\"https:\/\/www.facebook.com\/ErwuesseBild\/\" \/>\n<meta property=\"article:modified_time\" content=\"2023-05-03T07:54:53+00:00\" \/>\n<meta property=\"og:image\" content=\"https:\/\/ewb.lu\/wp-content\/uploads\/2023\/05\/Bildschirmfoto-2023-04-26-um-15.09.21.jpg\" \/>\n\t<meta property=\"og:image:width\" content=\"1200\" \/>\n\t<meta property=\"og:image:height\" content=\"1203\" \/>\n\t<meta property=\"og:image:type\" content=\"image\/jpeg\" \/>\n<meta name=\"twitter:card\" content=\"summary_large_image\" \/>\n<meta name=\"twitter:label1\" content=\"Est. reading time\" \/>\n\t<meta name=\"twitter:data1\" content=\"1 minute\" \/>\n<script type=\"application\/ld+json\" class=\"yoast-schema-graph\">{\"@context\":\"https:\/\/schema.org\",\"@graph\":[{\"@type\":\"WebPage\",\"@id\":\"https:\/\/ewb.lu\/en\/event\/vernissage-ausstellung-seydina-issa-mbaye\/\",\"url\":\"https:\/\/ewb.lu\/en\/event\/vernissage-ausstellung-seydina-issa-mbaye\/\",\"name\":\"Vernissage - Ausstellung Seydina Issa Mbaye - EWB\",\"isPartOf\":{\"@id\":\"https:\/\/ewb.lu\/en\/#website\"},\"primaryImageOfPage\":{\"@id\":\"https:\/\/ewb.lu\/en\/event\/vernissage-ausstellung-seydina-issa-mbaye\/#primaryimage\"},\"image\":{\"@id\":\"https:\/\/ewb.lu\/en\/event\/vernissage-ausstellung-seydina-issa-mbaye\/#primaryimage\"},\"thumbnailUrl\":\"https:\/\/ewb.lu\/wp-content\/uploads\/2023\/05\/Bildschirmfoto-2023-04-26-um-15.09.21.jpg\",\"datePublished\":\"2023-05-03T07:48:04+00:00\",\"dateModified\":\"2023-05-03T07:54:53+00:00\",\"breadcrumb\":{\"@id\":\"https:\/\/ewb.lu\/en\/event\/vernissage-ausstellung-seydina-issa-mbaye\/#breadcrumb\"},\"inLanguage\":\"en-US\",\"potentialAction\":[{\"@type\":\"ReadAction\",\"target\":[\"https:\/\/ewb.lu\/en\/event\/vernissage-ausstellung-seydina-issa-mbaye\/\"]}]},{\"@type\":\"ImageObject\",\"inLanguage\":\"en-US\",\"@id\":\"https:\/\/ewb.lu\/en\/event\/vernissage-ausstellung-seydina-issa-mbaye\/#primaryimage\",\"url\":\"https:\/\/ewb.lu\/wp-content\/uploads\/2023\/05\/Bildschirmfoto-2023-04-26-um-15.09.21.jpg\",\"contentUrl\":\"https:\/\/ewb.lu\/wp-content\/uploads\/2023\/05\/Bildschirmfoto-2023-04-26-um-15.09.21.jpg\",\"width\":1200,\"height\":1203},{\"@type\":\"BreadcrumbList\",\"@id\":\"https:\/\/ewb.lu\/en\/event\/vernissage-ausstellung-seydina-issa-mbaye\/#breadcrumb\",\"itemListElement\":[{\"@type\":\"ListItem\",\"position\":1,\"name\":\"Startseite\",\"item\":\"https:\/\/ewb.lu\/en\/\"},{\"@type\":\"ListItem\",\"position\":2,\"name\":\"Vernissage &#8211; Ausstellung Seydina Issa Mbaye\"}]},{\"@type\":\"WebSite\",\"@id\":\"https:\/\/ewb.lu\/en\/#website\",\"url\":\"https:\/\/ewb.lu\/en\/\",\"name\":\"EwB ErwuesseBildung\",\"description\":\"ErwuesseBildung\",\"publisher\":{\"@id\":\"https:\/\/ewb.lu\/en\/#organization\"},\"alternateName\":\"EWB\",\"potentialAction\":[{\"@type\":\"SearchAction\",\"target\":{\"@type\":\"EntryPoint\",\"urlTemplate\":\"https:\/\/ewb.lu\/en\/?s={search_term_string}\"},\"query-input\":{\"@type\":\"PropertyValueSpecification\",\"valueRequired\":true,\"valueName\":\"search_term_string\"}}],\"inLanguage\":\"en-US\"},{\"@type\":\"Organization\",\"@id\":\"https:\/\/ewb.lu\/en\/#organization\",\"name\":\"ErwuesseBildung Asbl\",\"alternateName\":\"EWB\",\"url\":\"https:\/\/ewb.lu\/en\/\",\"logo\":{\"@type\":\"ImageObject\",\"inLanguage\":\"en-US\",\"@id\":\"https:\/\/ewb.lu\/en\/#\/schema\/logo\/image\/\",\"url\":\"https:\/\/ewb.lu\/wp-content\/uploads\/2022\/11\/ewb-logo-header.svg\",\"contentUrl\":\"https:\/\/ewb.lu\/wp-content\/uploads\/2022\/11\/ewb-logo-header.svg\",\"width\":301,\"height\":38,\"caption\":\"ErwuesseBildung Asbl\"},\"image\":{\"@id\":\"https:\/\/ewb.lu\/en\/#\/schema\/logo\/image\/\"},\"sameAs\":[\"https:\/\/www.facebook.com\/ErwuesseBild\/\",\"https:\/\/lu.linkedin.com\/company\/erwuessebildung---formation-dadultes\",\"https:\/\/www.instagram.com\/erwuessebildung_asbl\/\"]}]}<\/script>\n<!-- \/ Yoast SEO plugin. -->","yoast_head_json":{"title":"Vernissage - Ausstellung Seydina Issa Mbaye - EWB","robots":{"index":"index","follow":"follow","max-snippet":"max-snippet:-1","max-image-preview":"max-image-preview:large","max-video-preview":"max-video-preview:-1"},"canonical":"https:\/\/ewb.lu\/en\/event\/vernissage-ausstellung-seydina-issa-mbaye\/","og_locale":"en_US","og_type":"article","og_title":"Vernissage - Ausstellung Seydina Issa Mbaye - EWB","og_description":"An der Presenz vum Artist","og_url":"https:\/\/ewb.lu\/en\/event\/vernissage-ausstellung-seydina-issa-mbaye\/","og_site_name":"EWB","article_publisher":"https:\/\/www.facebook.com\/ErwuesseBild\/","article_modified_time":"2023-05-03T07:54:53+00:00","og_image":[{"width":1200,"height":1203,"url":"https:\/\/ewb.lu\/wp-content\/uploads\/2023\/05\/Bildschirmfoto-2023-04-26-um-15.09.21.jpg","type":"image\/jpeg"}],"twitter_card":"summary_large_image","twitter_misc":{"Est. reading time":"1 minute"},"schema":{"@context":"https:\/\/schema.org","@graph":[{"@type":"WebPage","@id":"https:\/\/ewb.lu\/en\/event\/vernissage-ausstellung-seydina-issa-mbaye\/","url":"https:\/\/ewb.lu\/en\/event\/vernissage-ausstellung-seydina-issa-mbaye\/","name":"Vernissage - Ausstellung Seydina Issa Mbaye - EWB","isPartOf":{"@id":"https:\/\/ewb.lu\/en\/#website"},"primaryImageOfPage":{"@id":"https:\/\/ewb.lu\/en\/event\/vernissage-ausstellung-seydina-issa-mbaye\/#primaryimage"},"image":{"@id":"https:\/\/ewb.lu\/en\/event\/vernissage-ausstellung-seydina-issa-mbaye\/#primaryimage"},"thumbnailUrl":"https:\/\/ewb.lu\/wp-content\/uploads\/2023\/05\/Bildschirmfoto-2023-04-26-um-15.09.21.jpg","datePublished":"2023-05-03T07:48:04+00:00","dateModified":"2023-05-03T07:54:53+00:00","breadcrumb":{"@id":"https:\/\/ewb.lu\/en\/event\/vernissage-ausstellung-seydina-issa-mbaye\/#breadcrumb"},"inLanguage":"en-US","potentialAction":[{"@type":"ReadAction","target":["https:\/\/ewb.lu\/en\/event\/vernissage-ausstellung-seydina-issa-mbaye\/"]}]},{"@type":"ImageObject","inLanguage":"en-US","@id":"https:\/\/ewb.lu\/en\/event\/vernissage-ausstellung-seydina-issa-mbaye\/#primaryimage","url":"https:\/\/ewb.lu\/wp-content\/uploads\/2023\/05\/Bildschirmfoto-2023-04-26-um-15.09.21.jpg","contentUrl":"https:\/\/ewb.lu\/wp-content\/uploads\/2023\/05\/Bildschirmfoto-2023-04-26-um-15.09.21.jpg","width":1200,"height":1203},{"@type":"BreadcrumbList","@id":"https:\/\/ewb.lu\/en\/event\/vernissage-ausstellung-seydina-issa-mbaye\/#breadcrumb","itemListElement":[{"@type":"ListItem","position":1,"name":"Startseite","item":"https:\/\/ewb.lu\/en\/"},{"@type":"ListItem","position":2,"name":"Vernissage &#8211; Ausstellung Seydina Issa Mbaye"}]},{"@type":"WebSite","@id":"https:\/\/ewb.lu\/en\/#website","url":"https:\/\/ewb.lu\/en\/","name":"EwB ErwuesseBildung","description":"ErwuesseBildung","publisher":{"@id":"https:\/\/ewb.lu\/en\/#organization"},"alternateName":"EWB","potentialAction":[{"@type":"SearchAction","target":{"@type":"EntryPoint","urlTemplate":"https:\/\/ewb.lu\/en\/?s={search_term_string}"},"query-input":{"@type":"PropertyValueSpecification","valueRequired":true,"valueName":"search_term_string"}}],"inLanguage":"en-US"},{"@type":"Organization","@id":"https:\/\/ewb.lu\/en\/#organization","name":"ErwuesseBildung Asbl","alternateName":"EWB","url":"https:\/\/ewb.lu\/en\/","logo":{"@type":"ImageObject","inLanguage":"en-US","@id":"https:\/\/ewb.lu\/en\/#\/schema\/logo\/image\/","url":"https:\/\/ewb.lu\/wp-content\/uploads\/2022\/11\/ewb-logo-header.svg","contentUrl":"https:\/\/ewb.lu\/wp-content\/uploads\/2022\/11\/ewb-logo-header.svg","width":301,"height":38,"caption":"ErwuesseBildung Asbl"},"image":{"@id":"https:\/\/ewb.lu\/en\/#\/schema\/logo\/image\/"},"sameAs":["https:\/\/www.facebook.com\/ErwuesseBild\/","https:\/\/lu.linkedin.com\/company\/erwuessebildung---formation-dadultes","https:\/\/www.instagram.com\/erwuessebildung_asbl\/"]}]}},"_links":{"self":[{"href":"https:\/\/ewb.lu\/en\/wp-json\/wp\/v2\/event\/3977","targetHints":{"allow":["GET"]}}],"collection":[{"href":"https:\/\/ewb.lu\/en\/wp-json\/wp\/v2\/event"}],"about":[{"href":"https:\/\/ewb.lu\/en\/wp-json\/wp\/v2\/types\/event"}],"version-history":[{"count":3,"href":"https:\/\/ewb.lu\/en\/wp-json\/wp\/v2\/event\/3977\/revisions"}],"predecessor-version":[{"id":3980,"href":"https:\/\/ewb.lu\/en\/wp-json\/wp\/v2\/event\/3977\/revisions\/3980"}],"wp:featuredmedia":[{"embeddable":true,"href":"https:\/\/ewb.lu\/en\/wp-json\/wp\/v2\/media\/3783"}],"wp:attachment":[{"href":"https:\/\/ewb.lu\/en\/wp-json\/wp\/v2\/media?parent=3977"}],"wp:term":[{"taxonomy":"program","embeddable":true,"href":"https:\/\/ewb.lu\/en\/wp-json\/wp\/v2\/program?post=3977"}],"curies":[{"name":"wp","href":"https:\/\/api.w.org\/{rel}","templated":true}]}}

<section class="wpb-content-wrapper"><p>[vc_row][vc_column][vc_column_text]De <strong>Kënschtler Seydina Issa Mbaye</strong> präsentéiert seng Wierker ab dem 10.6.–10.7.23 an der ErwuesseBildung. Seng Konscht weist <strong>afrikanesch Landschaften a Personnagen</strong>, heiansdo abstrakt an heiansdo ganz konkret – virun allem awer: <strong>voller Faarf a Liewen</strong>.</p>
<p>Op der <strong>Vernissage den 10. Juni um 1 8 Auer </strong>erzielt de Kënschtler iwwert säi Land de Senegal a seng Konscht. Dozou bréngt hien senegalesescht Snacks a Gedrénks mat – fir all d’Sënner ass deemno eppes dobäi![/vc_column_text][/vc_column][/vc_row][vc_row][vc_column][vc_single_image image=&#8221;3958&#8243; img_size=&#8221;medium&#8221; add_caption=&#8221;yes&#8221;][/vc_column][/vc_row]</p>
</section>
