{"id":7870,"date":"2024-02-06T09:55:02","date_gmt":"2024-02-06T08:55:02","guid":{"rendered":"https:\/\/ewb.lu\/?post_type=event&#038;p=7870"},"modified":"2024-02-27T13:23:23","modified_gmt":"2024-02-27T12:23:23","slug":"les-sportifs-en-quete-de-gloire","status":"publish","type":"event","link":"https:\/\/ewb.lu\/en\/event\/les-sportifs-en-quete-de-gloire\/","title":{"rendered":"Les sportifs, en qu\u00eate de gloire"},"content":{"rendered":"<section class=\"wpb-content-wrapper\"><p>[vc_row][vc_column][vc_column_text]<\/p>\n<h3><span style=\"color: #f47f57;\">Conf\u00e9rence aver Jo\u00ebl Thibault, accompagneur spirituel des sportifs de haut niveau<\/span><\/h3>\n<p style=\"font-weight: 400;\">En tant qu&#8217;aum\u00f4nier protestant de sportifs de haut niveau, Joel Thibault nous pr\u00e9sentera ce qui motivent les sportifs \u00e0 tout sacrifier pour atteindre la gloire et comment leurs ambitions se heurtent \u00e0 une crise existentielle. A travers son exp\u00e9rience et le v\u00e9cu de grands champions, <strong>Joel nous exposera comment la dimension holistique doit \u00eatre consid\u00e9r\u00e9e par les instances sportives et en quoi la dimension spirituelle de la tradition chr\u00e9tienne peut r\u00e9pondre aux questions internes des sportifs de haut niveau<\/strong>.<\/p>\n<p>[\/vc_column_text][\/vc_column][\/vc_row][vc_row][vc_column][vc_separator color=&#8221;purple&#8221;][\/vc_column][\/vc_row][vc_row][vc_column width=&#8221;1\/2&#8243;][vc_single_image image=&#8221;7871&#8243; img_size=&#8221;medium&#8221; alignment=&#8221;center&#8221;][\/vc_column][vc_column width=&#8221;1\/2&#8243;][vc_column_text]<\/p>\n<p style=\"font-weight: 400;\"><strong>Notes biographiques: <\/strong><\/p>\n<p style=\"font-weight: 400;\">Ancien footballeur amateur, entra\u00eeneur dipl\u00f4m\u00e9 de la FFF et pasteur protestant, Jo\u00ebl Thibault a fait de l\u2019accompagnement spirituel des sportifs de haut niveau sa vocation. Depuis 2017, il d\u00e9veloppe l\u2019aum\u00f4nerie du sport en France aupr\u00e8s des clubs et f\u00e9d\u00e9rations en formant de futurs aum\u00f4niers. Il anime r\u00e9guli\u00e8rement des partages bibliques pour des sportifs professionnels. Joel est cr\u00e9dit\u00e9 depuis 2014 dans les grands \u00e9v\u00e8nements internationaux ( Jeux Paralympiques \u00e0 RIo 2016, Mondiaux d&#8217;athl\u00e9tisme) Il fait partie de la commission d&#8217;aum\u00f4nerie protestante pour les Jeux Olympiques et Paralympiques de Paris 2024<\/p>\n<p>[\/vc_column_text][\/vc_column][\/vc_row][vc_row][vc_column][vc_column_text]<strong>Joel d\u00e9dicacera son livre &#8220;L&#8217;aum\u00f4nier des champions&#8221; aux \u00e9ditions du cerf, \u00e0 l&#8217;issue de la conf\u00e9rence.<\/strong> Vente possible sur place (20\u20ac).[\/vc_column_text][vc_separator color=&#8221;purple&#8221;][\/vc_column][\/vc_row][vc_row][vc_column][vc_column_text]Organis\u00e9 par le <span lang=\"EN-US\"><a href=\"https:\/\/www.cfd.lu\/fr\/\">Centre de formation dioc\u00e9sain Jean XXIII<\/a> en coop\u00e9ration avec l&#8217;<\/span>EwB, AGIR asbl et InterFaith-Run-For-A-United World asbl.[\/vc_column_text][\/vc_column][\/vc_row][vc_row][vc_column width=&#8221;1\/3&#8243;][vc_single_image image=&#8221;2242&#8243; img_size=&#8221;medium&#8221;][\/vc_column][vc_column width=&#8221;1\/3&#8243;][vc_single_image image=&#8221;7859&#8243; img_size=&#8221;medium&#8221;][\/vc_column][vc_column width=&#8221;1\/3&#8243;][vc_single_image image=&#8221;4803&#8243; img_size=&#8221;medium&#8221;][\/vc_column][\/vc_row]<\/p>\n<\/section>","protected":false},"excerpt":{"rendered":"<p>Conf\u00e9rence aver Jo\u00ebl Thibault, accompagneur spirituel des sportifs de haut niveau<\/p>\n","protected":false},"featured_media":7875,"template":"","program":[82,39],"class_list":["post-7870","event","type-event","status-publish","has-post-thumbnail","hentry","program-interreligioes","program-religioeses-erbe"],"acf":[],"yoast_head":"<!-- This site is optimized with the Yoast SEO plugin v27.1.1 - https:\/\/yoast.com\/product\/yoast-seo-wordpress\/ -->\n<title>Les sportifs, en qu\u00eate de gloire<\/title>\n<meta name=\"robots\" content=\"index, follow, max-snippet:-1, max-image-preview:large, max-video-preview:-1\" \/>\n<link rel=\"canonical\" href=\"https:\/\/ewb.lu\/en\/event\/les-sportifs-en-quete-de-gloire\/\" \/>\n<meta property=\"og:locale\" content=\"en_US\" \/>\n<meta property=\"og:type\" content=\"article\" \/>\n<meta property=\"og:title\" content=\"Les sportifs, en qu\u00eate de gloire\" \/>\n<meta property=\"og:description\" content=\"Conf\u00e9rence aver Jo\u00ebl Thibault, accompagneur spirituel des sportifs de haut niveau\" \/>\n<meta property=\"og:url\" content=\"https:\/\/ewb.lu\/en\/event\/les-sportifs-en-quete-de-gloire\/\" \/>\n<meta property=\"og:site_name\" content=\"EWB\" \/>\n<meta property=\"article:publisher\" content=\"https:\/\/www.facebook.com\/ErwuesseBild\/\" \/>\n<meta property=\"article:modified_time\" content=\"2024-02-27T12:23:23+00:00\" \/>\n<meta property=\"og:image\" content=\"https:\/\/ewb.lu\/wp-content\/uploads\/2024\/02\/Unknown-1.jpeg\" \/>\n\t<meta property=\"og:image:width\" content=\"853\" \/>\n\t<meta property=\"og:image:height\" content=\"1280\" \/>\n\t<meta property=\"og:image:type\" content=\"image\/jpeg\" \/>\n<meta name=\"twitter:card\" content=\"summary_large_image\" \/>\n<meta name=\"twitter:label1\" content=\"Est. reading time\" \/>\n\t<meta name=\"twitter:data1\" content=\"2 minutes\" \/>\n<script type=\"application\/ld+json\" class=\"yoast-schema-graph\">{\"@context\":\"https:\/\/schema.org\",\"@graph\":[{\"@type\":\"WebPage\",\"@id\":\"https:\/\/ewb.lu\/en\/event\/les-sportifs-en-quete-de-gloire\/\",\"url\":\"https:\/\/ewb.lu\/en\/event\/les-sportifs-en-quete-de-gloire\/\",\"name\":\"Les sportifs, en qu\u00eate de gloire\",\"isPartOf\":{\"@id\":\"https:\/\/ewb.lu\/en\/#website\"},\"primaryImageOfPage\":{\"@id\":\"https:\/\/ewb.lu\/en\/event\/les-sportifs-en-quete-de-gloire\/#primaryimage\"},\"image\":{\"@id\":\"https:\/\/ewb.lu\/en\/event\/les-sportifs-en-quete-de-gloire\/#primaryimage\"},\"thumbnailUrl\":\"https:\/\/ewb.lu\/wp-content\/uploads\/2024\/02\/Unknown-1.jpeg\",\"datePublished\":\"2024-02-06T08:55:02+00:00\",\"dateModified\":\"2024-02-27T12:23:23+00:00\",\"breadcrumb\":{\"@id\":\"https:\/\/ewb.lu\/en\/event\/les-sportifs-en-quete-de-gloire\/#breadcrumb\"},\"inLanguage\":\"en-US\",\"potentialAction\":[{\"@type\":\"ReadAction\",\"target\":[\"https:\/\/ewb.lu\/en\/event\/les-sportifs-en-quete-de-gloire\/\"]}]},{\"@type\":\"ImageObject\",\"inLanguage\":\"en-US\",\"@id\":\"https:\/\/ewb.lu\/en\/event\/les-sportifs-en-quete-de-gloire\/#primaryimage\",\"url\":\"https:\/\/ewb.lu\/wp-content\/uploads\/2024\/02\/Unknown-1.jpeg\",\"contentUrl\":\"https:\/\/ewb.lu\/wp-content\/uploads\/2024\/02\/Unknown-1.jpeg\",\"width\":853,\"height\":1280,\"caption\":\"Jo\u00ebl Thibault\"},{\"@type\":\"BreadcrumbList\",\"@id\":\"https:\/\/ewb.lu\/en\/event\/les-sportifs-en-quete-de-gloire\/#breadcrumb\",\"itemListElement\":[{\"@type\":\"ListItem\",\"position\":1,\"name\":\"Startseite\",\"item\":\"https:\/\/ewb.lu\/en\/\"},{\"@type\":\"ListItem\",\"position\":2,\"name\":\"Les sportifs, en qu\u00eate de gloire\"}]},{\"@type\":\"WebSite\",\"@id\":\"https:\/\/ewb.lu\/en\/#website\",\"url\":\"https:\/\/ewb.lu\/en\/\",\"name\":\"EwB ErwuesseBildung\",\"description\":\"ErwuesseBildung\",\"publisher\":{\"@id\":\"https:\/\/ewb.lu\/en\/#organization\"},\"alternateName\":\"EWB\",\"potentialAction\":[{\"@type\":\"SearchAction\",\"target\":{\"@type\":\"EntryPoint\",\"urlTemplate\":\"https:\/\/ewb.lu\/en\/?s={search_term_string}\"},\"query-input\":{\"@type\":\"PropertyValueSpecification\",\"valueRequired\":true,\"valueName\":\"search_term_string\"}}],\"inLanguage\":\"en-US\"},{\"@type\":\"Organization\",\"@id\":\"https:\/\/ewb.lu\/en\/#organization\",\"name\":\"ErwuesseBildung Asbl\",\"alternateName\":\"EWB\",\"url\":\"https:\/\/ewb.lu\/en\/\",\"logo\":{\"@type\":\"ImageObject\",\"inLanguage\":\"en-US\",\"@id\":\"https:\/\/ewb.lu\/en\/#\/schema\/logo\/image\/\",\"url\":\"https:\/\/ewb.lu\/wp-content\/uploads\/2022\/11\/ewb-logo-header.svg\",\"contentUrl\":\"https:\/\/ewb.lu\/wp-content\/uploads\/2022\/11\/ewb-logo-header.svg\",\"width\":301,\"height\":38,\"caption\":\"ErwuesseBildung Asbl\"},\"image\":{\"@id\":\"https:\/\/ewb.lu\/en\/#\/schema\/logo\/image\/\"},\"sameAs\":[\"https:\/\/www.facebook.com\/ErwuesseBild\/\",\"https:\/\/lu.linkedin.com\/company\/erwuessebildung---formation-dadultes\",\"https:\/\/www.instagram.com\/erwuessebildung_asbl\/\"]}]}<\/script>\n<!-- \/ Yoast SEO plugin. -->","yoast_head_json":{"title":"Les sportifs, en qu\u00eate de gloire","robots":{"index":"index","follow":"follow","max-snippet":"max-snippet:-1","max-image-preview":"max-image-preview:large","max-video-preview":"max-video-preview:-1"},"canonical":"https:\/\/ewb.lu\/en\/event\/les-sportifs-en-quete-de-gloire\/","og_locale":"en_US","og_type":"article","og_title":"Les sportifs, en qu\u00eate de gloire","og_description":"Conf\u00e9rence aver Jo\u00ebl Thibault, accompagneur spirituel des sportifs de haut niveau","og_url":"https:\/\/ewb.lu\/en\/event\/les-sportifs-en-quete-de-gloire\/","og_site_name":"EWB","article_publisher":"https:\/\/www.facebook.com\/ErwuesseBild\/","article_modified_time":"2024-02-27T12:23:23+00:00","og_image":[{"width":853,"height":1280,"url":"https:\/\/ewb.lu\/wp-content\/uploads\/2024\/02\/Unknown-1.jpeg","type":"image\/jpeg"}],"twitter_card":"summary_large_image","twitter_misc":{"Est. reading time":"2 minutes"},"schema":{"@context":"https:\/\/schema.org","@graph":[{"@type":"WebPage","@id":"https:\/\/ewb.lu\/en\/event\/les-sportifs-en-quete-de-gloire\/","url":"https:\/\/ewb.lu\/en\/event\/les-sportifs-en-quete-de-gloire\/","name":"Les sportifs, en qu\u00eate de gloire","isPartOf":{"@id":"https:\/\/ewb.lu\/en\/#website"},"primaryImageOfPage":{"@id":"https:\/\/ewb.lu\/en\/event\/les-sportifs-en-quete-de-gloire\/#primaryimage"},"image":{"@id":"https:\/\/ewb.lu\/en\/event\/les-sportifs-en-quete-de-gloire\/#primaryimage"},"thumbnailUrl":"https:\/\/ewb.lu\/wp-content\/uploads\/2024\/02\/Unknown-1.jpeg","datePublished":"2024-02-06T08:55:02+00:00","dateModified":"2024-02-27T12:23:23+00:00","breadcrumb":{"@id":"https:\/\/ewb.lu\/en\/event\/les-sportifs-en-quete-de-gloire\/#breadcrumb"},"inLanguage":"en-US","potentialAction":[{"@type":"ReadAction","target":["https:\/\/ewb.lu\/en\/event\/les-sportifs-en-quete-de-gloire\/"]}]},{"@type":"ImageObject","inLanguage":"en-US","@id":"https:\/\/ewb.lu\/en\/event\/les-sportifs-en-quete-de-gloire\/#primaryimage","url":"https:\/\/ewb.lu\/wp-content\/uploads\/2024\/02\/Unknown-1.jpeg","contentUrl":"https:\/\/ewb.lu\/wp-content\/uploads\/2024\/02\/Unknown-1.jpeg","width":853,"height":1280,"caption":"Jo\u00ebl Thibault"},{"@type":"BreadcrumbList","@id":"https:\/\/ewb.lu\/en\/event\/les-sportifs-en-quete-de-gloire\/#breadcrumb","itemListElement":[{"@type":"ListItem","position":1,"name":"Startseite","item":"https:\/\/ewb.lu\/en\/"},{"@type":"ListItem","position":2,"name":"Les sportifs, en qu\u00eate de gloire"}]},{"@type":"WebSite","@id":"https:\/\/ewb.lu\/en\/#website","url":"https:\/\/ewb.lu\/en\/","name":"EwB ErwuesseBildung","description":"ErwuesseBildung","publisher":{"@id":"https:\/\/ewb.lu\/en\/#organization"},"alternateName":"EWB","potentialAction":[{"@type":"SearchAction","target":{"@type":"EntryPoint","urlTemplate":"https:\/\/ewb.lu\/en\/?s={search_term_string}"},"query-input":{"@type":"PropertyValueSpecification","valueRequired":true,"valueName":"search_term_string"}}],"inLanguage":"en-US"},{"@type":"Organization","@id":"https:\/\/ewb.lu\/en\/#organization","name":"ErwuesseBildung Asbl","alternateName":"EWB","url":"https:\/\/ewb.lu\/en\/","logo":{"@type":"ImageObject","inLanguage":"en-US","@id":"https:\/\/ewb.lu\/en\/#\/schema\/logo\/image\/","url":"https:\/\/ewb.lu\/wp-content\/uploads\/2022\/11\/ewb-logo-header.svg","contentUrl":"https:\/\/ewb.lu\/wp-content\/uploads\/2022\/11\/ewb-logo-header.svg","width":301,"height":38,"caption":"ErwuesseBildung Asbl"},"image":{"@id":"https:\/\/ewb.lu\/en\/#\/schema\/logo\/image\/"},"sameAs":["https:\/\/www.facebook.com\/ErwuesseBild\/","https:\/\/lu.linkedin.com\/company\/erwuessebildung---formation-dadultes","https:\/\/www.instagram.com\/erwuessebildung_asbl\/"]}]}},"_links":{"self":[{"href":"https:\/\/ewb.lu\/en\/wp-json\/wp\/v2\/event\/7870","targetHints":{"allow":["GET"]}}],"collection":[{"href":"https:\/\/ewb.lu\/en\/wp-json\/wp\/v2\/event"}],"about":[{"href":"https:\/\/ewb.lu\/en\/wp-json\/wp\/v2\/types\/event"}],"version-history":[{"count":4,"href":"https:\/\/ewb.lu\/en\/wp-json\/wp\/v2\/event\/7870\/revisions"}],"predecessor-version":[{"id":8356,"href":"https:\/\/ewb.lu\/en\/wp-json\/wp\/v2\/event\/7870\/revisions\/8356"}],"wp:featuredmedia":[{"embeddable":true,"href":"https:\/\/ewb.lu\/en\/wp-json\/wp\/v2\/media\/7875"}],"wp:attachment":[{"href":"https:\/\/ewb.lu\/en\/wp-json\/wp\/v2\/media?parent=7870"}],"wp:term":[{"taxonomy":"program","embeddable":true,"href":"https:\/\/ewb.lu\/en\/wp-json\/wp\/v2\/program?post=7870"}],"curies":[{"name":"wp","href":"https:\/\/api.w.org\/{rel}","templated":true}]}}

Les sportifs, en quête de gloire

<section class="wpb-content-wrapper"><p>[vc_row][vc_column][vc_column_text]</p>
<h3><span style="color: #f47f57;">Conférence aver Joël Thibault, accompagneur spirituel des sportifs de haut niveau</span></h3>
<p style="font-weight: 400;">En tant qu&#8217;aumônier protestant de sportifs de haut niveau, Joel Thibault nous présentera ce qui motivent les sportifs à tout sacrifier pour atteindre la gloire et comment leurs ambitions se heurtent à une crise existentielle. A travers son expérience et le vécu de grands champions, <strong>Joel nous exposera comment la dimension holistique doit être considérée par les instances sportives et en quoi la dimension spirituelle de la tradition chrétienne peut répondre aux questions internes des sportifs de haut niveau</strong>.</p>
<p>[/vc_column_text][/vc_column][/vc_row][vc_row][vc_column][vc_separator color=&#8221;purple&#8221;][/vc_column][/vc_row][vc_row][vc_column width=&#8221;1/2&#8243;][vc_single_image image=&#8221;7871&#8243; img_size=&#8221;medium&#8221; alignment=&#8221;center&#8221;][/vc_column][vc_column width=&#8221;1/2&#8243;][vc_column_text]</p>
<p style="font-weight: 400;"><strong>Notes biographiques: </strong></p>
<p style="font-weight: 400;">Ancien footballeur amateur, entraîneur diplômé de la FFF et pasteur protestant, Joël Thibault a fait de l’accompagnement spirituel des sportifs de haut niveau sa vocation. Depuis 2017, il développe l’aumônerie du sport en France auprès des clubs et fédérations en formant de futurs aumôniers. Il anime régulièrement des partages bibliques pour des sportifs professionnels. Joel est crédité depuis 2014 dans les grands évènements internationaux ( Jeux Paralympiques à RIo 2016, Mondiaux d&#8217;athlétisme) Il fait partie de la commission d&#8217;aumônerie protestante pour les Jeux Olympiques et Paralympiques de Paris 2024</p>
<p>[/vc_column_text][/vc_column][/vc_row][vc_row][vc_column][vc_column_text]<strong>Joel dédicacera son livre &#8220;L&#8217;aumônier des champions&#8221; aux éditions du cerf, à l&#8217;issue de la conférence.</strong> Vente possible sur place (20€).[/vc_column_text][vc_separator color=&#8221;purple&#8221;][/vc_column][/vc_row][vc_row][vc_column][vc_column_text]Organisé par le <span lang="EN-US"><a href="https://www.cfd.lu/fr/">Centre de formation diocésain Jean XXIII</a> en coopération avec l&#8217;</span>EwB, AGIR asbl et InterFaith-Run-For-A-United World asbl.[/vc_column_text][/vc_column][/vc_row][vc_row][vc_column width=&#8221;1/3&#8243;][vc_single_image image=&#8221;2242&#8243; img_size=&#8221;medium&#8221;][/vc_column][vc_column width=&#8221;1/3&#8243;][vc_single_image image=&#8221;7859&#8243; img_size=&#8221;medium&#8221;][/vc_column][vc_column width=&#8221;1/3&#8243;][vc_single_image image=&#8221;4803&#8243; img_size=&#8221;medium&#8221;][/vc_column][/vc_row]</p>
</section>

<p>Conférence aver Joël Thibault, accompagneur spirituel des sportifs de haut niveau</p>

<!-- This site is optimized with the Yoast SEO plugin v27.1.1 - https://yoast.com/product/yoast-seo-wordpress/ -->
<title>Les sportifs, en quête de gloire</title>
<meta name="robots" content="index, follow, max-snippet:-1, max-image-preview:large, max-video-preview:-1" />
<link rel="canonical" href="https://ewb.lu/en/event/les-sportifs-en-quete-de-gloire/" />
<meta property="og:locale" content="en_US" />
<meta property="og:type" content="article" />
<meta property="og:title" content="Les sportifs, en quête de gloire" />
<meta property="og:description" content="Conférence aver Joël Thibault, accompagneur spirituel des sportifs de haut niveau" />
<meta property="og:url" content="https://ewb.lu/en/event/les-sportifs-en-quete-de-gloire/" />
<meta property="og:site_name" content="EWB" />
<meta property="article:publisher" content="https://www.facebook.com/ErwuesseBild/" />
<meta property="article:modified_time" content="2024-02-27T12:23:23+00:00" />
<meta property="og:image" content="https://ewb.lu/wp-content/uploads/2024/02/Unknown-1.jpeg" />
	<meta property="og:image:width" content="853" />
	<meta property="og:image:height" content="1280" />
	<meta property="og:image:type" content="image/jpeg" />
<meta name="twitter:card" content="summary_large_image" />
<meta name="twitter:label1" content="Est. reading time" />
	<meta name="twitter:data1" content="2 minutes" />
<script type="application/ld+json" class="yoast-schema-graph">{"@context":"https://schema.org","@graph":[{"@type":"WebPage","@id":"https://ewb.lu/en/event/les-sportifs-en-quete-de-gloire/","url":"https://ewb.lu/en/event/les-sportifs-en-quete-de-gloire/","name":"Les sportifs, en quête de gloire","isPartOf":{"@id":"https://ewb.lu/en/#website"},"primaryImageOfPage":{"@id":"https://ewb.lu/en/event/les-sportifs-en-quete-de-gloire/#primaryimage"},"image":{"@id":"https://ewb.lu/en/event/les-sportifs-en-quete-de-gloire/#primaryimage"},"thumbnailUrl":"https://ewb.lu/wp-content/uploads/2024/02/Unknown-1.jpeg","datePublished":"2024-02-06T08:55:02+00:00","dateModified":"2024-02-27T12:23:23+00:00","breadcrumb":{"@id":"https://ewb.lu/en/event/les-sportifs-en-quete-de-gloire/#breadcrumb"},"inLanguage":"en-US","potentialAction":[{"@type":"ReadAction","target":["https://ewb.lu/en/event/les-sportifs-en-quete-de-gloire/"]}]},{"@type":"ImageObject","inLanguage":"en-US","@id":"https://ewb.lu/en/event/les-sportifs-en-quete-de-gloire/#primaryimage","url":"https://ewb.lu/wp-content/uploads/2024/02/Unknown-1.jpeg","contentUrl":"https://ewb.lu/wp-content/uploads/2024/02/Unknown-1.jpeg","width":853,"height":1280,"caption":"Joël Thibault"},{"@type":"BreadcrumbList","@id":"https://ewb.lu/en/event/les-sportifs-en-quete-de-gloire/#breadcrumb","itemListElement":[{"@type":"ListItem","position":1,"name":"Startseite","item":"https://ewb.lu/en/"},{"@type":"ListItem","position":2,"name":"Les sportifs, en quête de gloire"}]},{"@type":"WebSite","@id":"https://ewb.lu/en/#website","url":"https://ewb.lu/en/","name":"EwB ErwuesseBildung","description":"ErwuesseBildung","publisher":{"@id":"https://ewb.lu/en/#organization"},"alternateName":"EWB","potentialAction":[{"@type":"SearchAction","target":{"@type":"EntryPoint","urlTemplate":"https://ewb.lu/en/?s={search_term_string}"},"query-input":{"@type":"PropertyValueSpecification","valueRequired":true,"valueName":"search_term_string"}}],"inLanguage":"en-US"},{"@type":"Organization","@id":"https://ewb.lu/en/#organization","name":"ErwuesseBildung Asbl","alternateName":"EWB","url":"https://ewb.lu/en/","logo":{"@type":"ImageObject","inLanguage":"en-US","@id":"https://ewb.lu/en/#/schema/logo/image/","url":"https://ewb.lu/wp-content/uploads/2022/11/ewb-logo-header.svg","contentUrl":"https://ewb.lu/wp-content/uploads/2022/11/ewb-logo-header.svg","width":301,"height":38,"caption":"ErwuesseBildung Asbl"},"image":{"@id":"https://ewb.lu/en/#/schema/logo/image/"},"sameAs":["https://www.facebook.com/ErwuesseBild/","https://lu.linkedin.com/company/erwuessebildung---formation-dadultes","https://www.instagram.com/erwuessebildung_asbl/"]}]}</script>
<!-- / Yoast SEO plugin. -->

Conférence aver Joël Thibault, accompagneur spirituel des sportifs de haut niveau

Joël Thibault
