{"id":10998,"date":"2024-07-30T17:58:33","date_gmt":"2024-07-30T16:58:33","guid":{"rendered":"https:\/\/ewb.lu\/?post_type=event&#038;p=10998"},"modified":"2024-09-18T12:57:36","modified_gmt":"2024-09-18T11:57:36","slug":"familientag","status":"publish","type":"event","link":"https:\/\/ewb.lu\/fr\/event\/familientag\/","title":{"rendered":"Familientag"},"content":{"rendered":"<section class=\"wpb-content-wrapper\"><p>[vc_row][vc_column][vc_column_text]<\/p>\n<h3><span style=\"color: #f47f57;\">D&rsquo;Kaweechelchen<\/span><\/h3>\n<p style=\"font-weight: 400;\">Eichh\u00f6rnchen sind einfach niedlich. Sie haben gro\u00dfe, schwarze Knopfaugen und wenn wir ihnen im Wald begegnen, wie sie geschickt von Ast zu Ast springen, kopf\u00fcber Baumst\u00e4mme hinunterklettern und den Waldboden nach leckeren N\u00fcssen absuchen, l\u00e4sst uns das Herz h\u00f6herschlagen. Doch was wissen wir \u00fcber diese flinken Kerlchen?<\/p>\n<p style=\"font-weight: 400;\">Wir verbringen gemeinsam mit anderen Familien einen Samstagnachmittag im Wald., mit vielen tollen Spielen und Aktionen f\u00fcr Gro\u00df und Klein rund um den kleinen Gesellen. Den Tag lassen wir bei einem kleinen Essen am Lagerfeuer ausklingen.<\/p>\n<p style=\"font-weight: 400;\"><strong>Wir treffen uns um 14.45 Uhr auf dem Howald (Bushaltestelle Waassertuerm).<\/strong><\/p>\n<p style=\"font-weight: 400;\"><strong>Bitte mitbringen:<\/strong> Wettergerechte Kleidung, von Kopf bis Fu\u00df<\/p>\n<p>[\/vc_column_text][vc_separator][vc_column_text]<\/p>\n<div class=\"wpb_text_column wpb_content_element \">\n<div class=\"wpb_wrapper\">\n<p><span style=\"color: #72005f;\">Diese Veranstaltung findet im Rahmen des Programms <em><strong>Growing together<\/strong>\u00a0<\/em>statt. Mehr Infos sowie weitere Veranstaltungen finden Sie <a style=\"color: #72005f;\" href=\"https:\/\/ewb.lu\/program\/growing-together\/\">hier \u2026<\/a><\/span><\/p>\n<\/div>\n<\/div>\n<div class=\"vc_separator wpb_content_element vc_separator_align_center vc_sep_width_100 vc_sep_pos_align_center vc_separator_no_text vc_sep_color_grey\"><\/div>\n<div class=\"wpb_text_column wpb_content_element \">\n<div class=\"wpb_wrapper\">\n<p><em>In Kooperation mit dem <\/em><a href=\"https:\/\/eltereforum.lu\/fr\/\"><em>Eltereforum<\/em><\/a><em>, mit der Unterst\u00fctzung vom\u00a0<\/em><a href=\"https:\/\/menej.gouvernement.lu\/fr.html\"><em>MENJE<\/em><\/a><em>.<\/em><\/p>\n<\/div>\n<\/div>\n<p>[\/vc_column_text][\/vc_column][\/vc_row]<\/p>\n<\/section>","protected":false},"excerpt":{"rendered":"<p>D&rsquo;Kaweechelchen<\/p>\n","protected":false},"featured_media":10999,"template":"","program":[36,204],"class_list":["post-10998","event","type-event","status-publish","has-post-thumbnail","hentry","program-growing-together","program-natur"],"acf":[],"yoast_head":"<!-- This site is optimized with the Yoast SEO plugin v27.1.1 - https:\/\/yoast.com\/product\/yoast-seo-wordpress\/ -->\n<title>Familientag - EWB<\/title>\n<meta name=\"robots\" content=\"index, follow, max-snippet:-1, max-image-preview:large, max-video-preview:-1\" \/>\n<link rel=\"canonical\" href=\"https:\/\/ewb.lu\/fr\/event\/familientag\/\" \/>\n<meta property=\"og:locale\" content=\"fr_FR\" \/>\n<meta property=\"og:type\" content=\"article\" \/>\n<meta property=\"og:title\" content=\"Familientag - EWB\" \/>\n<meta property=\"og:description\" content=\"D&#039;Kaweechelchen\" \/>\n<meta property=\"og:url\" content=\"https:\/\/ewb.lu\/fr\/event\/familientag\/\" \/>\n<meta property=\"og:site_name\" content=\"EWB\" \/>\n<meta property=\"article:publisher\" content=\"https:\/\/www.facebook.com\/ErwuesseBild\/\" \/>\n<meta property=\"article:modified_time\" content=\"2024-09-18T11:57:36+00:00\" \/>\n<meta property=\"og:image\" content=\"https:\/\/ewb.lu\/wp-content\/uploads\/2024\/07\/HP_Familientag_Kaweechelchen-scaled.jpg\" \/>\n\t<meta property=\"og:image:width\" content=\"2560\" \/>\n\t<meta property=\"og:image:height\" content=\"1770\" \/>\n\t<meta property=\"og:image:type\" content=\"image\/jpeg\" \/>\n<meta name=\"twitter:card\" content=\"summary_large_image\" \/>\n<meta name=\"twitter:label1\" content=\"Dur\u00e9e de lecture estim\u00e9e\" \/>\n\t<meta name=\"twitter:data1\" content=\"1 minute\" \/>\n<script type=\"application\/ld+json\" class=\"yoast-schema-graph\">{\"@context\":\"https:\/\/schema.org\",\"@graph\":[{\"@type\":\"WebPage\",\"@id\":\"https:\/\/ewb.lu\/fr\/event\/familientag\/\",\"url\":\"https:\/\/ewb.lu\/fr\/event\/familientag\/\",\"name\":\"Familientag - EWB\",\"isPartOf\":{\"@id\":\"https:\/\/ewb.lu\/fr\/#website\"},\"primaryImageOfPage\":{\"@id\":\"https:\/\/ewb.lu\/fr\/event\/familientag\/#primaryimage\"},\"image\":{\"@id\":\"https:\/\/ewb.lu\/fr\/event\/familientag\/#primaryimage\"},\"thumbnailUrl\":\"https:\/\/ewb.lu\/wp-content\/uploads\/2024\/07\/HP_Familientag_Kaweechelchen-scaled.jpg\",\"datePublished\":\"2024-07-30T16:58:33+00:00\",\"dateModified\":\"2024-09-18T11:57:36+00:00\",\"breadcrumb\":{\"@id\":\"https:\/\/ewb.lu\/fr\/event\/familientag\/#breadcrumb\"},\"inLanguage\":\"fr-FR\",\"potentialAction\":[{\"@type\":\"ReadAction\",\"target\":[\"https:\/\/ewb.lu\/fr\/event\/familientag\/\"]}]},{\"@type\":\"ImageObject\",\"inLanguage\":\"fr-FR\",\"@id\":\"https:\/\/ewb.lu\/fr\/event\/familientag\/#primaryimage\",\"url\":\"https:\/\/ewb.lu\/wp-content\/uploads\/2024\/07\/HP_Familientag_Kaweechelchen-scaled.jpg\",\"contentUrl\":\"https:\/\/ewb.lu\/wp-content\/uploads\/2024\/07\/HP_Familientag_Kaweechelchen-scaled.jpg\",\"width\":2560,\"height\":1770},{\"@type\":\"BreadcrumbList\",\"@id\":\"https:\/\/ewb.lu\/fr\/event\/familientag\/#breadcrumb\",\"itemListElement\":[{\"@type\":\"ListItem\",\"position\":1,\"name\":\"Startseite\",\"item\":\"https:\/\/ewb.lu\/fr\/\"},{\"@type\":\"ListItem\",\"position\":2,\"name\":\"Familientag\"}]},{\"@type\":\"WebSite\",\"@id\":\"https:\/\/ewb.lu\/fr\/#website\",\"url\":\"https:\/\/ewb.lu\/fr\/\",\"name\":\"EwB ErwuesseBildung\",\"description\":\"ErwuesseBildung\",\"publisher\":{\"@id\":\"https:\/\/ewb.lu\/fr\/#organization\"},\"alternateName\":\"EWB\",\"potentialAction\":[{\"@type\":\"SearchAction\",\"target\":{\"@type\":\"EntryPoint\",\"urlTemplate\":\"https:\/\/ewb.lu\/fr\/?s={search_term_string}\"},\"query-input\":{\"@type\":\"PropertyValueSpecification\",\"valueRequired\":true,\"valueName\":\"search_term_string\"}}],\"inLanguage\":\"fr-FR\"},{\"@type\":\"Organization\",\"@id\":\"https:\/\/ewb.lu\/fr\/#organization\",\"name\":\"ErwuesseBildung Asbl\",\"alternateName\":\"EWB\",\"url\":\"https:\/\/ewb.lu\/fr\/\",\"logo\":{\"@type\":\"ImageObject\",\"inLanguage\":\"fr-FR\",\"@id\":\"https:\/\/ewb.lu\/fr\/#\/schema\/logo\/image\/\",\"url\":\"https:\/\/ewb.lu\/wp-content\/uploads\/2022\/11\/ewb-logo-header.svg\",\"contentUrl\":\"https:\/\/ewb.lu\/wp-content\/uploads\/2022\/11\/ewb-logo-header.svg\",\"width\":301,\"height\":38,\"caption\":\"ErwuesseBildung Asbl\"},\"image\":{\"@id\":\"https:\/\/ewb.lu\/fr\/#\/schema\/logo\/image\/\"},\"sameAs\":[\"https:\/\/www.facebook.com\/ErwuesseBild\/\",\"https:\/\/lu.linkedin.com\/company\/erwuessebildung---formation-dadultes\",\"https:\/\/www.instagram.com\/erwuessebildung_asbl\/\"]}]}<\/script>\n<!-- \/ Yoast SEO plugin. -->","yoast_head_json":{"title":"Familientag - EWB","robots":{"index":"index","follow":"follow","max-snippet":"max-snippet:-1","max-image-preview":"max-image-preview:large","max-video-preview":"max-video-preview:-1"},"canonical":"https:\/\/ewb.lu\/fr\/event\/familientag\/","og_locale":"fr_FR","og_type":"article","og_title":"Familientag - EWB","og_description":"D'Kaweechelchen","og_url":"https:\/\/ewb.lu\/fr\/event\/familientag\/","og_site_name":"EWB","article_publisher":"https:\/\/www.facebook.com\/ErwuesseBild\/","article_modified_time":"2024-09-18T11:57:36+00:00","og_image":[{"width":2560,"height":1770,"url":"https:\/\/ewb.lu\/wp-content\/uploads\/2024\/07\/HP_Familientag_Kaweechelchen-scaled.jpg","type":"image\/jpeg"}],"twitter_card":"summary_large_image","twitter_misc":{"Dur\u00e9e de lecture estim\u00e9e":"1 minute"},"schema":{"@context":"https:\/\/schema.org","@graph":[{"@type":"WebPage","@id":"https:\/\/ewb.lu\/fr\/event\/familientag\/","url":"https:\/\/ewb.lu\/fr\/event\/familientag\/","name":"Familientag - EWB","isPartOf":{"@id":"https:\/\/ewb.lu\/fr\/#website"},"primaryImageOfPage":{"@id":"https:\/\/ewb.lu\/fr\/event\/familientag\/#primaryimage"},"image":{"@id":"https:\/\/ewb.lu\/fr\/event\/familientag\/#primaryimage"},"thumbnailUrl":"https:\/\/ewb.lu\/wp-content\/uploads\/2024\/07\/HP_Familientag_Kaweechelchen-scaled.jpg","datePublished":"2024-07-30T16:58:33+00:00","dateModified":"2024-09-18T11:57:36+00:00","breadcrumb":{"@id":"https:\/\/ewb.lu\/fr\/event\/familientag\/#breadcrumb"},"inLanguage":"fr-FR","potentialAction":[{"@type":"ReadAction","target":["https:\/\/ewb.lu\/fr\/event\/familientag\/"]}]},{"@type":"ImageObject","inLanguage":"fr-FR","@id":"https:\/\/ewb.lu\/fr\/event\/familientag\/#primaryimage","url":"https:\/\/ewb.lu\/wp-content\/uploads\/2024\/07\/HP_Familientag_Kaweechelchen-scaled.jpg","contentUrl":"https:\/\/ewb.lu\/wp-content\/uploads\/2024\/07\/HP_Familientag_Kaweechelchen-scaled.jpg","width":2560,"height":1770},{"@type":"BreadcrumbList","@id":"https:\/\/ewb.lu\/fr\/event\/familientag\/#breadcrumb","itemListElement":[{"@type":"ListItem","position":1,"name":"Startseite","item":"https:\/\/ewb.lu\/fr\/"},{"@type":"ListItem","position":2,"name":"Familientag"}]},{"@type":"WebSite","@id":"https:\/\/ewb.lu\/fr\/#website","url":"https:\/\/ewb.lu\/fr\/","name":"EwB ErwuesseBildung","description":"ErwuesseBildung","publisher":{"@id":"https:\/\/ewb.lu\/fr\/#organization"},"alternateName":"EWB","potentialAction":[{"@type":"SearchAction","target":{"@type":"EntryPoint","urlTemplate":"https:\/\/ewb.lu\/fr\/?s={search_term_string}"},"query-input":{"@type":"PropertyValueSpecification","valueRequired":true,"valueName":"search_term_string"}}],"inLanguage":"fr-FR"},{"@type":"Organization","@id":"https:\/\/ewb.lu\/fr\/#organization","name":"ErwuesseBildung Asbl","alternateName":"EWB","url":"https:\/\/ewb.lu\/fr\/","logo":{"@type":"ImageObject","inLanguage":"fr-FR","@id":"https:\/\/ewb.lu\/fr\/#\/schema\/logo\/image\/","url":"https:\/\/ewb.lu\/wp-content\/uploads\/2022\/11\/ewb-logo-header.svg","contentUrl":"https:\/\/ewb.lu\/wp-content\/uploads\/2022\/11\/ewb-logo-header.svg","width":301,"height":38,"caption":"ErwuesseBildung Asbl"},"image":{"@id":"https:\/\/ewb.lu\/fr\/#\/schema\/logo\/image\/"},"sameAs":["https:\/\/www.facebook.com\/ErwuesseBild\/","https:\/\/lu.linkedin.com\/company\/erwuessebildung---formation-dadultes","https:\/\/www.instagram.com\/erwuessebildung_asbl\/"]}]}},"_links":{"self":[{"href":"https:\/\/ewb.lu\/fr\/wp-json\/wp\/v2\/event\/10998","targetHints":{"allow":["GET"]}}],"collection":[{"href":"https:\/\/ewb.lu\/fr\/wp-json\/wp\/v2\/event"}],"about":[{"href":"https:\/\/ewb.lu\/fr\/wp-json\/wp\/v2\/types\/event"}],"version-history":[{"count":6,"href":"https:\/\/ewb.lu\/fr\/wp-json\/wp\/v2\/event\/10998\/revisions"}],"predecessor-version":[{"id":11724,"href":"https:\/\/ewb.lu\/fr\/wp-json\/wp\/v2\/event\/10998\/revisions\/11724"}],"wp:featuredmedia":[{"embeddable":true,"href":"https:\/\/ewb.lu\/fr\/wp-json\/wp\/v2\/media\/10999"}],"wp:attachment":[{"href":"https:\/\/ewb.lu\/fr\/wp-json\/wp\/v2\/media?parent=10998"}],"wp:term":[{"taxonomy":"program","embeddable":true,"href":"https:\/\/ewb.lu\/fr\/wp-json\/wp\/v2\/program?post=10998"}],"curies":[{"name":"wp","href":"https:\/\/api.w.org\/{rel}","templated":true}]}}

<section class="wpb-content-wrapper"><p>[vc_row][vc_column][vc_column_text]</p>
<h3><span style="color: #f47f57;">D&rsquo;Kaweechelchen</span></h3>
<p style="font-weight: 400;">Eichhörnchen sind einfach niedlich. Sie haben große, schwarze Knopfaugen und wenn wir ihnen im Wald begegnen, wie sie geschickt von Ast zu Ast springen, kopfüber Baumstämme hinunterklettern und den Waldboden nach leckeren Nüssen absuchen, lässt uns das Herz höherschlagen. Doch was wissen wir über diese flinken Kerlchen?</p>
<p style="font-weight: 400;">Wir verbringen gemeinsam mit anderen Familien einen Samstagnachmittag im Wald., mit vielen tollen Spielen und Aktionen für Groß und Klein rund um den kleinen Gesellen. Den Tag lassen wir bei einem kleinen Essen am Lagerfeuer ausklingen.</p>
<p style="font-weight: 400;"><strong>Wir treffen uns um 14.45 Uhr auf dem Howald (Bushaltestelle Waassertuerm).</strong></p>
<p style="font-weight: 400;"><strong>Bitte mitbringen:</strong> Wettergerechte Kleidung, von Kopf bis Fuß</p>
<p>[/vc_column_text][vc_separator][vc_column_text]</p>
<div class="wpb_text_column wpb_content_element ">
<div class="wpb_wrapper">
<p><span style="color: #72005f;">Diese Veranstaltung findet im Rahmen des Programms <em><strong>Growing together</strong> </em>statt. Mehr Infos sowie weitere Veranstaltungen finden Sie <a style="color: #72005f;" href="https://ewb.lu/program/growing-together/">hier …</a></span></p>
</div>
</div>
<div class="vc_separator wpb_content_element vc_separator_align_center vc_sep_width_100 vc_sep_pos_align_center vc_separator_no_text vc_sep_color_grey"></div>
<div class="wpb_text_column wpb_content_element ">
<div class="wpb_wrapper">
<p><em>In Kooperation mit dem </em><a href="https://eltereforum.lu/fr/"><em>Eltereforum</em></a><em>, mit der Unterstützung vom </em><a href="https://menej.gouvernement.lu/fr.html"><em>MENJE</em></a><em>.</em></p>
</div>
</div>
<p>[/vc_column_text][/vc_column][/vc_row]</p>
</section>

<!-- This site is optimized with the Yoast SEO plugin v27.1.1 - https://yoast.com/product/yoast-seo-wordpress/ -->
<title>Familientag - EWB</title>
<meta name="robots" content="index, follow, max-snippet:-1, max-image-preview:large, max-video-preview:-1" />
<link rel="canonical" href="https://ewb.lu/fr/event/familientag/" />
<meta property="og:locale" content="fr_FR" />
<meta property="og:type" content="article" />
<meta property="og:title" content="Familientag - EWB" />
<meta property="og:description" content="D&#039;Kaweechelchen" />
<meta property="og:url" content="https://ewb.lu/fr/event/familientag/" />
<meta property="og:site_name" content="EWB" />
<meta property="article:publisher" content="https://www.facebook.com/ErwuesseBild/" />
<meta property="article:modified_time" content="2024-09-18T11:57:36+00:00" />
<meta property="og:image" content="https://ewb.lu/wp-content/uploads/2024/07/HP_Familientag_Kaweechelchen-scaled.jpg" />
	<meta property="og:image:width" content="2560" />
	<meta property="og:image:height" content="1770" />
	<meta property="og:image:type" content="image/jpeg" />
<meta name="twitter:card" content="summary_large_image" />
<meta name="twitter:label1" content="Durée de lecture estimée" />
	<meta name="twitter:data1" content="1 minute" />
<script type="application/ld+json" class="yoast-schema-graph">{"@context":"https://schema.org","@graph":[{"@type":"WebPage","@id":"https://ewb.lu/fr/event/familientag/","url":"https://ewb.lu/fr/event/familientag/","name":"Familientag - EWB","isPartOf":{"@id":"https://ewb.lu/fr/#website"},"primaryImageOfPage":{"@id":"https://ewb.lu/fr/event/familientag/#primaryimage"},"image":{"@id":"https://ewb.lu/fr/event/familientag/#primaryimage"},"thumbnailUrl":"https://ewb.lu/wp-content/uploads/2024/07/HP_Familientag_Kaweechelchen-scaled.jpg","datePublished":"2024-07-30T16:58:33+00:00","dateModified":"2024-09-18T11:57:36+00:00","breadcrumb":{"@id":"https://ewb.lu/fr/event/familientag/#breadcrumb"},"inLanguage":"fr-FR","potentialAction":[{"@type":"ReadAction","target":["https://ewb.lu/fr/event/familientag/"]}]},{"@type":"ImageObject","inLanguage":"fr-FR","@id":"https://ewb.lu/fr/event/familientag/#primaryimage","url":"https://ewb.lu/wp-content/uploads/2024/07/HP_Familientag_Kaweechelchen-scaled.jpg","contentUrl":"https://ewb.lu/wp-content/uploads/2024/07/HP_Familientag_Kaweechelchen-scaled.jpg","width":2560,"height":1770},{"@type":"BreadcrumbList","@id":"https://ewb.lu/fr/event/familientag/#breadcrumb","itemListElement":[{"@type":"ListItem","position":1,"name":"Startseite","item":"https://ewb.lu/fr/"},{"@type":"ListItem","position":2,"name":"Familientag"}]},{"@type":"WebSite","@id":"https://ewb.lu/fr/#website","url":"https://ewb.lu/fr/","name":"EwB ErwuesseBildung","description":"ErwuesseBildung","publisher":{"@id":"https://ewb.lu/fr/#organization"},"alternateName":"EWB","potentialAction":[{"@type":"SearchAction","target":{"@type":"EntryPoint","urlTemplate":"https://ewb.lu/fr/?s={search_term_string}"},"query-input":{"@type":"PropertyValueSpecification","valueRequired":true,"valueName":"search_term_string"}}],"inLanguage":"fr-FR"},{"@type":"Organization","@id":"https://ewb.lu/fr/#organization","name":"ErwuesseBildung Asbl","alternateName":"EWB","url":"https://ewb.lu/fr/","logo":{"@type":"ImageObject","inLanguage":"fr-FR","@id":"https://ewb.lu/fr/#/schema/logo/image/","url":"https://ewb.lu/wp-content/uploads/2022/11/ewb-logo-header.svg","contentUrl":"https://ewb.lu/wp-content/uploads/2022/11/ewb-logo-header.svg","width":301,"height":38,"caption":"ErwuesseBildung Asbl"},"image":{"@id":"https://ewb.lu/fr/#/schema/logo/image/"},"sameAs":["https://www.facebook.com/ErwuesseBild/","https://lu.linkedin.com/company/erwuessebildung---formation-dadultes","https://www.instagram.com/erwuessebildung_asbl/"]}]}</script>
<!-- / Yoast SEO plugin. -->
