{"id":12106,"date":"2024-10-02T15:00:16","date_gmt":"2024-10-02T14:00:16","guid":{"rendered":"https:\/\/ewb.lu\/?post_type=event&#038;p=12106"},"modified":"2024-10-02T15:09:08","modified_gmt":"2024-10-02T14:09:08","slug":"wuestensand-und-seele","status":"publish","type":"event","link":"https:\/\/ewb.lu\/fr\/event\/wuestensand-und-seele\/","title":{"rendered":"W\u00fcstensand und Seele"},"content":{"rendered":"<section class=\"wpb-content-wrapper\"><p>[vc_row][vc_column][vc_column_text]<\/p>\n<h3><span style=\"color: #f47f57;\"><b>Spirituelle Wanderung durch die Sahara W\u00fcste in Tunesien<\/b><\/span><\/h3>\n<p>Die W\u00fcste war schon immer ein Ort der Kl\u00e4rung, der Entscheidung, der Selbstfindung und der Neuorientierung. Ohne sie ist die j\u00fcdisch-christliche Tradition nicht denkbar: Abraham, Mose, das Volk Israel musste 40 Jahre seinen Weg durch die W\u00fcste finden. Jesus war 40 Tage in der W\u00fcste, Johannes der T\u00e4ufer lebte und predigte dort, sp\u00e4ter kamen die W\u00fcstenv\u00e4ter wie Antonius der Gro\u00dfe, Charles de Foucauld erforschte sie und lebte viele Jahre dort als Einsiedler. In ihrer Weite und Stille scheinen sich Zeit und Raum aufzul\u00f6sen. Kein Ger\u00e4usch ist da au\u00dfer dem eigenen Herzschlag, keine fremden Schwingungen mischen sich ein. Ein Gef\u00fchl von Einssein mit sich und den andern stellt sich leichtf\u00fcssig ein. Himmel und Erde sind sich hier so nah.<span class=\"Apple-converted-space\">\u00a0<\/span><\/p>\n<p>Auf dem Hintergrund seiner eigenen W\u00fcstenerfahrungen f\u00fchrt Dr. Michael Gmelch eine Gruppe in die W\u00fcste und begleitet sie spirituell. Einzel- und Gruppengespr\u00e4che, spirituelle Impulse k\u00f6nnen helfen, das Leben (neu) zu ordnen. Die W\u00fcste hat heilende Kraft!<span class=\"Apple-converted-space\">\u00a0<\/span><\/p>\n<p><span style=\"color: #f47f57;\"><b><i>Begleiter: <\/i><\/b><\/span><i>Dr. Dr. theol. Michael Gmelch, Meran, Priester, Buchautor, Psychologischer Begleiter, Therapeut f\u00fcr Psychotraumatherapie, Begleiter von W\u00fcstentouren <\/i><i>(<a href=\"http:\/\/www.wuestensandundseele.weebly.com\">www.wuestensandundseele.weebly.com<\/a>)<span class=\"Apple-converted-space\">\u00a0<\/span><\/i><\/p>\n<p><b>Weiterf\u00fchrende Informationen <\/b>erhalten Sie bei Uwe Franzen (&#x75;w&#x65;&#46;&#x66;&#x72;a&#x6e;&#122;&#x65;&#x6e;&#64;&#x63;&#97;&#x74;&#x68;o&#x6c;&#46;&#x6c;&#x75;), der schon mehrmals mit Dr. Gmelch in der W\u00fcste war.<span class=\"Apple-converted-space\">\u00a0<\/span><\/p>\n<p><b>Vorbereitungswochenende: <\/b>9. &#8211; 10. November 2024<span class=\"Apple-converted-space\">\u00a0<\/span>[\/vc_column_text][vc_separator][vc_column_text]<span style=\"color: #72005f;\"><i>Kirchliche MitarbeiterInnen k\u00f6nnen die Teilnahme an diesem Angebot bei ihrem Vorgesetzten sowie dem Generalvikar zur Bewilligung von bis zu 5 Tagen Freistellung im Rahmen der Regelungen zur j\u00e4hrlichen Retraite einreichen.<\/i><\/span>[\/vc_column_text][vc_separator][vc_column_text]Organisiert vom <a href=\"https:\/\/www.cfd.lu\">Centre de formation dioc\u00e9sain Jean XXIII<\/a>. In Kooperation mit der EwB.[\/vc_column_text][\/vc_column][\/vc_row][vc_row][vc_column width=\u00a0\u00bb1\/3&Prime;][vc_single_image image=\u00a0\u00bb2242&Prime; img_size=\u00a0\u00bbmedium\u00a0\u00bb][\/vc_column][vc_column width=\u00a0\u00bb1\/3&Prime;][\/vc_column][vc_column width=\u00a0\u00bb1\/3&Prime;][\/vc_column][\/vc_row]<\/p>\n<\/section>","protected":false},"excerpt":{"rendered":"<p>Spirituelle Wanderung durch die Sahara W\u00fcste in Tunesien<\/p>\n","protected":false},"featured_media":12107,"template":"","program":[82,39],"class_list":["post-12106","event","type-event","status-publish","has-post-thumbnail","hentry","program-interreligioes","program-religioeses-erbe"],"acf":[],"yoast_head":"<!-- This site is optimized with the Yoast SEO plugin v27.1.1 - https:\/\/yoast.com\/product\/yoast-seo-wordpress\/ -->\n<title>W\u00fcstensand und Seele - EWB<\/title>\n<meta name=\"robots\" content=\"index, follow, max-snippet:-1, max-image-preview:large, max-video-preview:-1\" \/>\n<link rel=\"canonical\" href=\"https:\/\/ewb.lu\/fr\/event\/wuestensand-und-seele\/\" \/>\n<meta property=\"og:locale\" content=\"fr_FR\" \/>\n<meta property=\"og:type\" content=\"article\" \/>\n<meta property=\"og:title\" content=\"W\u00fcstensand und Seele - EWB\" \/>\n<meta property=\"og:description\" content=\"Spirituelle Wanderung durch die Sahara W\u00fcste in Tunesien\" \/>\n<meta property=\"og:url\" content=\"https:\/\/ewb.lu\/fr\/event\/wuestensand-und-seele\/\" \/>\n<meta property=\"og:site_name\" content=\"EWB\" \/>\n<meta property=\"article:publisher\" content=\"https:\/\/www.facebook.com\/ErwuesseBild\/\" \/>\n<meta property=\"article:modified_time\" content=\"2024-10-02T14:09:08+00:00\" \/>\n<meta property=\"og:image\" content=\"https:\/\/ewb.lu\/wp-content\/uploads\/2024\/10\/Bildschirmfoto-2024-10-02-um-16.02.44.jpg\" \/>\n\t<meta property=\"og:image:width\" content=\"912\" \/>\n\t<meta property=\"og:image:height\" content=\"1062\" \/>\n\t<meta property=\"og:image:type\" content=\"image\/jpeg\" \/>\n<meta name=\"twitter:card\" content=\"summary_large_image\" \/>\n<meta name=\"twitter:label1\" content=\"Dur\u00e9e de lecture estim\u00e9e\" \/>\n\t<meta name=\"twitter:data1\" content=\"2 minutes\" \/>\n<script type=\"application\/ld+json\" class=\"yoast-schema-graph\">{\"@context\":\"https:\/\/schema.org\",\"@graph\":[{\"@type\":\"WebPage\",\"@id\":\"https:\/\/ewb.lu\/fr\/event\/wuestensand-und-seele\/\",\"url\":\"https:\/\/ewb.lu\/fr\/event\/wuestensand-und-seele\/\",\"name\":\"W\u00fcstensand und Seele - EWB\",\"isPartOf\":{\"@id\":\"https:\/\/ewb.lu\/fr\/#website\"},\"primaryImageOfPage\":{\"@id\":\"https:\/\/ewb.lu\/fr\/event\/wuestensand-und-seele\/#primaryimage\"},\"image\":{\"@id\":\"https:\/\/ewb.lu\/fr\/event\/wuestensand-und-seele\/#primaryimage\"},\"thumbnailUrl\":\"https:\/\/ewb.lu\/wp-content\/uploads\/2024\/10\/Bildschirmfoto-2024-10-02-um-16.02.44.jpg\",\"datePublished\":\"2024-10-02T14:00:16+00:00\",\"dateModified\":\"2024-10-02T14:09:08+00:00\",\"breadcrumb\":{\"@id\":\"https:\/\/ewb.lu\/fr\/event\/wuestensand-und-seele\/#breadcrumb\"},\"inLanguage\":\"fr-FR\",\"potentialAction\":[{\"@type\":\"ReadAction\",\"target\":[\"https:\/\/ewb.lu\/fr\/event\/wuestensand-und-seele\/\"]}]},{\"@type\":\"ImageObject\",\"inLanguage\":\"fr-FR\",\"@id\":\"https:\/\/ewb.lu\/fr\/event\/wuestensand-und-seele\/#primaryimage\",\"url\":\"https:\/\/ewb.lu\/wp-content\/uploads\/2024\/10\/Bildschirmfoto-2024-10-02-um-16.02.44.jpg\",\"contentUrl\":\"https:\/\/ewb.lu\/wp-content\/uploads\/2024\/10\/Bildschirmfoto-2024-10-02-um-16.02.44.jpg\",\"width\":912,\"height\":1062},{\"@type\":\"BreadcrumbList\",\"@id\":\"https:\/\/ewb.lu\/fr\/event\/wuestensand-und-seele\/#breadcrumb\",\"itemListElement\":[{\"@type\":\"ListItem\",\"position\":1,\"name\":\"Startseite\",\"item\":\"https:\/\/ewb.lu\/fr\/\"},{\"@type\":\"ListItem\",\"position\":2,\"name\":\"W\u00fcstensand und Seele\"}]},{\"@type\":\"WebSite\",\"@id\":\"https:\/\/ewb.lu\/fr\/#website\",\"url\":\"https:\/\/ewb.lu\/fr\/\",\"name\":\"EwB ErwuesseBildung\",\"description\":\"ErwuesseBildung\",\"publisher\":{\"@id\":\"https:\/\/ewb.lu\/fr\/#organization\"},\"alternateName\":\"EWB\",\"potentialAction\":[{\"@type\":\"SearchAction\",\"target\":{\"@type\":\"EntryPoint\",\"urlTemplate\":\"https:\/\/ewb.lu\/fr\/?s={search_term_string}\"},\"query-input\":{\"@type\":\"PropertyValueSpecification\",\"valueRequired\":true,\"valueName\":\"search_term_string\"}}],\"inLanguage\":\"fr-FR\"},{\"@type\":\"Organization\",\"@id\":\"https:\/\/ewb.lu\/fr\/#organization\",\"name\":\"ErwuesseBildung Asbl\",\"alternateName\":\"EWB\",\"url\":\"https:\/\/ewb.lu\/fr\/\",\"logo\":{\"@type\":\"ImageObject\",\"inLanguage\":\"fr-FR\",\"@id\":\"https:\/\/ewb.lu\/fr\/#\/schema\/logo\/image\/\",\"url\":\"https:\/\/ewb.lu\/wp-content\/uploads\/2022\/11\/ewb-logo-header.svg\",\"contentUrl\":\"https:\/\/ewb.lu\/wp-content\/uploads\/2022\/11\/ewb-logo-header.svg\",\"width\":301,\"height\":38,\"caption\":\"ErwuesseBildung Asbl\"},\"image\":{\"@id\":\"https:\/\/ewb.lu\/fr\/#\/schema\/logo\/image\/\"},\"sameAs\":[\"https:\/\/www.facebook.com\/ErwuesseBild\/\",\"https:\/\/lu.linkedin.com\/company\/erwuessebildung---formation-dadultes\",\"https:\/\/www.instagram.com\/erwuessebildung_asbl\/\"]}]}<\/script>\n<!-- \/ Yoast SEO plugin. -->","yoast_head_json":{"title":"W\u00fcstensand und Seele - EWB","robots":{"index":"index","follow":"follow","max-snippet":"max-snippet:-1","max-image-preview":"max-image-preview:large","max-video-preview":"max-video-preview:-1"},"canonical":"https:\/\/ewb.lu\/fr\/event\/wuestensand-und-seele\/","og_locale":"fr_FR","og_type":"article","og_title":"W\u00fcstensand und Seele - EWB","og_description":"Spirituelle Wanderung durch die Sahara W\u00fcste in Tunesien","og_url":"https:\/\/ewb.lu\/fr\/event\/wuestensand-und-seele\/","og_site_name":"EWB","article_publisher":"https:\/\/www.facebook.com\/ErwuesseBild\/","article_modified_time":"2024-10-02T14:09:08+00:00","og_image":[{"width":912,"height":1062,"url":"https:\/\/ewb.lu\/wp-content\/uploads\/2024\/10\/Bildschirmfoto-2024-10-02-um-16.02.44.jpg","type":"image\/jpeg"}],"twitter_card":"summary_large_image","twitter_misc":{"Dur\u00e9e de lecture estim\u00e9e":"2 minutes"},"schema":{"@context":"https:\/\/schema.org","@graph":[{"@type":"WebPage","@id":"https:\/\/ewb.lu\/fr\/event\/wuestensand-und-seele\/","url":"https:\/\/ewb.lu\/fr\/event\/wuestensand-und-seele\/","name":"W\u00fcstensand und Seele - EWB","isPartOf":{"@id":"https:\/\/ewb.lu\/fr\/#website"},"primaryImageOfPage":{"@id":"https:\/\/ewb.lu\/fr\/event\/wuestensand-und-seele\/#primaryimage"},"image":{"@id":"https:\/\/ewb.lu\/fr\/event\/wuestensand-und-seele\/#primaryimage"},"thumbnailUrl":"https:\/\/ewb.lu\/wp-content\/uploads\/2024\/10\/Bildschirmfoto-2024-10-02-um-16.02.44.jpg","datePublished":"2024-10-02T14:00:16+00:00","dateModified":"2024-10-02T14:09:08+00:00","breadcrumb":{"@id":"https:\/\/ewb.lu\/fr\/event\/wuestensand-und-seele\/#breadcrumb"},"inLanguage":"fr-FR","potentialAction":[{"@type":"ReadAction","target":["https:\/\/ewb.lu\/fr\/event\/wuestensand-und-seele\/"]}]},{"@type":"ImageObject","inLanguage":"fr-FR","@id":"https:\/\/ewb.lu\/fr\/event\/wuestensand-und-seele\/#primaryimage","url":"https:\/\/ewb.lu\/wp-content\/uploads\/2024\/10\/Bildschirmfoto-2024-10-02-um-16.02.44.jpg","contentUrl":"https:\/\/ewb.lu\/wp-content\/uploads\/2024\/10\/Bildschirmfoto-2024-10-02-um-16.02.44.jpg","width":912,"height":1062},{"@type":"BreadcrumbList","@id":"https:\/\/ewb.lu\/fr\/event\/wuestensand-und-seele\/#breadcrumb","itemListElement":[{"@type":"ListItem","position":1,"name":"Startseite","item":"https:\/\/ewb.lu\/fr\/"},{"@type":"ListItem","position":2,"name":"W\u00fcstensand und Seele"}]},{"@type":"WebSite","@id":"https:\/\/ewb.lu\/fr\/#website","url":"https:\/\/ewb.lu\/fr\/","name":"EwB ErwuesseBildung","description":"ErwuesseBildung","publisher":{"@id":"https:\/\/ewb.lu\/fr\/#organization"},"alternateName":"EWB","potentialAction":[{"@type":"SearchAction","target":{"@type":"EntryPoint","urlTemplate":"https:\/\/ewb.lu\/fr\/?s={search_term_string}"},"query-input":{"@type":"PropertyValueSpecification","valueRequired":true,"valueName":"search_term_string"}}],"inLanguage":"fr-FR"},{"@type":"Organization","@id":"https:\/\/ewb.lu\/fr\/#organization","name":"ErwuesseBildung Asbl","alternateName":"EWB","url":"https:\/\/ewb.lu\/fr\/","logo":{"@type":"ImageObject","inLanguage":"fr-FR","@id":"https:\/\/ewb.lu\/fr\/#\/schema\/logo\/image\/","url":"https:\/\/ewb.lu\/wp-content\/uploads\/2022\/11\/ewb-logo-header.svg","contentUrl":"https:\/\/ewb.lu\/wp-content\/uploads\/2022\/11\/ewb-logo-header.svg","width":301,"height":38,"caption":"ErwuesseBildung Asbl"},"image":{"@id":"https:\/\/ewb.lu\/fr\/#\/schema\/logo\/image\/"},"sameAs":["https:\/\/www.facebook.com\/ErwuesseBild\/","https:\/\/lu.linkedin.com\/company\/erwuessebildung---formation-dadultes","https:\/\/www.instagram.com\/erwuessebildung_asbl\/"]}]}},"_links":{"self":[{"href":"https:\/\/ewb.lu\/fr\/wp-json\/wp\/v2\/event\/12106","targetHints":{"allow":["GET"]}}],"collection":[{"href":"https:\/\/ewb.lu\/fr\/wp-json\/wp\/v2\/event"}],"about":[{"href":"https:\/\/ewb.lu\/fr\/wp-json\/wp\/v2\/types\/event"}],"version-history":[{"count":1,"href":"https:\/\/ewb.lu\/fr\/wp-json\/wp\/v2\/event\/12106\/revisions"}],"predecessor-version":[{"id":12111,"href":"https:\/\/ewb.lu\/fr\/wp-json\/wp\/v2\/event\/12106\/revisions\/12111"}],"wp:featuredmedia":[{"embeddable":true,"href":"https:\/\/ewb.lu\/fr\/wp-json\/wp\/v2\/media\/12107"}],"wp:attachment":[{"href":"https:\/\/ewb.lu\/fr\/wp-json\/wp\/v2\/media?parent=12106"}],"wp:term":[{"taxonomy":"program","embeddable":true,"href":"https:\/\/ewb.lu\/fr\/wp-json\/wp\/v2\/program?post=12106"}],"curies":[{"name":"wp","href":"https:\/\/api.w.org\/{rel}","templated":true}]}}

Wüstensand und Seele

<section class="wpb-content-wrapper"><p>[vc_row][vc_column][vc_column_text]</p>
<h3><span style="color: #f47f57;"><b>Spirituelle Wanderung durch die Sahara Wüste in Tunesien</b></span></h3>
<p>Die Wüste war schon immer ein Ort der Klärung, der Entscheidung, der Selbstfindung und der Neuorientierung. Ohne sie ist die jüdisch-christliche Tradition nicht denkbar: Abraham, Mose, das Volk Israel musste 40 Jahre seinen Weg durch die Wüste finden. Jesus war 40 Tage in der Wüste, Johannes der Täufer lebte und predigte dort, später kamen die Wüstenväter wie Antonius der Große, Charles de Foucauld erforschte sie und lebte viele Jahre dort als Einsiedler. In ihrer Weite und Stille scheinen sich Zeit und Raum aufzulösen. Kein Geräusch ist da außer dem eigenen Herzschlag, keine fremden Schwingungen mischen sich ein. Ein Gefühl von Einssein mit sich und den andern stellt sich leichtfüssig ein. Himmel und Erde sind sich hier so nah.<span class="Apple-converted-space"> </span></p>
<p>Auf dem Hintergrund seiner eigenen Wüstenerfahrungen führt Dr. Michael Gmelch eine Gruppe in die Wüste und begleitet sie spirituell. Einzel- und Gruppengespräche, spirituelle Impulse können helfen, das Leben (neu) zu ordnen. Die Wüste hat heilende Kraft!<span class="Apple-converted-space"> </span></p>
<p><span style="color: #f47f57;"><b><i>Begleiter: </i></b></span><i>Dr. Dr. theol. Michael Gmelch, Meran, Priester, Buchautor, Psychologischer Begleiter, Therapeut für Psychotraumatherapie, Begleiter von Wüstentouren </i><i>(<a href="http://www.wuestensandundseele.weebly.com">www.wuestensandundseele.weebly.com</a>)<span class="Apple-converted-space"> </span></i></p>
<p><b>Weiterführende Informationen </b>erhalten Sie bei Uwe Franzen (&#x75;w&#x65;&#46;&#x66;&#x72;a&#x6e;&#122;&#x65;&#x6e;&#64;&#x63;&#97;&#x74;&#x68;o&#x6c;&#46;&#x6c;&#x75;), der schon mehrmals mit Dr. Gmelch in der Wüste war.<span class="Apple-converted-space"> </span></p>
<p><b>Vorbereitungswochenende: </b>9. &#8211; 10. November 2024<span class="Apple-converted-space"> </span>[/vc_column_text][vc_separator][vc_column_text]<span style="color: #72005f;"><i>Kirchliche MitarbeiterInnen können die Teilnahme an diesem Angebot bei ihrem Vorgesetzten sowie dem Generalvikar zur Bewilligung von bis zu 5 Tagen Freistellung im Rahmen der Regelungen zur jährlichen Retraite einreichen.</i></span>[/vc_column_text][vc_separator][vc_column_text]Organisiert vom <a href="https://www.cfd.lu">Centre de formation diocésain Jean XXIII</a>. In Kooperation mit der EwB.[/vc_column_text][/vc_column][/vc_row][vc_row][vc_column width= »1/3&Prime;][vc_single_image image= »2242&Prime; img_size= »medium »][/vc_column][vc_column width= »1/3&Prime;][/vc_column][vc_column width= »1/3&Prime;][/vc_column][/vc_row]</p>
</section>

<p>Spirituelle Wanderung durch die Sahara Wüste in Tunesien</p>

<!-- This site is optimized with the Yoast SEO plugin v27.1.1 - https://yoast.com/product/yoast-seo-wordpress/ -->
<title>Wüstensand und Seele - EWB</title>
<meta name="robots" content="index, follow, max-snippet:-1, max-image-preview:large, max-video-preview:-1" />
<link rel="canonical" href="https://ewb.lu/fr/event/wuestensand-und-seele/" />
<meta property="og:locale" content="fr_FR" />
<meta property="og:type" content="article" />
<meta property="og:title" content="Wüstensand und Seele - EWB" />
<meta property="og:description" content="Spirituelle Wanderung durch die Sahara Wüste in Tunesien" />
<meta property="og:url" content="https://ewb.lu/fr/event/wuestensand-und-seele/" />
<meta property="og:site_name" content="EWB" />
<meta property="article:publisher" content="https://www.facebook.com/ErwuesseBild/" />
<meta property="article:modified_time" content="2024-10-02T14:09:08+00:00" />
<meta property="og:image" content="https://ewb.lu/wp-content/uploads/2024/10/Bildschirmfoto-2024-10-02-um-16.02.44.jpg" />
	<meta property="og:image:width" content="912" />
	<meta property="og:image:height" content="1062" />
	<meta property="og:image:type" content="image/jpeg" />
<meta name="twitter:card" content="summary_large_image" />
<meta name="twitter:label1" content="Durée de lecture estimée" />
	<meta name="twitter:data1" content="2 minutes" />
<script type="application/ld+json" class="yoast-schema-graph">{"@context":"https://schema.org","@graph":[{"@type":"WebPage","@id":"https://ewb.lu/fr/event/wuestensand-und-seele/","url":"https://ewb.lu/fr/event/wuestensand-und-seele/","name":"Wüstensand und Seele - EWB","isPartOf":{"@id":"https://ewb.lu/fr/#website"},"primaryImageOfPage":{"@id":"https://ewb.lu/fr/event/wuestensand-und-seele/#primaryimage"},"image":{"@id":"https://ewb.lu/fr/event/wuestensand-und-seele/#primaryimage"},"thumbnailUrl":"https://ewb.lu/wp-content/uploads/2024/10/Bildschirmfoto-2024-10-02-um-16.02.44.jpg","datePublished":"2024-10-02T14:00:16+00:00","dateModified":"2024-10-02T14:09:08+00:00","breadcrumb":{"@id":"https://ewb.lu/fr/event/wuestensand-und-seele/#breadcrumb"},"inLanguage":"fr-FR","potentialAction":[{"@type":"ReadAction","target":["https://ewb.lu/fr/event/wuestensand-und-seele/"]}]},{"@type":"ImageObject","inLanguage":"fr-FR","@id":"https://ewb.lu/fr/event/wuestensand-und-seele/#primaryimage","url":"https://ewb.lu/wp-content/uploads/2024/10/Bildschirmfoto-2024-10-02-um-16.02.44.jpg","contentUrl":"https://ewb.lu/wp-content/uploads/2024/10/Bildschirmfoto-2024-10-02-um-16.02.44.jpg","width":912,"height":1062},{"@type":"BreadcrumbList","@id":"https://ewb.lu/fr/event/wuestensand-und-seele/#breadcrumb","itemListElement":[{"@type":"ListItem","position":1,"name":"Startseite","item":"https://ewb.lu/fr/"},{"@type":"ListItem","position":2,"name":"Wüstensand und Seele"}]},{"@type":"WebSite","@id":"https://ewb.lu/fr/#website","url":"https://ewb.lu/fr/","name":"EwB ErwuesseBildung","description":"ErwuesseBildung","publisher":{"@id":"https://ewb.lu/fr/#organization"},"alternateName":"EWB","potentialAction":[{"@type":"SearchAction","target":{"@type":"EntryPoint","urlTemplate":"https://ewb.lu/fr/?s={search_term_string}"},"query-input":{"@type":"PropertyValueSpecification","valueRequired":true,"valueName":"search_term_string"}}],"inLanguage":"fr-FR"},{"@type":"Organization","@id":"https://ewb.lu/fr/#organization","name":"ErwuesseBildung Asbl","alternateName":"EWB","url":"https://ewb.lu/fr/","logo":{"@type":"ImageObject","inLanguage":"fr-FR","@id":"https://ewb.lu/fr/#/schema/logo/image/","url":"https://ewb.lu/wp-content/uploads/2022/11/ewb-logo-header.svg","contentUrl":"https://ewb.lu/wp-content/uploads/2022/11/ewb-logo-header.svg","width":301,"height":38,"caption":"ErwuesseBildung Asbl"},"image":{"@id":"https://ewb.lu/fr/#/schema/logo/image/"},"sameAs":["https://www.facebook.com/ErwuesseBild/","https://lu.linkedin.com/company/erwuessebildung---formation-dadultes","https://www.instagram.com/erwuessebildung_asbl/"]}]}</script>
<!-- / Yoast SEO plugin. -->

Wüstensand und Seele - EWB

Spirituelle Wanderung durch die Sahara Wüste in Tunesien
