{"id":20934,"date":"2026-04-09T11:34:40","date_gmt":"2026-04-09T09:34:40","guid":{"rendered":"https:\/\/ewb.lu\/?post_type=event&#038;p=20934"},"modified":"2026-04-27T11:47:52","modified_gmt":"2026-04-27T09:47:52","slug":"kritische-theorie-und-soziale-medien","status":"publish","type":"event","link":"https:\/\/ewb.lu\/fr\/event\/kritische-theorie-und-soziale-medien\/","title":{"rendered":"Kritische Theorie und Soziale Medien"},"content":{"rendered":"<section class=\"wpb-content-wrapper\"><p>[vc_row][vc_column][vc_column_text]<strong>Philo-Workshop<\/strong><\/p>\n<p>&nbsp;<\/p>\n<p style=\"font-weight: 400; text-align: left;\"><em>\u00abDas Internet und die Gesellschaften,<br \/>\nin denen es verwendet wird, sind heute in keinem guten Zustand.\u00bb (C. Fuchs)<\/em><\/p>\n<p>&nbsp;<\/p>\n<p style=\"font-weight: 400;\">Was kann eine Kritische Theorie der sozialen Medien leisten?<br \/>\nDie Demontage des Mythos, soziale Medien seien \u201eneutrale\u201c oder \u201edemokratische\u201c Werkzeuge<\/p>\n<p style=\"font-weight: 400;\">Die zentralen Konzepte der Kritischen Theorie \u2013 <strong>Ideologiekritik, Entfremdung und Verblendung<\/strong> \u2013 sind perfekt geeignet, um die tieferen Wirkmechanismen sozialer Medien zu analysieren. Es gilt, unpopul\u00e4re Fragen zu stellen: Was ist \u00fcberhaupt das Soziale an sozialen Medien? Welche Gesch\u00e4ftsmodelle stecken dahinter?<\/p>\n<p style=\"font-weight: 400;\">Wir untersuchen, wie digitale Plattformen unsere Wahrnehmung der Realit\u00e4t verzerren und zwischenmenschliche Beziehungen in verwertbare Daten verwandeln. Werden menschliche Beziehungen in messbare Daten und Likes verwandelt, wird Kommunikation zur Ware und das wahre Miteinander, das uns eigentlich zusammenschwei\u00dft, entfremdet: Es f\u00fchrt zur Isolation, zur Entfremdung von uns selbst.<\/p>\n<p style=\"font-weight: 400;\">Es ist keine neue Nachricht, dass Soziale Medien Suchtpotenzial haben und personalisierte Sehnsuchtsorte anbieten, die im Handumdrehen durch algorithmisierte Propaganda oder gezielte Informationsauswahl unsere Sicht auf die tats\u00e4chlichen Machtverh\u00e4ltnisse versperren: \u201eVerblendung\u201c, ein klassisches Konzept der Kritischen Theorie.<\/p>\n<p style=\"font-weight: 400;\">Durch die Methodik der Kritischen Theorie lassen sich die verborgenen Machtstrukturen hinter der glatten Oberfl\u00e4che der User-Interfaces freilegen und die eigene digitale Praxis kritisch hinterfragen. Problemtische Zusammenh\u00e4nge zu erkennen ist zentral, um sich dagegen zu wehren.<\/p>\n<p><strong>Mit Nora Schleich<\/strong> (Philosopin &amp; Leiterin der EwB).[\/vc_column_text][vc_empty_space][vc_separator][vc_column_text]<\/p>\n<p style=\"font-weight: 400;\"><strong>Keine Vorkenntnisse n\u00f6tig. <\/strong>Nur gute Laune. \ud83d\ude42<\/p>\n<p>[\/vc_column_text][vc_separator][vc_empty_space][\/vc_column][\/vc_row][vc_row][vc_column width=\u00a0\u00bb1\/6&Prime;][vc_empty_space][\/vc_column][vc_column width=\u00a0\u00bb2\/3&Prime;][vc_message]Diese Veranstaltung kann auch als <strong>IFEN Weiterbildung<\/strong> anerkannt werden. <a href=\"https:\/\/ssl.education.lu\/ifen\/catalog\/course\/295593\">Mehr erfahren\u2026<\/a>[\/vc_message][\/vc_column][vc_column width=\u00a0\u00bb1\/6&Prime;][\/vc_column][\/vc_row][vc_row][vc_column][vc_empty_space][\/vc_column][\/vc_row][vc_row][vc_column][vc_column_text]<\/p>\n<div class=\"wpb_text_column wpb_content_element \">\n<div class=\"wpb_wrapper\">\n<p>Teil des Projektes \u201eDigitale Dialektik. Soziophilosophische Diskussionen \u00fcber unsere vernetzte Lebenswelt\u201c, unterst\u00fctzt durch die \u0152uvre.<\/p>\n<\/div>\n<\/div>\n<p>[\/vc_column_text][\/vc_column][\/vc_row][vc_row][vc_column width=\u00a0\u00bb1\/4&Prime;][vc_single_image image=\u00a0\u00bb20957&Prime; img_size=\u00a0\u00bbfull\u00a0\u00bb][\/vc_column][vc_column width=\u00a0\u00bb1\/4&Prime;][\/vc_column][vc_column width=\u00a0\u00bb1\/4&Prime;][\/vc_column][vc_column width=\u00a0\u00bb1\/4&Prime;][\/vc_column][\/vc_row][vc_row][vc_column][vc_empty_space][\/vc_column][\/vc_row]<\/p>\n<\/section>","protected":false},"excerpt":{"rendered":"<p>Philo-Workshop<\/p>\n","protected":false},"featured_media":20935,"template":"","program":[112],"class_list":["post-20934","event","type-event","status-publish","has-post-thumbnail","hentry","program-gesellschaft-heute-2"],"acf":[],"yoast_head":"<!-- This site is optimized with the Yoast SEO plugin v27.1.1 - https:\/\/yoast.com\/product\/yoast-seo-wordpress\/ -->\n<title>Kritische Theorie und Soziale Medien - EWB<\/title>\n<meta name=\"robots\" content=\"index, follow, max-snippet:-1, max-image-preview:large, max-video-preview:-1\" \/>\n<link rel=\"canonical\" href=\"https:\/\/ewb.lu\/fr\/event\/kritische-theorie-und-soziale-medien\/\" \/>\n<meta property=\"og:locale\" content=\"fr_FR\" \/>\n<meta property=\"og:type\" content=\"article\" \/>\n<meta property=\"og:title\" content=\"Kritische Theorie und Soziale Medien - EWB\" \/>\n<meta property=\"og:description\" content=\"Philo-Workshop\" \/>\n<meta property=\"og:url\" content=\"https:\/\/ewb.lu\/fr\/event\/kritische-theorie-und-soziale-medien\/\" \/>\n<meta property=\"og:site_name\" content=\"EWB\" \/>\n<meta property=\"article:publisher\" content=\"https:\/\/www.facebook.com\/ErwuesseBild\/\" \/>\n<meta property=\"article:modified_time\" content=\"2026-04-27T09:47:52+00:00\" \/>\n<meta property=\"og:image\" content=\"https:\/\/ewb.lu\/wp-content\/uploads\/2026\/04\/philo2.jpg\" \/>\n\t<meta property=\"og:image:width\" content=\"2560\" \/>\n\t<meta property=\"og:image:height\" content=\"1440\" \/>\n\t<meta property=\"og:image:type\" content=\"image\/jpeg\" \/>\n<meta name=\"twitter:card\" content=\"summary_large_image\" \/>\n<meta name=\"twitter:label1\" content=\"Dur\u00e9e de lecture estim\u00e9e\" \/>\n\t<meta name=\"twitter:data1\" content=\"2 minutes\" \/>\n<script type=\"application\/ld+json\" class=\"yoast-schema-graph\">{\"@context\":\"https:\/\/schema.org\",\"@graph\":[{\"@type\":\"WebPage\",\"@id\":\"https:\/\/ewb.lu\/fr\/event\/kritische-theorie-und-soziale-medien\/\",\"url\":\"https:\/\/ewb.lu\/fr\/event\/kritische-theorie-und-soziale-medien\/\",\"name\":\"Kritische Theorie und Soziale Medien - EWB\",\"isPartOf\":{\"@id\":\"https:\/\/ewb.lu\/fr\/#website\"},\"primaryImageOfPage\":{\"@id\":\"https:\/\/ewb.lu\/fr\/event\/kritische-theorie-und-soziale-medien\/#primaryimage\"},\"image\":{\"@id\":\"https:\/\/ewb.lu\/fr\/event\/kritische-theorie-und-soziale-medien\/#primaryimage\"},\"thumbnailUrl\":\"https:\/\/ewb.lu\/wp-content\/uploads\/2026\/04\/philo2.jpg\",\"datePublished\":\"2026-04-09T09:34:40+00:00\",\"dateModified\":\"2026-04-27T09:47:52+00:00\",\"breadcrumb\":{\"@id\":\"https:\/\/ewb.lu\/fr\/event\/kritische-theorie-und-soziale-medien\/#breadcrumb\"},\"inLanguage\":\"fr-FR\",\"potentialAction\":[{\"@type\":\"ReadAction\",\"target\":[\"https:\/\/ewb.lu\/fr\/event\/kritische-theorie-und-soziale-medien\/\"]}]},{\"@type\":\"ImageObject\",\"inLanguage\":\"fr-FR\",\"@id\":\"https:\/\/ewb.lu\/fr\/event\/kritische-theorie-und-soziale-medien\/#primaryimage\",\"url\":\"https:\/\/ewb.lu\/wp-content\/uploads\/2026\/04\/philo2.jpg\",\"contentUrl\":\"https:\/\/ewb.lu\/wp-content\/uploads\/2026\/04\/philo2.jpg\",\"width\":2560,\"height\":1440},{\"@type\":\"BreadcrumbList\",\"@id\":\"https:\/\/ewb.lu\/fr\/event\/kritische-theorie-und-soziale-medien\/#breadcrumb\",\"itemListElement\":[{\"@type\":\"ListItem\",\"position\":1,\"name\":\"Startseite\",\"item\":\"https:\/\/ewb.lu\/fr\/\"},{\"@type\":\"ListItem\",\"position\":2,\"name\":\"Kritische Theorie und Soziale Medien\"}]},{\"@type\":\"WebSite\",\"@id\":\"https:\/\/ewb.lu\/fr\/#website\",\"url\":\"https:\/\/ewb.lu\/fr\/\",\"name\":\"EwB ErwuesseBildung\",\"description\":\"ErwuesseBildung\",\"publisher\":{\"@id\":\"https:\/\/ewb.lu\/fr\/#organization\"},\"alternateName\":\"EWB\",\"potentialAction\":[{\"@type\":\"SearchAction\",\"target\":{\"@type\":\"EntryPoint\",\"urlTemplate\":\"https:\/\/ewb.lu\/fr\/?s={search_term_string}\"},\"query-input\":{\"@type\":\"PropertyValueSpecification\",\"valueRequired\":true,\"valueName\":\"search_term_string\"}}],\"inLanguage\":\"fr-FR\"},{\"@type\":\"Organization\",\"@id\":\"https:\/\/ewb.lu\/fr\/#organization\",\"name\":\"ErwuesseBildung Asbl\",\"alternateName\":\"EWB\",\"url\":\"https:\/\/ewb.lu\/fr\/\",\"logo\":{\"@type\":\"ImageObject\",\"inLanguage\":\"fr-FR\",\"@id\":\"https:\/\/ewb.lu\/fr\/#\/schema\/logo\/image\/\",\"url\":\"https:\/\/ewb.lu\/wp-content\/uploads\/2022\/11\/ewb-logo-header.svg\",\"contentUrl\":\"https:\/\/ewb.lu\/wp-content\/uploads\/2022\/11\/ewb-logo-header.svg\",\"width\":301,\"height\":38,\"caption\":\"ErwuesseBildung Asbl\"},\"image\":{\"@id\":\"https:\/\/ewb.lu\/fr\/#\/schema\/logo\/image\/\"},\"sameAs\":[\"https:\/\/www.facebook.com\/ErwuesseBild\/\",\"https:\/\/lu.linkedin.com\/company\/erwuessebildung---formation-dadultes\",\"https:\/\/www.instagram.com\/erwuessebildung_asbl\/\"]}]}<\/script>\n<!-- \/ Yoast SEO plugin. -->","yoast_head_json":{"title":"Kritische Theorie und Soziale Medien - EWB","robots":{"index":"index","follow":"follow","max-snippet":"max-snippet:-1","max-image-preview":"max-image-preview:large","max-video-preview":"max-video-preview:-1"},"canonical":"https:\/\/ewb.lu\/fr\/event\/kritische-theorie-und-soziale-medien\/","og_locale":"fr_FR","og_type":"article","og_title":"Kritische Theorie und Soziale Medien - EWB","og_description":"Philo-Workshop","og_url":"https:\/\/ewb.lu\/fr\/event\/kritische-theorie-und-soziale-medien\/","og_site_name":"EWB","article_publisher":"https:\/\/www.facebook.com\/ErwuesseBild\/","article_modified_time":"2026-04-27T09:47:52+00:00","og_image":[{"width":2560,"height":1440,"url":"https:\/\/ewb.lu\/wp-content\/uploads\/2026\/04\/philo2.jpg","type":"image\/jpeg"}],"twitter_card":"summary_large_image","twitter_misc":{"Dur\u00e9e de lecture estim\u00e9e":"2 minutes"},"schema":{"@context":"https:\/\/schema.org","@graph":[{"@type":"WebPage","@id":"https:\/\/ewb.lu\/fr\/event\/kritische-theorie-und-soziale-medien\/","url":"https:\/\/ewb.lu\/fr\/event\/kritische-theorie-und-soziale-medien\/","name":"Kritische Theorie und Soziale Medien - EWB","isPartOf":{"@id":"https:\/\/ewb.lu\/fr\/#website"},"primaryImageOfPage":{"@id":"https:\/\/ewb.lu\/fr\/event\/kritische-theorie-und-soziale-medien\/#primaryimage"},"image":{"@id":"https:\/\/ewb.lu\/fr\/event\/kritische-theorie-und-soziale-medien\/#primaryimage"},"thumbnailUrl":"https:\/\/ewb.lu\/wp-content\/uploads\/2026\/04\/philo2.jpg","datePublished":"2026-04-09T09:34:40+00:00","dateModified":"2026-04-27T09:47:52+00:00","breadcrumb":{"@id":"https:\/\/ewb.lu\/fr\/event\/kritische-theorie-und-soziale-medien\/#breadcrumb"},"inLanguage":"fr-FR","potentialAction":[{"@type":"ReadAction","target":["https:\/\/ewb.lu\/fr\/event\/kritische-theorie-und-soziale-medien\/"]}]},{"@type":"ImageObject","inLanguage":"fr-FR","@id":"https:\/\/ewb.lu\/fr\/event\/kritische-theorie-und-soziale-medien\/#primaryimage","url":"https:\/\/ewb.lu\/wp-content\/uploads\/2026\/04\/philo2.jpg","contentUrl":"https:\/\/ewb.lu\/wp-content\/uploads\/2026\/04\/philo2.jpg","width":2560,"height":1440},{"@type":"BreadcrumbList","@id":"https:\/\/ewb.lu\/fr\/event\/kritische-theorie-und-soziale-medien\/#breadcrumb","itemListElement":[{"@type":"ListItem","position":1,"name":"Startseite","item":"https:\/\/ewb.lu\/fr\/"},{"@type":"ListItem","position":2,"name":"Kritische Theorie und Soziale Medien"}]},{"@type":"WebSite","@id":"https:\/\/ewb.lu\/fr\/#website","url":"https:\/\/ewb.lu\/fr\/","name":"EwB ErwuesseBildung","description":"ErwuesseBildung","publisher":{"@id":"https:\/\/ewb.lu\/fr\/#organization"},"alternateName":"EWB","potentialAction":[{"@type":"SearchAction","target":{"@type":"EntryPoint","urlTemplate":"https:\/\/ewb.lu\/fr\/?s={search_term_string}"},"query-input":{"@type":"PropertyValueSpecification","valueRequired":true,"valueName":"search_term_string"}}],"inLanguage":"fr-FR"},{"@type":"Organization","@id":"https:\/\/ewb.lu\/fr\/#organization","name":"ErwuesseBildung Asbl","alternateName":"EWB","url":"https:\/\/ewb.lu\/fr\/","logo":{"@type":"ImageObject","inLanguage":"fr-FR","@id":"https:\/\/ewb.lu\/fr\/#\/schema\/logo\/image\/","url":"https:\/\/ewb.lu\/wp-content\/uploads\/2022\/11\/ewb-logo-header.svg","contentUrl":"https:\/\/ewb.lu\/wp-content\/uploads\/2022\/11\/ewb-logo-header.svg","width":301,"height":38,"caption":"ErwuesseBildung Asbl"},"image":{"@id":"https:\/\/ewb.lu\/fr\/#\/schema\/logo\/image\/"},"sameAs":["https:\/\/www.facebook.com\/ErwuesseBild\/","https:\/\/lu.linkedin.com\/company\/erwuessebildung---formation-dadultes","https:\/\/www.instagram.com\/erwuessebildung_asbl\/"]}]}},"_links":{"self":[{"href":"https:\/\/ewb.lu\/fr\/wp-json\/wp\/v2\/event\/20934","targetHints":{"allow":["GET"]}}],"collection":[{"href":"https:\/\/ewb.lu\/fr\/wp-json\/wp\/v2\/event"}],"about":[{"href":"https:\/\/ewb.lu\/fr\/wp-json\/wp\/v2\/types\/event"}],"version-history":[{"count":5,"href":"https:\/\/ewb.lu\/fr\/wp-json\/wp\/v2\/event\/20934\/revisions"}],"predecessor-version":[{"id":21050,"href":"https:\/\/ewb.lu\/fr\/wp-json\/wp\/v2\/event\/20934\/revisions\/21050"}],"wp:featuredmedia":[{"embeddable":true,"href":"https:\/\/ewb.lu\/fr\/wp-json\/wp\/v2\/media\/20935"}],"wp:attachment":[{"href":"https:\/\/ewb.lu\/fr\/wp-json\/wp\/v2\/media?parent=20934"}],"wp:term":[{"taxonomy":"program","embeddable":true,"href":"https:\/\/ewb.lu\/fr\/wp-json\/wp\/v2\/program?post=20934"}],"curies":[{"name":"wp","href":"https:\/\/api.w.org\/{rel}","templated":true}]}}

<section class="wpb-content-wrapper"><p>[vc_row][vc_column][vc_column_text]<strong>Philo-Workshop</strong></p>
<p>&nbsp;</p>
<p style="font-weight: 400; text-align: left;"><em>«Das Internet und die Gesellschaften,<br />
in denen es verwendet wird, sind heute in keinem guten Zustand.» (C. Fuchs)</em></p>
<p>&nbsp;</p>
<p style="font-weight: 400;">Was kann eine Kritische Theorie der sozialen Medien leisten?<br />
Die Demontage des Mythos, soziale Medien seien „neutrale“ oder „demokratische“ Werkzeuge</p>
<p style="font-weight: 400;">Die zentralen Konzepte der Kritischen Theorie – <strong>Ideologiekritik, Entfremdung und Verblendung</strong> – sind perfekt geeignet, um die tieferen Wirkmechanismen sozialer Medien zu analysieren. Es gilt, unpopuläre Fragen zu stellen: Was ist überhaupt das Soziale an sozialen Medien? Welche Geschäftsmodelle stecken dahinter?</p>
<p style="font-weight: 400;">Wir untersuchen, wie digitale Plattformen unsere Wahrnehmung der Realität verzerren und zwischenmenschliche Beziehungen in verwertbare Daten verwandeln. Werden menschliche Beziehungen in messbare Daten und Likes verwandelt, wird Kommunikation zur Ware und das wahre Miteinander, das uns eigentlich zusammenschweißt, entfremdet: Es führt zur Isolation, zur Entfremdung von uns selbst.</p>
<p style="font-weight: 400;">Es ist keine neue Nachricht, dass Soziale Medien Suchtpotenzial haben und personalisierte Sehnsuchtsorte anbieten, die im Handumdrehen durch algorithmisierte Propaganda oder gezielte Informationsauswahl unsere Sicht auf die tatsächlichen Machtverhältnisse versperren: „Verblendung“, ein klassisches Konzept der Kritischen Theorie.</p>
<p style="font-weight: 400;">Durch die Methodik der Kritischen Theorie lassen sich die verborgenen Machtstrukturen hinter der glatten Oberfläche der User-Interfaces freilegen und die eigene digitale Praxis kritisch hinterfragen. Problemtische Zusammenhänge zu erkennen ist zentral, um sich dagegen zu wehren.</p>
<p><strong>Mit Nora Schleich</strong> (Philosopin &amp; Leiterin der EwB).[/vc_column_text][vc_empty_space][vc_separator][vc_column_text]</p>
<p style="font-weight: 400;"><strong>Keine Vorkenntnisse nötig. </strong>Nur gute Laune. 🙂</p>
<p>[/vc_column_text][vc_separator][vc_empty_space][/vc_column][/vc_row][vc_row][vc_column width= »1/6&Prime;][vc_empty_space][/vc_column][vc_column width= »2/3&Prime;][vc_message]Diese Veranstaltung kann auch als <strong>IFEN Weiterbildung</strong> anerkannt werden. <a href="https://ssl.education.lu/ifen/catalog/course/295593">Mehr erfahren…</a>[/vc_message][/vc_column][vc_column width= »1/6&Prime;][/vc_column][/vc_row][vc_row][vc_column][vc_empty_space][/vc_column][/vc_row][vc_row][vc_column][vc_column_text]</p>
<div class="wpb_text_column wpb_content_element ">
<div class="wpb_wrapper">
<p>Teil des Projektes „Digitale Dialektik. Soziophilosophische Diskussionen über unsere vernetzte Lebenswelt“, unterstützt durch die Œuvre.</p>
</div>
</div>
<p>[/vc_column_text][/vc_column][/vc_row][vc_row][vc_column width= »1/4&Prime;][vc_single_image image= »20957&Prime; img_size= »full »][/vc_column][vc_column width= »1/4&Prime;][/vc_column][vc_column width= »1/4&Prime;][/vc_column][vc_column width= »1/4&Prime;][/vc_column][/vc_row][vc_row][vc_column][vc_empty_space][/vc_column][/vc_row]</p>
</section>

<!-- This site is optimized with the Yoast SEO plugin v27.1.1 - https://yoast.com/product/yoast-seo-wordpress/ -->
<title>Kritische Theorie und Soziale Medien - EWB</title>
<meta name="robots" content="index, follow, max-snippet:-1, max-image-preview:large, max-video-preview:-1" />
<link rel="canonical" href="https://ewb.lu/fr/event/kritische-theorie-und-soziale-medien/" />
<meta property="og:locale" content="fr_FR" />
<meta property="og:type" content="article" />
<meta property="og:title" content="Kritische Theorie und Soziale Medien - EWB" />
<meta property="og:description" content="Philo-Workshop" />
<meta property="og:url" content="https://ewb.lu/fr/event/kritische-theorie-und-soziale-medien/" />
<meta property="og:site_name" content="EWB" />
<meta property="article:publisher" content="https://www.facebook.com/ErwuesseBild/" />
<meta property="article:modified_time" content="2026-04-27T09:47:52+00:00" />
<meta property="og:image" content="https://ewb.lu/wp-content/uploads/2026/04/philo2.jpg" />
	<meta property="og:image:width" content="2560" />
	<meta property="og:image:height" content="1440" />
	<meta property="og:image:type" content="image/jpeg" />
<meta name="twitter:card" content="summary_large_image" />
<meta name="twitter:label1" content="Durée de lecture estimée" />
	<meta name="twitter:data1" content="2 minutes" />
<script type="application/ld+json" class="yoast-schema-graph">{"@context":"https://schema.org","@graph":[{"@type":"WebPage","@id":"https://ewb.lu/fr/event/kritische-theorie-und-soziale-medien/","url":"https://ewb.lu/fr/event/kritische-theorie-und-soziale-medien/","name":"Kritische Theorie und Soziale Medien - EWB","isPartOf":{"@id":"https://ewb.lu/fr/#website"},"primaryImageOfPage":{"@id":"https://ewb.lu/fr/event/kritische-theorie-und-soziale-medien/#primaryimage"},"image":{"@id":"https://ewb.lu/fr/event/kritische-theorie-und-soziale-medien/#primaryimage"},"thumbnailUrl":"https://ewb.lu/wp-content/uploads/2026/04/philo2.jpg","datePublished":"2026-04-09T09:34:40+00:00","dateModified":"2026-04-27T09:47:52+00:00","breadcrumb":{"@id":"https://ewb.lu/fr/event/kritische-theorie-und-soziale-medien/#breadcrumb"},"inLanguage":"fr-FR","potentialAction":[{"@type":"ReadAction","target":["https://ewb.lu/fr/event/kritische-theorie-und-soziale-medien/"]}]},{"@type":"ImageObject","inLanguage":"fr-FR","@id":"https://ewb.lu/fr/event/kritische-theorie-und-soziale-medien/#primaryimage","url":"https://ewb.lu/wp-content/uploads/2026/04/philo2.jpg","contentUrl":"https://ewb.lu/wp-content/uploads/2026/04/philo2.jpg","width":2560,"height":1440},{"@type":"BreadcrumbList","@id":"https://ewb.lu/fr/event/kritische-theorie-und-soziale-medien/#breadcrumb","itemListElement":[{"@type":"ListItem","position":1,"name":"Startseite","item":"https://ewb.lu/fr/"},{"@type":"ListItem","position":2,"name":"Kritische Theorie und Soziale Medien"}]},{"@type":"WebSite","@id":"https://ewb.lu/fr/#website","url":"https://ewb.lu/fr/","name":"EwB ErwuesseBildung","description":"ErwuesseBildung","publisher":{"@id":"https://ewb.lu/fr/#organization"},"alternateName":"EWB","potentialAction":[{"@type":"SearchAction","target":{"@type":"EntryPoint","urlTemplate":"https://ewb.lu/fr/?s={search_term_string}"},"query-input":{"@type":"PropertyValueSpecification","valueRequired":true,"valueName":"search_term_string"}}],"inLanguage":"fr-FR"},{"@type":"Organization","@id":"https://ewb.lu/fr/#organization","name":"ErwuesseBildung Asbl","alternateName":"EWB","url":"https://ewb.lu/fr/","logo":{"@type":"ImageObject","inLanguage":"fr-FR","@id":"https://ewb.lu/fr/#/schema/logo/image/","url":"https://ewb.lu/wp-content/uploads/2022/11/ewb-logo-header.svg","contentUrl":"https://ewb.lu/wp-content/uploads/2022/11/ewb-logo-header.svg","width":301,"height":38,"caption":"ErwuesseBildung Asbl"},"image":{"@id":"https://ewb.lu/fr/#/schema/logo/image/"},"sameAs":["https://www.facebook.com/ErwuesseBild/","https://lu.linkedin.com/company/erwuessebildung---formation-dadultes","https://www.instagram.com/erwuessebildung_asbl/"]}]}</script>
<!-- / Yoast SEO plugin. -->
