{"id":2473,"date":"2023-02-23T15:32:09","date_gmt":"2023-02-23T14:32:09","guid":{"rendered":"https:\/\/ewb.cuco.dev\/event\/low-an-zero-energy-architektur\/"},"modified":"2023-04-17T16:41:04","modified_gmt":"2023-04-17T15:41:04","slug":"low-an-zero-energy-architektur","status":"publish","type":"event","link":"https:\/\/ewb.lu\/fr\/evenement\/low-an-zero-energy-architektur\/","title":{"rendered":"Low- an Zero-Energy Architektur"},"content":{"rendered":"<p><strong>Info-Owend mat der Architektin Jill Ries<\/strong><\/p>\n<p>D&rsquo;Jill Ries ass eng jonk Architektin d\u00e9i zu Br\u00e9issel (BE) op der Universit\u00e9 Libre de Bruxelles souw\u00e9i zu Seoul (KOR) op der Sungkyunkwan University stud\u00e9iert huet an aktuell s\u00e4it iwwert engem Jo\u00ebr bei A+Architecture zu Dikrech t\u00e4teg ass. Schonn s\u00e4it hirem Studium besch\u00e4ftegt an interess\u00e9iert si sech fir m\u00e9i Nohaltegkeet am Bausecteur. Hier Masteraarbecht huet si iwwert Relatioun vun erneierbaren Energien an Architektur souw\u00e9i d&rsquo;Energieperformance geschriwwen, a mat hirem Design een Concours (\u00ab\u00a0Rammed Earth House\u00a0\u00bb) an Slowenien gewonnen.<\/p>\n<p>Um Info-Owend iwwert Low Energy an Zero Energy Architektur w\u00e4ert si iwwert hier Recherchen a bishereg Erfarungen an d\u00ebsem Ber\u00e4ich schw\u00e4tzen. D\u00ebs weideren w\u00e4ert si unhand vun konkreten Beispiller <strong>een kriteschen Bl\u00e9ck op d\u00ebst Thema werfen an d&rsquo;Schwieregkeeten vun den \u00ebmmer m\u00e9i opkommenden Energielabelen erkl\u00e4ren.<\/strong><\/p>\n<div><\/div>\n<div class=\"event-label\"><strong>Entr\u00e9e:<\/strong> Mir propos\u00e9ieren 15\u20ac, Dir gitt, wat Dir fir ubruecht haalt.<\/div>\n","protected":false},"excerpt":{"rendered":"<p>Info-Owend mat der Architektin Jill Ries<\/p>\n","protected":false},"featured_media":1898,"template":"","program":[114],"class_list":["post-2473","event","type-event","status-publish","has-post-thumbnail","hentry","program-societe-aujourdhui"],"acf":[],"yoast_head":"<!-- This site is optimized with the Yoast SEO plugin v27.1.1 - https:\/\/yoast.com\/product\/yoast-seo-wordpress\/ -->\n<title>Low- an Zero-Energy Architektur - EWB<\/title>\n<meta name=\"robots\" content=\"index, follow, max-snippet:-1, max-image-preview:large, max-video-preview:-1\" \/>\n<link rel=\"canonical\" href=\"https:\/\/ewb.lu\/fr\/evenement\/low-an-zero-energy-architektur\/\" \/>\n<meta property=\"og:locale\" content=\"fr_FR\" \/>\n<meta property=\"og:type\" content=\"article\" \/>\n<meta property=\"og:title\" content=\"Low- an Zero-Energy Architektur - EWB\" \/>\n<meta property=\"og:description\" content=\"Info-Owend mat der Architektin Jill Ries\" \/>\n<meta property=\"og:url\" content=\"https:\/\/ewb.lu\/fr\/evenement\/low-an-zero-energy-architektur\/\" \/>\n<meta property=\"og:site_name\" content=\"EWB\" \/>\n<meta property=\"article:publisher\" content=\"https:\/\/www.facebook.com\/ErwuesseBild\/\" \/>\n<meta property=\"article:modified_time\" content=\"2023-04-17T15:41:04+00:00\" \/>\n<meta property=\"og:image\" content=\"https:\/\/ewb.lu\/wp-content\/uploads\/2023\/02\/image-1-6.jpg\" \/>\n\t<meta property=\"og:image:width\" content=\"1080\" \/>\n\t<meta property=\"og:image:height\" content=\"723\" \/>\n\t<meta property=\"og:image:type\" content=\"image\/jpeg\" \/>\n<meta name=\"twitter:card\" content=\"summary_large_image\" \/>\n<meta name=\"twitter:label1\" content=\"Dur\u00e9e de lecture estim\u00e9e\" \/>\n\t<meta name=\"twitter:data1\" content=\"1 minute\" \/>\n<script type=\"application\/ld+json\" class=\"yoast-schema-graph\">{\"@context\":\"https:\/\/schema.org\",\"@graph\":[{\"@type\":\"WebPage\",\"@id\":\"https:\/\/ewb.lu\/fr\/evenement\/low-an-zero-energy-architektur\/\",\"url\":\"https:\/\/ewb.lu\/fr\/evenement\/low-an-zero-energy-architektur\/\",\"name\":\"Low- an Zero-Energy Architektur - EWB\",\"isPartOf\":{\"@id\":\"https:\/\/ewb.lu\/fr\/#website\"},\"primaryImageOfPage\":{\"@id\":\"https:\/\/ewb.lu\/fr\/evenement\/low-an-zero-energy-architektur\/#primaryimage\"},\"image\":{\"@id\":\"https:\/\/ewb.lu\/fr\/evenement\/low-an-zero-energy-architektur\/#primaryimage\"},\"thumbnailUrl\":\"https:\/\/ewb.lu\/wp-content\/uploads\/2023\/02\/image-1-6.jpg\",\"datePublished\":\"2023-02-23T14:32:09+00:00\",\"dateModified\":\"2023-04-17T15:41:04+00:00\",\"breadcrumb\":{\"@id\":\"https:\/\/ewb.lu\/fr\/evenement\/low-an-zero-energy-architektur\/#breadcrumb\"},\"inLanguage\":\"fr-FR\",\"potentialAction\":[{\"@type\":\"ReadAction\",\"target\":[\"https:\/\/ewb.lu\/fr\/evenement\/low-an-zero-energy-architektur\/\"]}]},{\"@type\":\"ImageObject\",\"inLanguage\":\"fr-FR\",\"@id\":\"https:\/\/ewb.lu\/fr\/evenement\/low-an-zero-energy-architektur\/#primaryimage\",\"url\":\"https:\/\/ewb.lu\/wp-content\/uploads\/2023\/02\/image-1-6.jpg\",\"contentUrl\":\"https:\/\/ewb.lu\/wp-content\/uploads\/2023\/02\/image-1-6.jpg\",\"width\":1080,\"height\":723},{\"@type\":\"BreadcrumbList\",\"@id\":\"https:\/\/ewb.lu\/fr\/evenement\/low-an-zero-energy-architektur\/#breadcrumb\",\"itemListElement\":[{\"@type\":\"ListItem\",\"position\":1,\"name\":\"Startseite\",\"item\":\"https:\/\/ewb.lu\/fr\/\"},{\"@type\":\"ListItem\",\"position\":2,\"name\":\"Low- an Zero-Energy Architektur\"}]},{\"@type\":\"WebSite\",\"@id\":\"https:\/\/ewb.lu\/fr\/#website\",\"url\":\"https:\/\/ewb.lu\/fr\/\",\"name\":\"EwB ErwuesseBildung\",\"description\":\"ErwuesseBildung\",\"publisher\":{\"@id\":\"https:\/\/ewb.lu\/fr\/#organization\"},\"alternateName\":\"EWB\",\"potentialAction\":[{\"@type\":\"SearchAction\",\"target\":{\"@type\":\"EntryPoint\",\"urlTemplate\":\"https:\/\/ewb.lu\/fr\/?s={search_term_string}\"},\"query-input\":{\"@type\":\"PropertyValueSpecification\",\"valueRequired\":true,\"valueName\":\"search_term_string\"}}],\"inLanguage\":\"fr-FR\"},{\"@type\":\"Organization\",\"@id\":\"https:\/\/ewb.lu\/fr\/#organization\",\"name\":\"ErwuesseBildung Asbl\",\"alternateName\":\"EWB\",\"url\":\"https:\/\/ewb.lu\/fr\/\",\"logo\":{\"@type\":\"ImageObject\",\"inLanguage\":\"fr-FR\",\"@id\":\"https:\/\/ewb.lu\/fr\/#\/schema\/logo\/image\/\",\"url\":\"https:\/\/ewb.lu\/wp-content\/uploads\/2022\/11\/ewb-logo-header.svg\",\"contentUrl\":\"https:\/\/ewb.lu\/wp-content\/uploads\/2022\/11\/ewb-logo-header.svg\",\"width\":301,\"height\":38,\"caption\":\"ErwuesseBildung Asbl\"},\"image\":{\"@id\":\"https:\/\/ewb.lu\/fr\/#\/schema\/logo\/image\/\"},\"sameAs\":[\"https:\/\/www.facebook.com\/ErwuesseBild\/\",\"https:\/\/lu.linkedin.com\/company\/erwuessebildung---formation-dadultes\",\"https:\/\/www.instagram.com\/erwuessebildung_asbl\/\"]}]}<\/script>\n<!-- \/ Yoast SEO plugin. -->","yoast_head_json":{"title":"Low- an Zero-Energy Architektur - EWB","robots":{"index":"index","follow":"follow","max-snippet":"max-snippet:-1","max-image-preview":"max-image-preview:large","max-video-preview":"max-video-preview:-1"},"canonical":"https:\/\/ewb.lu\/fr\/evenement\/low-an-zero-energy-architektur\/","og_locale":"fr_FR","og_type":"article","og_title":"Low- an Zero-Energy Architektur - EWB","og_description":"Info-Owend mat der Architektin Jill Ries","og_url":"https:\/\/ewb.lu\/fr\/evenement\/low-an-zero-energy-architektur\/","og_site_name":"EWB","article_publisher":"https:\/\/www.facebook.com\/ErwuesseBild\/","article_modified_time":"2023-04-17T15:41:04+00:00","og_image":[{"width":1080,"height":723,"url":"https:\/\/ewb.lu\/wp-content\/uploads\/2023\/02\/image-1-6.jpg","type":"image\/jpeg"}],"twitter_card":"summary_large_image","twitter_misc":{"Dur\u00e9e de lecture estim\u00e9e":"1 minute"},"schema":{"@context":"https:\/\/schema.org","@graph":[{"@type":"WebPage","@id":"https:\/\/ewb.lu\/fr\/evenement\/low-an-zero-energy-architektur\/","url":"https:\/\/ewb.lu\/fr\/evenement\/low-an-zero-energy-architektur\/","name":"Low- an Zero-Energy Architektur - EWB","isPartOf":{"@id":"https:\/\/ewb.lu\/fr\/#website"},"primaryImageOfPage":{"@id":"https:\/\/ewb.lu\/fr\/evenement\/low-an-zero-energy-architektur\/#primaryimage"},"image":{"@id":"https:\/\/ewb.lu\/fr\/evenement\/low-an-zero-energy-architektur\/#primaryimage"},"thumbnailUrl":"https:\/\/ewb.lu\/wp-content\/uploads\/2023\/02\/image-1-6.jpg","datePublished":"2023-02-23T14:32:09+00:00","dateModified":"2023-04-17T15:41:04+00:00","breadcrumb":{"@id":"https:\/\/ewb.lu\/fr\/evenement\/low-an-zero-energy-architektur\/#breadcrumb"},"inLanguage":"fr-FR","potentialAction":[{"@type":"ReadAction","target":["https:\/\/ewb.lu\/fr\/evenement\/low-an-zero-energy-architektur\/"]}]},{"@type":"ImageObject","inLanguage":"fr-FR","@id":"https:\/\/ewb.lu\/fr\/evenement\/low-an-zero-energy-architektur\/#primaryimage","url":"https:\/\/ewb.lu\/wp-content\/uploads\/2023\/02\/image-1-6.jpg","contentUrl":"https:\/\/ewb.lu\/wp-content\/uploads\/2023\/02\/image-1-6.jpg","width":1080,"height":723},{"@type":"BreadcrumbList","@id":"https:\/\/ewb.lu\/fr\/evenement\/low-an-zero-energy-architektur\/#breadcrumb","itemListElement":[{"@type":"ListItem","position":1,"name":"Startseite","item":"https:\/\/ewb.lu\/fr\/"},{"@type":"ListItem","position":2,"name":"Low- an Zero-Energy Architektur"}]},{"@type":"WebSite","@id":"https:\/\/ewb.lu\/fr\/#website","url":"https:\/\/ewb.lu\/fr\/","name":"EwB ErwuesseBildung","description":"ErwuesseBildung","publisher":{"@id":"https:\/\/ewb.lu\/fr\/#organization"},"alternateName":"EWB","potentialAction":[{"@type":"SearchAction","target":{"@type":"EntryPoint","urlTemplate":"https:\/\/ewb.lu\/fr\/?s={search_term_string}"},"query-input":{"@type":"PropertyValueSpecification","valueRequired":true,"valueName":"search_term_string"}}],"inLanguage":"fr-FR"},{"@type":"Organization","@id":"https:\/\/ewb.lu\/fr\/#organization","name":"ErwuesseBildung Asbl","alternateName":"EWB","url":"https:\/\/ewb.lu\/fr\/","logo":{"@type":"ImageObject","inLanguage":"fr-FR","@id":"https:\/\/ewb.lu\/fr\/#\/schema\/logo\/image\/","url":"https:\/\/ewb.lu\/wp-content\/uploads\/2022\/11\/ewb-logo-header.svg","contentUrl":"https:\/\/ewb.lu\/wp-content\/uploads\/2022\/11\/ewb-logo-header.svg","width":301,"height":38,"caption":"ErwuesseBildung Asbl"},"image":{"@id":"https:\/\/ewb.lu\/fr\/#\/schema\/logo\/image\/"},"sameAs":["https:\/\/www.facebook.com\/ErwuesseBild\/","https:\/\/lu.linkedin.com\/company\/erwuessebildung---formation-dadultes","https:\/\/www.instagram.com\/erwuessebildung_asbl\/"]}]}},"_links":{"self":[{"href":"https:\/\/ewb.lu\/fr\/wp-json\/wp\/v2\/event\/2473","targetHints":{"allow":["GET"]}}],"collection":[{"href":"https:\/\/ewb.lu\/fr\/wp-json\/wp\/v2\/event"}],"about":[{"href":"https:\/\/ewb.lu\/fr\/wp-json\/wp\/v2\/types\/event"}],"version-history":[{"count":2,"href":"https:\/\/ewb.lu\/fr\/wp-json\/wp\/v2\/event\/2473\/revisions"}],"predecessor-version":[{"id":3042,"href":"https:\/\/ewb.lu\/fr\/wp-json\/wp\/v2\/event\/2473\/revisions\/3042"}],"wp:featuredmedia":[{"embeddable":true,"href":"https:\/\/ewb.lu\/fr\/wp-json\/wp\/v2\/media\/1898"}],"wp:attachment":[{"href":"https:\/\/ewb.lu\/fr\/wp-json\/wp\/v2\/media?parent=2473"}],"wp:term":[{"taxonomy":"program","embeddable":true,"href":"https:\/\/ewb.lu\/fr\/wp-json\/wp\/v2\/program?post=2473"}],"curies":[{"name":"wp","href":"https:\/\/api.w.org\/{rel}","templated":true}]}}

<p><strong>Info-Owend mat der Architektin Jill Ries</strong></p>
<p>D&rsquo;Jill Ries ass eng jonk Architektin déi zu Bréissel (BE) op der Université Libre de Bruxelles souwéi zu Seoul (KOR) op der Sungkyunkwan University studéiert huet an aktuell säit iwwert engem Joër bei A+Architecture zu Dikrech täteg ass. Schonn säit hirem Studium beschäftegt an interesséiert si sech fir méi Nohaltegkeet am Bausecteur. Hier Masteraarbecht huet si iwwert Relatioun vun erneierbaren Energien an Architektur souwéi d&rsquo;Energieperformance geschriwwen, a mat hirem Design een Concours (« Rammed Earth House ») an Slowenien gewonnen.</p>
<p>Um Info-Owend iwwert Low Energy an Zero Energy Architektur wäert si iwwert hier Recherchen a bishereg Erfarungen an dësem Beräich schwätzen. Dës weideren wäert si unhand vun konkreten Beispiller <strong>een kriteschen Bléck op dëst Thema werfen an d&rsquo;Schwieregkeeten vun den ëmmer méi opkommenden Energielabelen erklären.</strong></p>
<div></div>
<div class="event-label"><strong>Entrée:</strong> Mir proposéieren 15€, Dir gitt, wat Dir fir ubruecht haalt.</div>

<!-- This site is optimized with the Yoast SEO plugin v27.1.1 - https://yoast.com/product/yoast-seo-wordpress/ -->
<title>Low- an Zero-Energy Architektur - EWB</title>
<meta name="robots" content="index, follow, max-snippet:-1, max-image-preview:large, max-video-preview:-1" />
<link rel="canonical" href="https://ewb.lu/fr/evenement/low-an-zero-energy-architektur/" />
<meta property="og:locale" content="fr_FR" />
<meta property="og:type" content="article" />
<meta property="og:title" content="Low- an Zero-Energy Architektur - EWB" />
<meta property="og:description" content="Info-Owend mat der Architektin Jill Ries" />
<meta property="og:url" content="https://ewb.lu/fr/evenement/low-an-zero-energy-architektur/" />
<meta property="og:site_name" content="EWB" />
<meta property="article:publisher" content="https://www.facebook.com/ErwuesseBild/" />
<meta property="article:modified_time" content="2023-04-17T15:41:04+00:00" />
<meta property="og:image" content="https://ewb.lu/wp-content/uploads/2023/02/image-1-6.jpg" />
	<meta property="og:image:width" content="1080" />
	<meta property="og:image:height" content="723" />
	<meta property="og:image:type" content="image/jpeg" />
<meta name="twitter:card" content="summary_large_image" />
<meta name="twitter:label1" content="Durée de lecture estimée" />
	<meta name="twitter:data1" content="1 minute" />
<script type="application/ld+json" class="yoast-schema-graph">{"@context":"https://schema.org","@graph":[{"@type":"WebPage","@id":"https://ewb.lu/fr/evenement/low-an-zero-energy-architektur/","url":"https://ewb.lu/fr/evenement/low-an-zero-energy-architektur/","name":"Low- an Zero-Energy Architektur - EWB","isPartOf":{"@id":"https://ewb.lu/fr/#website"},"primaryImageOfPage":{"@id":"https://ewb.lu/fr/evenement/low-an-zero-energy-architektur/#primaryimage"},"image":{"@id":"https://ewb.lu/fr/evenement/low-an-zero-energy-architektur/#primaryimage"},"thumbnailUrl":"https://ewb.lu/wp-content/uploads/2023/02/image-1-6.jpg","datePublished":"2023-02-23T14:32:09+00:00","dateModified":"2023-04-17T15:41:04+00:00","breadcrumb":{"@id":"https://ewb.lu/fr/evenement/low-an-zero-energy-architektur/#breadcrumb"},"inLanguage":"fr-FR","potentialAction":[{"@type":"ReadAction","target":["https://ewb.lu/fr/evenement/low-an-zero-energy-architektur/"]}]},{"@type":"ImageObject","inLanguage":"fr-FR","@id":"https://ewb.lu/fr/evenement/low-an-zero-energy-architektur/#primaryimage","url":"https://ewb.lu/wp-content/uploads/2023/02/image-1-6.jpg","contentUrl":"https://ewb.lu/wp-content/uploads/2023/02/image-1-6.jpg","width":1080,"height":723},{"@type":"BreadcrumbList","@id":"https://ewb.lu/fr/evenement/low-an-zero-energy-architektur/#breadcrumb","itemListElement":[{"@type":"ListItem","position":1,"name":"Startseite","item":"https://ewb.lu/fr/"},{"@type":"ListItem","position":2,"name":"Low- an Zero-Energy Architektur"}]},{"@type":"WebSite","@id":"https://ewb.lu/fr/#website","url":"https://ewb.lu/fr/","name":"EwB ErwuesseBildung","description":"ErwuesseBildung","publisher":{"@id":"https://ewb.lu/fr/#organization"},"alternateName":"EWB","potentialAction":[{"@type":"SearchAction","target":{"@type":"EntryPoint","urlTemplate":"https://ewb.lu/fr/?s={search_term_string}"},"query-input":{"@type":"PropertyValueSpecification","valueRequired":true,"valueName":"search_term_string"}}],"inLanguage":"fr-FR"},{"@type":"Organization","@id":"https://ewb.lu/fr/#organization","name":"ErwuesseBildung Asbl","alternateName":"EWB","url":"https://ewb.lu/fr/","logo":{"@type":"ImageObject","inLanguage":"fr-FR","@id":"https://ewb.lu/fr/#/schema/logo/image/","url":"https://ewb.lu/wp-content/uploads/2022/11/ewb-logo-header.svg","contentUrl":"https://ewb.lu/wp-content/uploads/2022/11/ewb-logo-header.svg","width":301,"height":38,"caption":"ErwuesseBildung Asbl"},"image":{"@id":"https://ewb.lu/fr/#/schema/logo/image/"},"sameAs":["https://www.facebook.com/ErwuesseBild/","https://lu.linkedin.com/company/erwuessebildung---formation-dadultes","https://www.instagram.com/erwuessebildung_asbl/"]}]}</script>
<!-- / Yoast SEO plugin. -->
