{"id":2483,"date":"2023-02-23T15:35:31","date_gmt":"2023-02-23T14:35:31","guid":{"rendered":"https:\/\/ewb.cuco.dev\/event\/orientierung-in-der-natur\/"},"modified":"2023-07-11T12:47:19","modified_gmt":"2023-07-11T11:47:19","slug":"orientierung-in-der-natur","status":"publish","type":"event","link":"https:\/\/ewb.lu\/fr\/evenement\/orientierung-in-der-natur\/","title":{"rendered":"Orientierung in der Natur"},"content":{"rendered":"<p style=\"text-align: center;\"><span style=\"color: #ff0000;\"><strong>Diese Veranstaltung wurde abgesagt.<\/strong><\/span><\/p>\n<p>&nbsp;<\/p>\n<p><strong>Wie findet man sich im Wald zurecht?<\/strong><\/p>\n<p>Marius Sinn f\u00fchrt in Tipps und Tricks zur Orientierung in der Natur ein: Zum einem kann man sich nach Sonne, Mond und Sternen richten. Hilfreich sind dabei aber auch bestimmte Pflanzen, Moose und Flechten und andere Zeichen in der Natur. Zum anderen k\u00f6nnen Hilfsmittel wie Landkarte, Kompass und GPS-Apps genutzt werden. Jede Methode wird praktisch umgesetzt. Bitte mitbringen: Messer, Schnur, Kompass, eine regionale Wanderkarte, aufgeladenes Smartphone, Lineal, Bleistift, Papier.<\/p>\n<p><strong>Weitere Informationen folgen in K\u00fcrze.<\/strong><\/p>\n<p>Marius leitet seit l\u00e4ngeremOutdoor-Workshops und erz\u00e4hlt den\u00a0Besuchern passioniert, was f\u00fcr Sch\u00e4tze wir tagt\u00e4glich in der Natur begegnen \u00a0\u2013 und vor allen Dingen, wie diese achtsam und in Respekt mit Flora und Fauna genutzt werden k\u00f6nnen. Ihm geht es um das Wohl der Sammler und der Gesammelten!<\/p>\n","protected":false},"excerpt":{"rendered":"<p>ABGESAGT!<\/p>\n","protected":false},"featured_media":1909,"template":"","program":[88,126],"class_list":["post-2483","event","type-event","status-publish","has-post-thumbnail","hentry","program-koerper-geist-seele-fr","program-vivre-en-conscience"],"acf":[],"yoast_head":"<!-- This site is optimized with the Yoast SEO plugin v27.1.1 - https:\/\/yoast.com\/product\/yoast-seo-wordpress\/ -->\n<title>Orientierung in der Natur - EWB<\/title>\n<meta name=\"robots\" content=\"index, follow, max-snippet:-1, max-image-preview:large, max-video-preview:-1\" \/>\n<link rel=\"canonical\" href=\"https:\/\/ewb.lu\/fr\/evenement\/orientierung-in-der-natur\/\" \/>\n<meta property=\"og:locale\" content=\"fr_FR\" \/>\n<meta property=\"og:type\" content=\"article\" \/>\n<meta property=\"og:title\" content=\"Orientierung in der Natur - EWB\" \/>\n<meta property=\"og:description\" content=\"ABGESAGT!\" \/>\n<meta property=\"og:url\" content=\"https:\/\/ewb.lu\/fr\/evenement\/orientierung-in-der-natur\/\" \/>\n<meta property=\"og:site_name\" content=\"EWB\" \/>\n<meta property=\"article:publisher\" content=\"https:\/\/www.facebook.com\/ErwuesseBild\/\" \/>\n<meta property=\"article:modified_time\" content=\"2023-07-11T11:47:19+00:00\" \/>\n<meta property=\"og:image\" content=\"https:\/\/ewb.lu\/wp-content\/uploads\/2023\/02\/image-1-7.jpg\" \/>\n\t<meta property=\"og:image:width\" content=\"870\" \/>\n\t<meta property=\"og:image:height\" content=\"922\" \/>\n\t<meta property=\"og:image:type\" content=\"image\/jpeg\" \/>\n<meta name=\"twitter:card\" content=\"summary_large_image\" \/>\n<meta name=\"twitter:label1\" content=\"Dur\u00e9e de lecture estim\u00e9e\" \/>\n\t<meta name=\"twitter:data1\" content=\"1 minute\" \/>\n<script type=\"application\/ld+json\" class=\"yoast-schema-graph\">{\"@context\":\"https:\/\/schema.org\",\"@graph\":[{\"@type\":\"WebPage\",\"@id\":\"https:\/\/ewb.lu\/fr\/evenement\/orientierung-in-der-natur\/\",\"url\":\"https:\/\/ewb.lu\/fr\/evenement\/orientierung-in-der-natur\/\",\"name\":\"Orientierung in der Natur - EWB\",\"isPartOf\":{\"@id\":\"https:\/\/ewb.lu\/fr\/#website\"},\"primaryImageOfPage\":{\"@id\":\"https:\/\/ewb.lu\/fr\/evenement\/orientierung-in-der-natur\/#primaryimage\"},\"image\":{\"@id\":\"https:\/\/ewb.lu\/fr\/evenement\/orientierung-in-der-natur\/#primaryimage\"},\"thumbnailUrl\":\"https:\/\/ewb.lu\/wp-content\/uploads\/2023\/02\/image-1-7.jpg\",\"datePublished\":\"2023-02-23T14:35:31+00:00\",\"dateModified\":\"2023-07-11T11:47:19+00:00\",\"breadcrumb\":{\"@id\":\"https:\/\/ewb.lu\/fr\/evenement\/orientierung-in-der-natur\/#breadcrumb\"},\"inLanguage\":\"fr-FR\",\"potentialAction\":[{\"@type\":\"ReadAction\",\"target\":[\"https:\/\/ewb.lu\/fr\/evenement\/orientierung-in-der-natur\/\"]}]},{\"@type\":\"ImageObject\",\"inLanguage\":\"fr-FR\",\"@id\":\"https:\/\/ewb.lu\/fr\/evenement\/orientierung-in-der-natur\/#primaryimage\",\"url\":\"https:\/\/ewb.lu\/wp-content\/uploads\/2023\/02\/image-1-7.jpg\",\"contentUrl\":\"https:\/\/ewb.lu\/wp-content\/uploads\/2023\/02\/image-1-7.jpg\",\"width\":870,\"height\":922},{\"@type\":\"BreadcrumbList\",\"@id\":\"https:\/\/ewb.lu\/fr\/evenement\/orientierung-in-der-natur\/#breadcrumb\",\"itemListElement\":[{\"@type\":\"ListItem\",\"position\":1,\"name\":\"Startseite\",\"item\":\"https:\/\/ewb.lu\/fr\/\"},{\"@type\":\"ListItem\",\"position\":2,\"name\":\"Orientierung in der Natur\"}]},{\"@type\":\"WebSite\",\"@id\":\"https:\/\/ewb.lu\/fr\/#website\",\"url\":\"https:\/\/ewb.lu\/fr\/\",\"name\":\"EwB ErwuesseBildung\",\"description\":\"ErwuesseBildung\",\"publisher\":{\"@id\":\"https:\/\/ewb.lu\/fr\/#organization\"},\"alternateName\":\"EWB\",\"potentialAction\":[{\"@type\":\"SearchAction\",\"target\":{\"@type\":\"EntryPoint\",\"urlTemplate\":\"https:\/\/ewb.lu\/fr\/?s={search_term_string}\"},\"query-input\":{\"@type\":\"PropertyValueSpecification\",\"valueRequired\":true,\"valueName\":\"search_term_string\"}}],\"inLanguage\":\"fr-FR\"},{\"@type\":\"Organization\",\"@id\":\"https:\/\/ewb.lu\/fr\/#organization\",\"name\":\"ErwuesseBildung Asbl\",\"alternateName\":\"EWB\",\"url\":\"https:\/\/ewb.lu\/fr\/\",\"logo\":{\"@type\":\"ImageObject\",\"inLanguage\":\"fr-FR\",\"@id\":\"https:\/\/ewb.lu\/fr\/#\/schema\/logo\/image\/\",\"url\":\"https:\/\/ewb.lu\/wp-content\/uploads\/2022\/11\/ewb-logo-header.svg\",\"contentUrl\":\"https:\/\/ewb.lu\/wp-content\/uploads\/2022\/11\/ewb-logo-header.svg\",\"width\":301,\"height\":38,\"caption\":\"ErwuesseBildung Asbl\"},\"image\":{\"@id\":\"https:\/\/ewb.lu\/fr\/#\/schema\/logo\/image\/\"},\"sameAs\":[\"https:\/\/www.facebook.com\/ErwuesseBild\/\",\"https:\/\/lu.linkedin.com\/company\/erwuessebildung---formation-dadultes\",\"https:\/\/www.instagram.com\/erwuessebildung_asbl\/\"]}]}<\/script>\n<!-- \/ Yoast SEO plugin. -->","yoast_head_json":{"title":"Orientierung in der Natur - EWB","robots":{"index":"index","follow":"follow","max-snippet":"max-snippet:-1","max-image-preview":"max-image-preview:large","max-video-preview":"max-video-preview:-1"},"canonical":"https:\/\/ewb.lu\/fr\/evenement\/orientierung-in-der-natur\/","og_locale":"fr_FR","og_type":"article","og_title":"Orientierung in der Natur - EWB","og_description":"ABGESAGT!","og_url":"https:\/\/ewb.lu\/fr\/evenement\/orientierung-in-der-natur\/","og_site_name":"EWB","article_publisher":"https:\/\/www.facebook.com\/ErwuesseBild\/","article_modified_time":"2023-07-11T11:47:19+00:00","og_image":[{"width":870,"height":922,"url":"https:\/\/ewb.lu\/wp-content\/uploads\/2023\/02\/image-1-7.jpg","type":"image\/jpeg"}],"twitter_card":"summary_large_image","twitter_misc":{"Dur\u00e9e de lecture estim\u00e9e":"1 minute"},"schema":{"@context":"https:\/\/schema.org","@graph":[{"@type":"WebPage","@id":"https:\/\/ewb.lu\/fr\/evenement\/orientierung-in-der-natur\/","url":"https:\/\/ewb.lu\/fr\/evenement\/orientierung-in-der-natur\/","name":"Orientierung in der Natur - EWB","isPartOf":{"@id":"https:\/\/ewb.lu\/fr\/#website"},"primaryImageOfPage":{"@id":"https:\/\/ewb.lu\/fr\/evenement\/orientierung-in-der-natur\/#primaryimage"},"image":{"@id":"https:\/\/ewb.lu\/fr\/evenement\/orientierung-in-der-natur\/#primaryimage"},"thumbnailUrl":"https:\/\/ewb.lu\/wp-content\/uploads\/2023\/02\/image-1-7.jpg","datePublished":"2023-02-23T14:35:31+00:00","dateModified":"2023-07-11T11:47:19+00:00","breadcrumb":{"@id":"https:\/\/ewb.lu\/fr\/evenement\/orientierung-in-der-natur\/#breadcrumb"},"inLanguage":"fr-FR","potentialAction":[{"@type":"ReadAction","target":["https:\/\/ewb.lu\/fr\/evenement\/orientierung-in-der-natur\/"]}]},{"@type":"ImageObject","inLanguage":"fr-FR","@id":"https:\/\/ewb.lu\/fr\/evenement\/orientierung-in-der-natur\/#primaryimage","url":"https:\/\/ewb.lu\/wp-content\/uploads\/2023\/02\/image-1-7.jpg","contentUrl":"https:\/\/ewb.lu\/wp-content\/uploads\/2023\/02\/image-1-7.jpg","width":870,"height":922},{"@type":"BreadcrumbList","@id":"https:\/\/ewb.lu\/fr\/evenement\/orientierung-in-der-natur\/#breadcrumb","itemListElement":[{"@type":"ListItem","position":1,"name":"Startseite","item":"https:\/\/ewb.lu\/fr\/"},{"@type":"ListItem","position":2,"name":"Orientierung in der Natur"}]},{"@type":"WebSite","@id":"https:\/\/ewb.lu\/fr\/#website","url":"https:\/\/ewb.lu\/fr\/","name":"EwB ErwuesseBildung","description":"ErwuesseBildung","publisher":{"@id":"https:\/\/ewb.lu\/fr\/#organization"},"alternateName":"EWB","potentialAction":[{"@type":"SearchAction","target":{"@type":"EntryPoint","urlTemplate":"https:\/\/ewb.lu\/fr\/?s={search_term_string}"},"query-input":{"@type":"PropertyValueSpecification","valueRequired":true,"valueName":"search_term_string"}}],"inLanguage":"fr-FR"},{"@type":"Organization","@id":"https:\/\/ewb.lu\/fr\/#organization","name":"ErwuesseBildung Asbl","alternateName":"EWB","url":"https:\/\/ewb.lu\/fr\/","logo":{"@type":"ImageObject","inLanguage":"fr-FR","@id":"https:\/\/ewb.lu\/fr\/#\/schema\/logo\/image\/","url":"https:\/\/ewb.lu\/wp-content\/uploads\/2022\/11\/ewb-logo-header.svg","contentUrl":"https:\/\/ewb.lu\/wp-content\/uploads\/2022\/11\/ewb-logo-header.svg","width":301,"height":38,"caption":"ErwuesseBildung Asbl"},"image":{"@id":"https:\/\/ewb.lu\/fr\/#\/schema\/logo\/image\/"},"sameAs":["https:\/\/www.facebook.com\/ErwuesseBild\/","https:\/\/lu.linkedin.com\/company\/erwuessebildung---formation-dadultes","https:\/\/www.instagram.com\/erwuessebildung_asbl\/"]}]}},"_links":{"self":[{"href":"https:\/\/ewb.lu\/fr\/wp-json\/wp\/v2\/event\/2483","targetHints":{"allow":["GET"]}}],"collection":[{"href":"https:\/\/ewb.lu\/fr\/wp-json\/wp\/v2\/event"}],"about":[{"href":"https:\/\/ewb.lu\/fr\/wp-json\/wp\/v2\/types\/event"}],"version-history":[{"count":2,"href":"https:\/\/ewb.lu\/fr\/wp-json\/wp\/v2\/event\/2483\/revisions"}],"predecessor-version":[{"id":5623,"href":"https:\/\/ewb.lu\/fr\/wp-json\/wp\/v2\/event\/2483\/revisions\/5623"}],"wp:featuredmedia":[{"embeddable":true,"href":"https:\/\/ewb.lu\/fr\/wp-json\/wp\/v2\/media\/1909"}],"wp:attachment":[{"href":"https:\/\/ewb.lu\/fr\/wp-json\/wp\/v2\/media?parent=2483"}],"wp:term":[{"taxonomy":"program","embeddable":true,"href":"https:\/\/ewb.lu\/fr\/wp-json\/wp\/v2\/program?post=2483"}],"curies":[{"name":"wp","href":"https:\/\/api.w.org\/{rel}","templated":true}]}}

<p style="text-align: center;"><span style="color: #ff0000;"><strong>Diese Veranstaltung wurde abgesagt.</strong></span></p>
<p>&nbsp;</p>
<p><strong>Wie findet man sich im Wald zurecht?</strong></p>
<p>Marius Sinn führt in Tipps und Tricks zur Orientierung in der Natur ein: Zum einem kann man sich nach Sonne, Mond und Sternen richten. Hilfreich sind dabei aber auch bestimmte Pflanzen, Moose und Flechten und andere Zeichen in der Natur. Zum anderen können Hilfsmittel wie Landkarte, Kompass und GPS-Apps genutzt werden. Jede Methode wird praktisch umgesetzt. Bitte mitbringen: Messer, Schnur, Kompass, eine regionale Wanderkarte, aufgeladenes Smartphone, Lineal, Bleistift, Papier.</p>
<p><strong>Weitere Informationen folgen in Kürze.</strong></p>
<p>Marius leitet seit längeremOutdoor-Workshops und erzählt den Besuchern passioniert, was für Schätze wir tagtäglich in der Natur begegnen  – und vor allen Dingen, wie diese achtsam und in Respekt mit Flora und Fauna genutzt werden können. Ihm geht es um das Wohl der Sammler und der Gesammelten!</p>

<!-- This site is optimized with the Yoast SEO plugin v27.1.1 - https://yoast.com/product/yoast-seo-wordpress/ -->
<title>Orientierung in der Natur - EWB</title>
<meta name="robots" content="index, follow, max-snippet:-1, max-image-preview:large, max-video-preview:-1" />
<link rel="canonical" href="https://ewb.lu/fr/evenement/orientierung-in-der-natur/" />
<meta property="og:locale" content="fr_FR" />
<meta property="og:type" content="article" />
<meta property="og:title" content="Orientierung in der Natur - EWB" />
<meta property="og:description" content="ABGESAGT!" />
<meta property="og:url" content="https://ewb.lu/fr/evenement/orientierung-in-der-natur/" />
<meta property="og:site_name" content="EWB" />
<meta property="article:publisher" content="https://www.facebook.com/ErwuesseBild/" />
<meta property="article:modified_time" content="2023-07-11T11:47:19+00:00" />
<meta property="og:image" content="https://ewb.lu/wp-content/uploads/2023/02/image-1-7.jpg" />
	<meta property="og:image:width" content="870" />
	<meta property="og:image:height" content="922" />
	<meta property="og:image:type" content="image/jpeg" />
<meta name="twitter:card" content="summary_large_image" />
<meta name="twitter:label1" content="Durée de lecture estimée" />
	<meta name="twitter:data1" content="1 minute" />
<script type="application/ld+json" class="yoast-schema-graph">{"@context":"https://schema.org","@graph":[{"@type":"WebPage","@id":"https://ewb.lu/fr/evenement/orientierung-in-der-natur/","url":"https://ewb.lu/fr/evenement/orientierung-in-der-natur/","name":"Orientierung in der Natur - EWB","isPartOf":{"@id":"https://ewb.lu/fr/#website"},"primaryImageOfPage":{"@id":"https://ewb.lu/fr/evenement/orientierung-in-der-natur/#primaryimage"},"image":{"@id":"https://ewb.lu/fr/evenement/orientierung-in-der-natur/#primaryimage"},"thumbnailUrl":"https://ewb.lu/wp-content/uploads/2023/02/image-1-7.jpg","datePublished":"2023-02-23T14:35:31+00:00","dateModified":"2023-07-11T11:47:19+00:00","breadcrumb":{"@id":"https://ewb.lu/fr/evenement/orientierung-in-der-natur/#breadcrumb"},"inLanguage":"fr-FR","potentialAction":[{"@type":"ReadAction","target":["https://ewb.lu/fr/evenement/orientierung-in-der-natur/"]}]},{"@type":"ImageObject","inLanguage":"fr-FR","@id":"https://ewb.lu/fr/evenement/orientierung-in-der-natur/#primaryimage","url":"https://ewb.lu/wp-content/uploads/2023/02/image-1-7.jpg","contentUrl":"https://ewb.lu/wp-content/uploads/2023/02/image-1-7.jpg","width":870,"height":922},{"@type":"BreadcrumbList","@id":"https://ewb.lu/fr/evenement/orientierung-in-der-natur/#breadcrumb","itemListElement":[{"@type":"ListItem","position":1,"name":"Startseite","item":"https://ewb.lu/fr/"},{"@type":"ListItem","position":2,"name":"Orientierung in der Natur"}]},{"@type":"WebSite","@id":"https://ewb.lu/fr/#website","url":"https://ewb.lu/fr/","name":"EwB ErwuesseBildung","description":"ErwuesseBildung","publisher":{"@id":"https://ewb.lu/fr/#organization"},"alternateName":"EWB","potentialAction":[{"@type":"SearchAction","target":{"@type":"EntryPoint","urlTemplate":"https://ewb.lu/fr/?s={search_term_string}"},"query-input":{"@type":"PropertyValueSpecification","valueRequired":true,"valueName":"search_term_string"}}],"inLanguage":"fr-FR"},{"@type":"Organization","@id":"https://ewb.lu/fr/#organization","name":"ErwuesseBildung Asbl","alternateName":"EWB","url":"https://ewb.lu/fr/","logo":{"@type":"ImageObject","inLanguage":"fr-FR","@id":"https://ewb.lu/fr/#/schema/logo/image/","url":"https://ewb.lu/wp-content/uploads/2022/11/ewb-logo-header.svg","contentUrl":"https://ewb.lu/wp-content/uploads/2022/11/ewb-logo-header.svg","width":301,"height":38,"caption":"ErwuesseBildung Asbl"},"image":{"@id":"https://ewb.lu/fr/#/schema/logo/image/"},"sameAs":["https://www.facebook.com/ErwuesseBild/","https://lu.linkedin.com/company/erwuessebildung---formation-dadultes","https://www.instagram.com/erwuessebildung_asbl/"]}]}</script>
<!-- / Yoast SEO plugin. -->
