{"id":5291,"date":"2023-06-16T12:33:28","date_gmt":"2023-06-16T11:33:28","guid":{"rendered":"https:\/\/ewb.lu\/?post_type=event&#038;p=5291"},"modified":"2023-11-07T09:13:06","modified_gmt":"2023-11-07T08:13:06","slug":"kinder-und-jugendliche-im-internet","status":"publish","type":"event","link":"https:\/\/ewb.lu\/fr\/event\/kinder-und-jugendliche-im-internet\/","title":{"rendered":"Kinder und Jugendliche im Internet"},"content":{"rendered":"<section class=\"wpb-content-wrapper\"><p>[vc_row][vc_column][\/vc_column][\/vc_row][vc_row][vc_column][vc_column_text]<\/p>\n<h3 style=\"font-weight: 400; text-align: center;\">Workshops f\u00fcr Eltern und Kinder<\/h3>\n<p>&nbsp;<\/p>\n<p><strong>*** Diese Veranstaltung wurde leider abgesagt. ***<\/strong><\/p>\n<h4><\/h4>\n<h4 style=\"font-weight: 400;\"><strong><span style=\"color: #ff6600;\">Elternworkshop: <\/span><\/strong><\/h4>\n<p style=\"font-weight: 400;\">Um ein m\u00f6glichst sicheres Online-Erlebnis f\u00fcr ihre Kinder zu unterst\u00fctzen, sollten sich Eltern sowohl den Chancen als auch Risiken der Internetnutzung bewusst sein.\u00a0<strong>H\u00e4ufig stellen sich Eltern dabei solche und \u00e4hnliche Fragen, die Thema des Workshops sind<\/strong>:\u00a0<em>Ab welchem Alter darf mein Kind ein Smartphone besitzen? Wie viel Zeit darf mein Kind vor Bildschirmen verbringen? Wie kann ich es vor Missbrauch und Cyber-Mobbing sch\u00fctzen?<\/em><\/p>\n<p>&nbsp;<\/p>\n<h4 style=\"font-weight: 400;\"><span style=\"color: #ff6600;\"><strong>Kinderworkshop: <\/strong><\/span><\/h4>\n<p style=\"font-weight: 400;\">Parallel zum Elternworkshop findet auch ein <strong>Workshop f\u00fcr Kinder zwischen 9 und 12 Jahren <\/strong>statt. In diesem Workshop wird die<strong> Internetnutzung der Kinder thematisiert<\/strong>. Die Kinder haben die M\u00f6glichkeit die Webseiten auf denen sie regelm\u00e4\u00dfig surfen mit all ihren Vorteilen zu diskutieren und vorzustellen.<\/p>\n<p style=\"font-weight: 400;\">Das Ziel des Workshops ist es, das Surfen im Internet in einem positiveren Licht darzustellen und die Eltern dar\u00fcber zu informieren, womit sich ihre Kinder besch\u00e4ftigen. Am Ende des Workshops werden <strong>die Kinder ihre Lieblingsseiten vor den Eltern pr\u00e4sentieren<\/strong>.<\/p>\n<p>&nbsp;<\/p>\n<p style=\"font-weight: 400;\">Wir hoffen, dass dieser Workshop dazu beitr\u00e4gt, das Verst\u00e4ndnis zwischen Eltern und Kindern in Bezug auf die Internetnutzung zu verbessern und einen konstruktiven Dialog zu erm\u00f6glichen.<\/p>\n<p style=\"font-weight: 400;\"><strong>\u00a0<\/strong><\/p>\n<p style=\"font-weight: 400; text-align: center;\"><span style=\"color: #ff6600;\">Siehe auch Kinoveranstaltung <a href=\"https:\/\/ewb.lu\/event\/cine-debat-nothing-to-hide\/\">\u00abNothing to hide\u00bb<\/a> am 12.10.23<\/span><\/p>\n<p>[\/vc_column_text][\/vc_column][\/vc_row][vc_row][vc_column][vc_single_image image=\u00a0\u00bb5298&Prime; img_size=\u00a0\u00bbmedium\u00a0\u00bb][\/vc_column][\/vc_row]<\/p>\n<\/section>","protected":false},"excerpt":{"rendered":"<p>*** ABGESAGT ***<\/p>\n","protected":false},"featured_media":5292,"template":"","program":[36,38,73],"class_list":["post-5291","event","type-event","status-publish","has-post-thumbnail","hentry","program-growing-together","program-medien","program-neue-medien"],"acf":[],"yoast_head":"<!-- This site is optimized with the Yoast SEO plugin v27.1.1 - https:\/\/yoast.com\/product\/yoast-seo-wordpress\/ -->\n<title>Kinder und Jugendliche im Internet - EWB<\/title>\n<meta name=\"robots\" content=\"index, follow, max-snippet:-1, max-image-preview:large, max-video-preview:-1\" \/>\n<link rel=\"canonical\" href=\"https:\/\/ewb.lu\/fr\/event\/kinder-und-jugendliche-im-internet\/\" \/>\n<meta property=\"og:locale\" content=\"fr_FR\" \/>\n<meta property=\"og:type\" content=\"article\" \/>\n<meta property=\"og:title\" content=\"Kinder und Jugendliche im Internet - EWB\" \/>\n<meta property=\"og:description\" content=\"*** ABGESAGT ***\" \/>\n<meta property=\"og:url\" content=\"https:\/\/ewb.lu\/fr\/event\/kinder-und-jugendliche-im-internet\/\" \/>\n<meta property=\"og:site_name\" content=\"EWB\" \/>\n<meta property=\"article:publisher\" content=\"https:\/\/www.facebook.com\/ErwuesseBild\/\" \/>\n<meta property=\"article:modified_time\" content=\"2023-11-07T08:13:06+00:00\" \/>\n<meta property=\"og:image\" content=\"https:\/\/ewb.lu\/wp-content\/uploads\/2023\/06\/Unknown-scaled.jpeg\" \/>\n\t<meta property=\"og:image:width\" content=\"2560\" \/>\n\t<meta property=\"og:image:height\" content=\"1707\" \/>\n\t<meta property=\"og:image:type\" content=\"image\/jpeg\" \/>\n<meta name=\"twitter:card\" content=\"summary_large_image\" \/>\n<meta name=\"twitter:label1\" content=\"Dur\u00e9e de lecture estim\u00e9e\" \/>\n\t<meta name=\"twitter:data1\" content=\"2 minutes\" \/>\n<script type=\"application\/ld+json\" class=\"yoast-schema-graph\">{\"@context\":\"https:\/\/schema.org\",\"@graph\":[{\"@type\":\"WebPage\",\"@id\":\"https:\/\/ewb.lu\/fr\/event\/kinder-und-jugendliche-im-internet\/\",\"url\":\"https:\/\/ewb.lu\/fr\/event\/kinder-und-jugendliche-im-internet\/\",\"name\":\"Kinder und Jugendliche im Internet - EWB\",\"isPartOf\":{\"@id\":\"https:\/\/ewb.lu\/fr\/#website\"},\"primaryImageOfPage\":{\"@id\":\"https:\/\/ewb.lu\/fr\/event\/kinder-und-jugendliche-im-internet\/#primaryimage\"},\"image\":{\"@id\":\"https:\/\/ewb.lu\/fr\/event\/kinder-und-jugendliche-im-internet\/#primaryimage\"},\"thumbnailUrl\":\"https:\/\/ewb.lu\/wp-content\/uploads\/2023\/06\/Unknown-scaled.jpeg\",\"datePublished\":\"2023-06-16T11:33:28+00:00\",\"dateModified\":\"2023-11-07T08:13:06+00:00\",\"breadcrumb\":{\"@id\":\"https:\/\/ewb.lu\/fr\/event\/kinder-und-jugendliche-im-internet\/#breadcrumb\"},\"inLanguage\":\"fr-FR\",\"potentialAction\":[{\"@type\":\"ReadAction\",\"target\":[\"https:\/\/ewb.lu\/fr\/event\/kinder-und-jugendliche-im-internet\/\"]}]},{\"@type\":\"ImageObject\",\"inLanguage\":\"fr-FR\",\"@id\":\"https:\/\/ewb.lu\/fr\/event\/kinder-und-jugendliche-im-internet\/#primaryimage\",\"url\":\"https:\/\/ewb.lu\/wp-content\/uploads\/2023\/06\/Unknown-scaled.jpeg\",\"contentUrl\":\"https:\/\/ewb.lu\/wp-content\/uploads\/2023\/06\/Unknown-scaled.jpeg\",\"width\":2560,\"height\":1707},{\"@type\":\"BreadcrumbList\",\"@id\":\"https:\/\/ewb.lu\/fr\/event\/kinder-und-jugendliche-im-internet\/#breadcrumb\",\"itemListElement\":[{\"@type\":\"ListItem\",\"position\":1,\"name\":\"Startseite\",\"item\":\"https:\/\/ewb.lu\/fr\/\"},{\"@type\":\"ListItem\",\"position\":2,\"name\":\"Kinder und Jugendliche im Internet\"}]},{\"@type\":\"WebSite\",\"@id\":\"https:\/\/ewb.lu\/fr\/#website\",\"url\":\"https:\/\/ewb.lu\/fr\/\",\"name\":\"EwB ErwuesseBildung\",\"description\":\"ErwuesseBildung\",\"publisher\":{\"@id\":\"https:\/\/ewb.lu\/fr\/#organization\"},\"alternateName\":\"EWB\",\"potentialAction\":[{\"@type\":\"SearchAction\",\"target\":{\"@type\":\"EntryPoint\",\"urlTemplate\":\"https:\/\/ewb.lu\/fr\/?s={search_term_string}\"},\"query-input\":{\"@type\":\"PropertyValueSpecification\",\"valueRequired\":true,\"valueName\":\"search_term_string\"}}],\"inLanguage\":\"fr-FR\"},{\"@type\":\"Organization\",\"@id\":\"https:\/\/ewb.lu\/fr\/#organization\",\"name\":\"ErwuesseBildung Asbl\",\"alternateName\":\"EWB\",\"url\":\"https:\/\/ewb.lu\/fr\/\",\"logo\":{\"@type\":\"ImageObject\",\"inLanguage\":\"fr-FR\",\"@id\":\"https:\/\/ewb.lu\/fr\/#\/schema\/logo\/image\/\",\"url\":\"https:\/\/ewb.lu\/wp-content\/uploads\/2022\/11\/ewb-logo-header.svg\",\"contentUrl\":\"https:\/\/ewb.lu\/wp-content\/uploads\/2022\/11\/ewb-logo-header.svg\",\"width\":301,\"height\":38,\"caption\":\"ErwuesseBildung Asbl\"},\"image\":{\"@id\":\"https:\/\/ewb.lu\/fr\/#\/schema\/logo\/image\/\"},\"sameAs\":[\"https:\/\/www.facebook.com\/ErwuesseBild\/\",\"https:\/\/lu.linkedin.com\/company\/erwuessebildung---formation-dadultes\",\"https:\/\/www.instagram.com\/erwuessebildung_asbl\/\"]}]}<\/script>\n<!-- \/ Yoast SEO plugin. -->","yoast_head_json":{"title":"Kinder und Jugendliche im Internet - EWB","robots":{"index":"index","follow":"follow","max-snippet":"max-snippet:-1","max-image-preview":"max-image-preview:large","max-video-preview":"max-video-preview:-1"},"canonical":"https:\/\/ewb.lu\/fr\/event\/kinder-und-jugendliche-im-internet\/","og_locale":"fr_FR","og_type":"article","og_title":"Kinder und Jugendliche im Internet - EWB","og_description":"*** ABGESAGT ***","og_url":"https:\/\/ewb.lu\/fr\/event\/kinder-und-jugendliche-im-internet\/","og_site_name":"EWB","article_publisher":"https:\/\/www.facebook.com\/ErwuesseBild\/","article_modified_time":"2023-11-07T08:13:06+00:00","og_image":[{"width":2560,"height":1707,"url":"https:\/\/ewb.lu\/wp-content\/uploads\/2023\/06\/Unknown-scaled.jpeg","type":"image\/jpeg"}],"twitter_card":"summary_large_image","twitter_misc":{"Dur\u00e9e de lecture estim\u00e9e":"2 minutes"},"schema":{"@context":"https:\/\/schema.org","@graph":[{"@type":"WebPage","@id":"https:\/\/ewb.lu\/fr\/event\/kinder-und-jugendliche-im-internet\/","url":"https:\/\/ewb.lu\/fr\/event\/kinder-und-jugendliche-im-internet\/","name":"Kinder und Jugendliche im Internet - EWB","isPartOf":{"@id":"https:\/\/ewb.lu\/fr\/#website"},"primaryImageOfPage":{"@id":"https:\/\/ewb.lu\/fr\/event\/kinder-und-jugendliche-im-internet\/#primaryimage"},"image":{"@id":"https:\/\/ewb.lu\/fr\/event\/kinder-und-jugendliche-im-internet\/#primaryimage"},"thumbnailUrl":"https:\/\/ewb.lu\/wp-content\/uploads\/2023\/06\/Unknown-scaled.jpeg","datePublished":"2023-06-16T11:33:28+00:00","dateModified":"2023-11-07T08:13:06+00:00","breadcrumb":{"@id":"https:\/\/ewb.lu\/fr\/event\/kinder-und-jugendliche-im-internet\/#breadcrumb"},"inLanguage":"fr-FR","potentialAction":[{"@type":"ReadAction","target":["https:\/\/ewb.lu\/fr\/event\/kinder-und-jugendliche-im-internet\/"]}]},{"@type":"ImageObject","inLanguage":"fr-FR","@id":"https:\/\/ewb.lu\/fr\/event\/kinder-und-jugendliche-im-internet\/#primaryimage","url":"https:\/\/ewb.lu\/wp-content\/uploads\/2023\/06\/Unknown-scaled.jpeg","contentUrl":"https:\/\/ewb.lu\/wp-content\/uploads\/2023\/06\/Unknown-scaled.jpeg","width":2560,"height":1707},{"@type":"BreadcrumbList","@id":"https:\/\/ewb.lu\/fr\/event\/kinder-und-jugendliche-im-internet\/#breadcrumb","itemListElement":[{"@type":"ListItem","position":1,"name":"Startseite","item":"https:\/\/ewb.lu\/fr\/"},{"@type":"ListItem","position":2,"name":"Kinder und Jugendliche im Internet"}]},{"@type":"WebSite","@id":"https:\/\/ewb.lu\/fr\/#website","url":"https:\/\/ewb.lu\/fr\/","name":"EwB ErwuesseBildung","description":"ErwuesseBildung","publisher":{"@id":"https:\/\/ewb.lu\/fr\/#organization"},"alternateName":"EWB","potentialAction":[{"@type":"SearchAction","target":{"@type":"EntryPoint","urlTemplate":"https:\/\/ewb.lu\/fr\/?s={search_term_string}"},"query-input":{"@type":"PropertyValueSpecification","valueRequired":true,"valueName":"search_term_string"}}],"inLanguage":"fr-FR"},{"@type":"Organization","@id":"https:\/\/ewb.lu\/fr\/#organization","name":"ErwuesseBildung Asbl","alternateName":"EWB","url":"https:\/\/ewb.lu\/fr\/","logo":{"@type":"ImageObject","inLanguage":"fr-FR","@id":"https:\/\/ewb.lu\/fr\/#\/schema\/logo\/image\/","url":"https:\/\/ewb.lu\/wp-content\/uploads\/2022\/11\/ewb-logo-header.svg","contentUrl":"https:\/\/ewb.lu\/wp-content\/uploads\/2022\/11\/ewb-logo-header.svg","width":301,"height":38,"caption":"ErwuesseBildung Asbl"},"image":{"@id":"https:\/\/ewb.lu\/fr\/#\/schema\/logo\/image\/"},"sameAs":["https:\/\/www.facebook.com\/ErwuesseBild\/","https:\/\/lu.linkedin.com\/company\/erwuessebildung---formation-dadultes","https:\/\/www.instagram.com\/erwuessebildung_asbl\/"]}]}},"_links":{"self":[{"href":"https:\/\/ewb.lu\/fr\/wp-json\/wp\/v2\/event\/5291","targetHints":{"allow":["GET"]}}],"collection":[{"href":"https:\/\/ewb.lu\/fr\/wp-json\/wp\/v2\/event"}],"about":[{"href":"https:\/\/ewb.lu\/fr\/wp-json\/wp\/v2\/types\/event"}],"version-history":[{"count":10,"href":"https:\/\/ewb.lu\/fr\/wp-json\/wp\/v2\/event\/5291\/revisions"}],"predecessor-version":[{"id":6918,"href":"https:\/\/ewb.lu\/fr\/wp-json\/wp\/v2\/event\/5291\/revisions\/6918"}],"wp:featuredmedia":[{"embeddable":true,"href":"https:\/\/ewb.lu\/fr\/wp-json\/wp\/v2\/media\/5292"}],"wp:attachment":[{"href":"https:\/\/ewb.lu\/fr\/wp-json\/wp\/v2\/media?parent=5291"}],"wp:term":[{"taxonomy":"program","embeddable":true,"href":"https:\/\/ewb.lu\/fr\/wp-json\/wp\/v2\/program?post=5291"}],"curies":[{"name":"wp","href":"https:\/\/api.w.org\/{rel}","templated":true}]}}

<section class="wpb-content-wrapper"><p>[vc_row][vc_column][/vc_column][/vc_row][vc_row][vc_column][vc_column_text]</p>
<h3 style="font-weight: 400; text-align: center;">Workshops für Eltern und Kinder</h3>
<p>&nbsp;</p>
<p><strong>*** Diese Veranstaltung wurde leider abgesagt. ***</strong></p>
<h4></h4>
<h4 style="font-weight: 400;"><strong><span style="color: #ff6600;">Elternworkshop: </span></strong></h4>
<p style="font-weight: 400;">Um ein möglichst sicheres Online-Erlebnis für ihre Kinder zu unterstützen, sollten sich Eltern sowohl den Chancen als auch Risiken der Internetnutzung bewusst sein. <strong>Häufig stellen sich Eltern dabei solche und ähnliche Fragen, die Thema des Workshops sind</strong>: <em>Ab welchem Alter darf mein Kind ein Smartphone besitzen? Wie viel Zeit darf mein Kind vor Bildschirmen verbringen? Wie kann ich es vor Missbrauch und Cyber-Mobbing schützen?</em></p>
<p>&nbsp;</p>
<h4 style="font-weight: 400;"><span style="color: #ff6600;"><strong>Kinderworkshop: </strong></span></h4>
<p style="font-weight: 400;">Parallel zum Elternworkshop findet auch ein <strong>Workshop für Kinder zwischen 9 und 12 Jahren </strong>statt. In diesem Workshop wird die<strong> Internetnutzung der Kinder thematisiert</strong>. Die Kinder haben die Möglichkeit die Webseiten auf denen sie regelmäßig surfen mit all ihren Vorteilen zu diskutieren und vorzustellen.</p>
<p style="font-weight: 400;">Das Ziel des Workshops ist es, das Surfen im Internet in einem positiveren Licht darzustellen und die Eltern darüber zu informieren, womit sich ihre Kinder beschäftigen. Am Ende des Workshops werden <strong>die Kinder ihre Lieblingsseiten vor den Eltern präsentieren</strong>.</p>
<p>&nbsp;</p>
<p style="font-weight: 400;">Wir hoffen, dass dieser Workshop dazu beiträgt, das Verständnis zwischen Eltern und Kindern in Bezug auf die Internetnutzung zu verbessern und einen konstruktiven Dialog zu ermöglichen.</p>
<p style="font-weight: 400;"><strong> </strong></p>
<p style="font-weight: 400; text-align: center;"><span style="color: #ff6600;">Siehe auch Kinoveranstaltung <a href="https://ewb.lu/event/cine-debat-nothing-to-hide/">«Nothing to hide»</a> am 12.10.23</span></p>
<p>[/vc_column_text][/vc_column][/vc_row][vc_row][vc_column][vc_single_image image= »5298&Prime; img_size= »medium »][/vc_column][/vc_row]</p>
</section>

<!-- This site is optimized with the Yoast SEO plugin v27.1.1 - https://yoast.com/product/yoast-seo-wordpress/ -->
<title>Kinder und Jugendliche im Internet - EWB</title>
<meta name="robots" content="index, follow, max-snippet:-1, max-image-preview:large, max-video-preview:-1" />
<link rel="canonical" href="https://ewb.lu/fr/event/kinder-und-jugendliche-im-internet/" />
<meta property="og:locale" content="fr_FR" />
<meta property="og:type" content="article" />
<meta property="og:title" content="Kinder und Jugendliche im Internet - EWB" />
<meta property="og:description" content="*** ABGESAGT ***" />
<meta property="og:url" content="https://ewb.lu/fr/event/kinder-und-jugendliche-im-internet/" />
<meta property="og:site_name" content="EWB" />
<meta property="article:publisher" content="https://www.facebook.com/ErwuesseBild/" />
<meta property="article:modified_time" content="2023-11-07T08:13:06+00:00" />
<meta property="og:image" content="https://ewb.lu/wp-content/uploads/2023/06/Unknown-scaled.jpeg" />
	<meta property="og:image:width" content="2560" />
	<meta property="og:image:height" content="1707" />
	<meta property="og:image:type" content="image/jpeg" />
<meta name="twitter:card" content="summary_large_image" />
<meta name="twitter:label1" content="Durée de lecture estimée" />
	<meta name="twitter:data1" content="2 minutes" />
<script type="application/ld+json" class="yoast-schema-graph">{"@context":"https://schema.org","@graph":[{"@type":"WebPage","@id":"https://ewb.lu/fr/event/kinder-und-jugendliche-im-internet/","url":"https://ewb.lu/fr/event/kinder-und-jugendliche-im-internet/","name":"Kinder und Jugendliche im Internet - EWB","isPartOf":{"@id":"https://ewb.lu/fr/#website"},"primaryImageOfPage":{"@id":"https://ewb.lu/fr/event/kinder-und-jugendliche-im-internet/#primaryimage"},"image":{"@id":"https://ewb.lu/fr/event/kinder-und-jugendliche-im-internet/#primaryimage"},"thumbnailUrl":"https://ewb.lu/wp-content/uploads/2023/06/Unknown-scaled.jpeg","datePublished":"2023-06-16T11:33:28+00:00","dateModified":"2023-11-07T08:13:06+00:00","breadcrumb":{"@id":"https://ewb.lu/fr/event/kinder-und-jugendliche-im-internet/#breadcrumb"},"inLanguage":"fr-FR","potentialAction":[{"@type":"ReadAction","target":["https://ewb.lu/fr/event/kinder-und-jugendliche-im-internet/"]}]},{"@type":"ImageObject","inLanguage":"fr-FR","@id":"https://ewb.lu/fr/event/kinder-und-jugendliche-im-internet/#primaryimage","url":"https://ewb.lu/wp-content/uploads/2023/06/Unknown-scaled.jpeg","contentUrl":"https://ewb.lu/wp-content/uploads/2023/06/Unknown-scaled.jpeg","width":2560,"height":1707},{"@type":"BreadcrumbList","@id":"https://ewb.lu/fr/event/kinder-und-jugendliche-im-internet/#breadcrumb","itemListElement":[{"@type":"ListItem","position":1,"name":"Startseite","item":"https://ewb.lu/fr/"},{"@type":"ListItem","position":2,"name":"Kinder und Jugendliche im Internet"}]},{"@type":"WebSite","@id":"https://ewb.lu/fr/#website","url":"https://ewb.lu/fr/","name":"EwB ErwuesseBildung","description":"ErwuesseBildung","publisher":{"@id":"https://ewb.lu/fr/#organization"},"alternateName":"EWB","potentialAction":[{"@type":"SearchAction","target":{"@type":"EntryPoint","urlTemplate":"https://ewb.lu/fr/?s={search_term_string}"},"query-input":{"@type":"PropertyValueSpecification","valueRequired":true,"valueName":"search_term_string"}}],"inLanguage":"fr-FR"},{"@type":"Organization","@id":"https://ewb.lu/fr/#organization","name":"ErwuesseBildung Asbl","alternateName":"EWB","url":"https://ewb.lu/fr/","logo":{"@type":"ImageObject","inLanguage":"fr-FR","@id":"https://ewb.lu/fr/#/schema/logo/image/","url":"https://ewb.lu/wp-content/uploads/2022/11/ewb-logo-header.svg","contentUrl":"https://ewb.lu/wp-content/uploads/2022/11/ewb-logo-header.svg","width":301,"height":38,"caption":"ErwuesseBildung Asbl"},"image":{"@id":"https://ewb.lu/fr/#/schema/logo/image/"},"sameAs":["https://www.facebook.com/ErwuesseBild/","https://lu.linkedin.com/company/erwuessebildung---formation-dadultes","https://www.instagram.com/erwuessebildung_asbl/"]}]}</script>
<!-- / Yoast SEO plugin. -->
