{"id":5562,"date":"2023-07-11T09:19:14","date_gmt":"2023-07-11T08:19:14","guid":{"rendered":"https:\/\/ewb.lu\/?post_type=event&#038;p=5562"},"modified":"2024-07-31T07:43:17","modified_gmt":"2024-07-31T06:43:17","slug":"ab-in-die-natur","status":"publish","type":"event","link":"https:\/\/ewb.lu\/fr\/event\/ab-in-die-natur\/","title":{"rendered":"Ab in die Natur"},"content":{"rendered":"<section class=\"wpb-content-wrapper\"><p>[vc_row][vc_column][vc_column_text]<\/p>\n<h3 style=\"text-align: center;\"><span style=\"color: #ff9900;\">Dienstagnachmittag mit Oma und Opa in den Wald\u00a0<\/span><\/h3>\n<h3 style=\"text-align: center;\"><span style=\"color: #ff9900;\">Unser Thema: Wie klingt der Wald?<\/span><\/h3>\n<p style=\"font-weight: 400;\">Welche Ger\u00e4usche k\u00f6nnen wir im Wald h\u00f6ren? Ist es vielleicht der Gesang der V\u00f6gel, die in den Baumwipfeln sitzen? Oder h\u00f6ren wir den Wind, der durch die \u00c4ste der B\u00e4ume s\u00e4uselt? Warum machen Tiere Ger\u00e4usche? Wir spielen allerlei Spiele, singen und machen Waldmusik.<\/p>\n<p style=\"font-weight: 400;\">Mit Barbara Schu<\/p>\n<p><b>Mitzubringen:\u00a0<\/b>Wettergerechte Kleidung, von Kopf bis Fu\u00df.<\/p>\n<p style=\"font-weight: 400;\">Bitte geben Sie bei der Anmeldung das Alter des Kindes an.<\/p>\n<p>&nbsp;<\/p>\n<p><em>A Cooperatioun mam <a href=\"https:\/\/eltereforum.lu\/fr\/\">Eltereforum<\/a>, mat der \u00cbnnerst\u00ebtzung vum <a href=\"https:\/\/menej.gouvernement.lu\/fr.html\">MENJE<\/a>.<\/em>[\/vc_column_text][\/vc_column][\/vc_row][vc_row][vc_column width=\u00a0\u00bb1\/2&Prime;][vc_single_image image=\u00a0\u00bb6683&Prime; img_size=\u00a0\u00bblarge\u00a0\u00bb][\/vc_column][vc_column width=\u00a0\u00bb1\/2&Prime;][vc_column_text]<\/p>\n<h4 style=\"text-align: left;\"><span style=\"color: #ff9900;\"><span style=\"caret-color: #ff9900;\">Weitere Termine:<\/span><\/span><\/h4>\n<ul>\n<li>10\/10\/23: <a href=\"https:\/\/ewb.lu\/event\/ab-in-die-natur-2\/\">Welche Farben hat der Wald?<\/a><\/li>\n<li>24\/10\/23: <a href=\"https:\/\/ewb.lu\/event\/ab-in-die-natur-3\/\">Zu Besuch bei den Wichteln<\/a><\/li>\n<li>07\/11\/23: <a href=\"https:\/\/ewb.lu\/?post_type=event&amp;p=5606&amp;preview=true\">Wie verbringen die Tiere den Winter?<\/a><\/li>\n<\/ul>\n<p>[\/vc_column_text][\/vc_column][\/vc_row]<\/p>\n<\/section>","protected":false},"excerpt":{"rendered":"<p>Dienstagnachmittag mit Oma und Opa in den Wald | Unser Thema: Wie klingt der Wald?<\/p>\n","protected":false},"featured_media":5564,"template":"","program":[36,204],"class_list":["post-5562","event","type-event","status-publish","has-post-thumbnail","hentry","program-growing-together","program-natur"],"acf":[],"yoast_head":"<!-- This site is optimized with the Yoast SEO plugin v27.1.1 - https:\/\/yoast.com\/product\/yoast-seo-wordpress\/ -->\n<title>Ab in die Natur<\/title>\n<meta name=\"description\" content=\"Ein Dienstagnachmittag mit Oma und Opa in den Wald | Unser Thema: Wie klingt der Wald?\" \/>\n<meta name=\"robots\" content=\"index, follow, max-snippet:-1, max-image-preview:large, max-video-preview:-1\" \/>\n<link rel=\"canonical\" href=\"https:\/\/ewb.lu\/fr\/event\/ab-in-die-natur\/\" \/>\n<meta property=\"og:locale\" content=\"fr_FR\" \/>\n<meta property=\"og:type\" content=\"article\" \/>\n<meta property=\"og:title\" content=\"Ab in die Natur\" \/>\n<meta property=\"og:description\" content=\"Dienstagnachmittag mit Oma und Opa in den Wald | Unser Thema: Wie klingt der Wald?\" \/>\n<meta property=\"og:url\" content=\"https:\/\/ewb.lu\/fr\/event\/ab-in-die-natur\/\" \/>\n<meta property=\"og:site_name\" content=\"EWB\" \/>\n<meta property=\"article:publisher\" content=\"https:\/\/www.facebook.com\/ErwuesseBild\/\" \/>\n<meta property=\"article:modified_time\" content=\"2024-07-31T06:43:17+00:00\" \/>\n<meta property=\"og:image\" content=\"https:\/\/ewb.lu\/wp-content\/uploads\/2023\/07\/Ab-in-die-Natur-26.9-scaled.jpg\" \/>\n\t<meta property=\"og:image:width\" content=\"2560\" \/>\n\t<meta property=\"og:image:height\" content=\"1706\" \/>\n\t<meta property=\"og:image:type\" content=\"image\/jpeg\" \/>\n<meta name=\"twitter:card\" content=\"summary_large_image\" \/>\n<meta name=\"twitter:label1\" content=\"Dur\u00e9e de lecture estim\u00e9e\" \/>\n\t<meta name=\"twitter:data1\" content=\"1 minute\" \/>\n<script type=\"application\/ld+json\" class=\"yoast-schema-graph\">{\"@context\":\"https:\/\/schema.org\",\"@graph\":[{\"@type\":\"WebPage\",\"@id\":\"https:\/\/ewb.lu\/fr\/event\/ab-in-die-natur\/\",\"url\":\"https:\/\/ewb.lu\/fr\/event\/ab-in-die-natur\/\",\"name\":\"Ab in die Natur\",\"isPartOf\":{\"@id\":\"https:\/\/ewb.lu\/fr\/#website\"},\"primaryImageOfPage\":{\"@id\":\"https:\/\/ewb.lu\/fr\/event\/ab-in-die-natur\/#primaryimage\"},\"image\":{\"@id\":\"https:\/\/ewb.lu\/fr\/event\/ab-in-die-natur\/#primaryimage\"},\"thumbnailUrl\":\"https:\/\/ewb.lu\/wp-content\/uploads\/2023\/07\/Ab-in-die-Natur-26.9-scaled.jpg\",\"datePublished\":\"2023-07-11T08:19:14+00:00\",\"dateModified\":\"2024-07-31T06:43:17+00:00\",\"description\":\"Ein Dienstagnachmittag mit Oma und Opa in den Wald | Unser Thema: Wie klingt der Wald?\",\"breadcrumb\":{\"@id\":\"https:\/\/ewb.lu\/fr\/event\/ab-in-die-natur\/#breadcrumb\"},\"inLanguage\":\"fr-FR\",\"potentialAction\":[{\"@type\":\"ReadAction\",\"target\":[\"https:\/\/ewb.lu\/fr\/event\/ab-in-die-natur\/\"]}]},{\"@type\":\"ImageObject\",\"inLanguage\":\"fr-FR\",\"@id\":\"https:\/\/ewb.lu\/fr\/event\/ab-in-die-natur\/#primaryimage\",\"url\":\"https:\/\/ewb.lu\/wp-content\/uploads\/2023\/07\/Ab-in-die-Natur-26.9-scaled.jpg\",\"contentUrl\":\"https:\/\/ewb.lu\/wp-content\/uploads\/2023\/07\/Ab-in-die-Natur-26.9-scaled.jpg\",\"width\":2560,\"height\":1706,\"caption\":\"A closeup shot of a European robin standing on the branch of a tree\"},{\"@type\":\"BreadcrumbList\",\"@id\":\"https:\/\/ewb.lu\/fr\/event\/ab-in-die-natur\/#breadcrumb\",\"itemListElement\":[{\"@type\":\"ListItem\",\"position\":1,\"name\":\"Startseite\",\"item\":\"https:\/\/ewb.lu\/fr\/\"},{\"@type\":\"ListItem\",\"position\":2,\"name\":\"Ab in die Natur\"}]},{\"@type\":\"WebSite\",\"@id\":\"https:\/\/ewb.lu\/fr\/#website\",\"url\":\"https:\/\/ewb.lu\/fr\/\",\"name\":\"EwB ErwuesseBildung\",\"description\":\"ErwuesseBildung\",\"publisher\":{\"@id\":\"https:\/\/ewb.lu\/fr\/#organization\"},\"alternateName\":\"EWB\",\"potentialAction\":[{\"@type\":\"SearchAction\",\"target\":{\"@type\":\"EntryPoint\",\"urlTemplate\":\"https:\/\/ewb.lu\/fr\/?s={search_term_string}\"},\"query-input\":{\"@type\":\"PropertyValueSpecification\",\"valueRequired\":true,\"valueName\":\"search_term_string\"}}],\"inLanguage\":\"fr-FR\"},{\"@type\":\"Organization\",\"@id\":\"https:\/\/ewb.lu\/fr\/#organization\",\"name\":\"ErwuesseBildung Asbl\",\"alternateName\":\"EWB\",\"url\":\"https:\/\/ewb.lu\/fr\/\",\"logo\":{\"@type\":\"ImageObject\",\"inLanguage\":\"fr-FR\",\"@id\":\"https:\/\/ewb.lu\/fr\/#\/schema\/logo\/image\/\",\"url\":\"https:\/\/ewb.lu\/wp-content\/uploads\/2022\/11\/ewb-logo-header.svg\",\"contentUrl\":\"https:\/\/ewb.lu\/wp-content\/uploads\/2022\/11\/ewb-logo-header.svg\",\"width\":301,\"height\":38,\"caption\":\"ErwuesseBildung Asbl\"},\"image\":{\"@id\":\"https:\/\/ewb.lu\/fr\/#\/schema\/logo\/image\/\"},\"sameAs\":[\"https:\/\/www.facebook.com\/ErwuesseBild\/\",\"https:\/\/lu.linkedin.com\/company\/erwuessebildung---formation-dadultes\",\"https:\/\/www.instagram.com\/erwuessebildung_asbl\/\"]}]}<\/script>\n<!-- \/ Yoast SEO plugin. -->","yoast_head_json":{"title":"Ab in die Natur","description":"Ein Dienstagnachmittag mit Oma und Opa in den Wald | Unser Thema: Wie klingt der Wald?","robots":{"index":"index","follow":"follow","max-snippet":"max-snippet:-1","max-image-preview":"max-image-preview:large","max-video-preview":"max-video-preview:-1"},"canonical":"https:\/\/ewb.lu\/fr\/event\/ab-in-die-natur\/","og_locale":"fr_FR","og_type":"article","og_title":"Ab in die Natur","og_description":"Dienstagnachmittag mit Oma und Opa in den Wald | Unser Thema: Wie klingt der Wald?","og_url":"https:\/\/ewb.lu\/fr\/event\/ab-in-die-natur\/","og_site_name":"EWB","article_publisher":"https:\/\/www.facebook.com\/ErwuesseBild\/","article_modified_time":"2024-07-31T06:43:17+00:00","og_image":[{"width":2560,"height":1706,"url":"https:\/\/ewb.lu\/wp-content\/uploads\/2023\/07\/Ab-in-die-Natur-26.9-scaled.jpg","type":"image\/jpeg"}],"twitter_card":"summary_large_image","twitter_misc":{"Dur\u00e9e de lecture estim\u00e9e":"1 minute"},"schema":{"@context":"https:\/\/schema.org","@graph":[{"@type":"WebPage","@id":"https:\/\/ewb.lu\/fr\/event\/ab-in-die-natur\/","url":"https:\/\/ewb.lu\/fr\/event\/ab-in-die-natur\/","name":"Ab in die Natur","isPartOf":{"@id":"https:\/\/ewb.lu\/fr\/#website"},"primaryImageOfPage":{"@id":"https:\/\/ewb.lu\/fr\/event\/ab-in-die-natur\/#primaryimage"},"image":{"@id":"https:\/\/ewb.lu\/fr\/event\/ab-in-die-natur\/#primaryimage"},"thumbnailUrl":"https:\/\/ewb.lu\/wp-content\/uploads\/2023\/07\/Ab-in-die-Natur-26.9-scaled.jpg","datePublished":"2023-07-11T08:19:14+00:00","dateModified":"2024-07-31T06:43:17+00:00","description":"Ein Dienstagnachmittag mit Oma und Opa in den Wald | Unser Thema: Wie klingt der Wald?","breadcrumb":{"@id":"https:\/\/ewb.lu\/fr\/event\/ab-in-die-natur\/#breadcrumb"},"inLanguage":"fr-FR","potentialAction":[{"@type":"ReadAction","target":["https:\/\/ewb.lu\/fr\/event\/ab-in-die-natur\/"]}]},{"@type":"ImageObject","inLanguage":"fr-FR","@id":"https:\/\/ewb.lu\/fr\/event\/ab-in-die-natur\/#primaryimage","url":"https:\/\/ewb.lu\/wp-content\/uploads\/2023\/07\/Ab-in-die-Natur-26.9-scaled.jpg","contentUrl":"https:\/\/ewb.lu\/wp-content\/uploads\/2023\/07\/Ab-in-die-Natur-26.9-scaled.jpg","width":2560,"height":1706,"caption":"A closeup shot of a European robin standing on the branch of a tree"},{"@type":"BreadcrumbList","@id":"https:\/\/ewb.lu\/fr\/event\/ab-in-die-natur\/#breadcrumb","itemListElement":[{"@type":"ListItem","position":1,"name":"Startseite","item":"https:\/\/ewb.lu\/fr\/"},{"@type":"ListItem","position":2,"name":"Ab in die Natur"}]},{"@type":"WebSite","@id":"https:\/\/ewb.lu\/fr\/#website","url":"https:\/\/ewb.lu\/fr\/","name":"EwB ErwuesseBildung","description":"ErwuesseBildung","publisher":{"@id":"https:\/\/ewb.lu\/fr\/#organization"},"alternateName":"EWB","potentialAction":[{"@type":"SearchAction","target":{"@type":"EntryPoint","urlTemplate":"https:\/\/ewb.lu\/fr\/?s={search_term_string}"},"query-input":{"@type":"PropertyValueSpecification","valueRequired":true,"valueName":"search_term_string"}}],"inLanguage":"fr-FR"},{"@type":"Organization","@id":"https:\/\/ewb.lu\/fr\/#organization","name":"ErwuesseBildung Asbl","alternateName":"EWB","url":"https:\/\/ewb.lu\/fr\/","logo":{"@type":"ImageObject","inLanguage":"fr-FR","@id":"https:\/\/ewb.lu\/fr\/#\/schema\/logo\/image\/","url":"https:\/\/ewb.lu\/wp-content\/uploads\/2022\/11\/ewb-logo-header.svg","contentUrl":"https:\/\/ewb.lu\/wp-content\/uploads\/2022\/11\/ewb-logo-header.svg","width":301,"height":38,"caption":"ErwuesseBildung Asbl"},"image":{"@id":"https:\/\/ewb.lu\/fr\/#\/schema\/logo\/image\/"},"sameAs":["https:\/\/www.facebook.com\/ErwuesseBild\/","https:\/\/lu.linkedin.com\/company\/erwuessebildung---formation-dadultes","https:\/\/www.instagram.com\/erwuessebildung_asbl\/"]}]}},"_links":{"self":[{"href":"https:\/\/ewb.lu\/fr\/wp-json\/wp\/v2\/event\/5562","targetHints":{"allow":["GET"]}}],"collection":[{"href":"https:\/\/ewb.lu\/fr\/wp-json\/wp\/v2\/event"}],"about":[{"href":"https:\/\/ewb.lu\/fr\/wp-json\/wp\/v2\/types\/event"}],"version-history":[{"count":12,"href":"https:\/\/ewb.lu\/fr\/wp-json\/wp\/v2\/event\/5562\/revisions"}],"predecessor-version":[{"id":6687,"href":"https:\/\/ewb.lu\/fr\/wp-json\/wp\/v2\/event\/5562\/revisions\/6687"}],"wp:featuredmedia":[{"embeddable":true,"href":"https:\/\/ewb.lu\/fr\/wp-json\/wp\/v2\/media\/5564"}],"wp:attachment":[{"href":"https:\/\/ewb.lu\/fr\/wp-json\/wp\/v2\/media?parent=5562"}],"wp:term":[{"taxonomy":"program","embeddable":true,"href":"https:\/\/ewb.lu\/fr\/wp-json\/wp\/v2\/program?post=5562"}],"curies":[{"name":"wp","href":"https:\/\/api.w.org\/{rel}","templated":true}]}}

<section class="wpb-content-wrapper"><p>[vc_row][vc_column][vc_column_text]</p>
<h3 style="text-align: center;"><span style="color: #ff9900;">Dienstagnachmittag mit Oma und Opa in den Wald </span></h3>
<h3 style="text-align: center;"><span style="color: #ff9900;">Unser Thema: Wie klingt der Wald?</span></h3>
<p style="font-weight: 400;">Welche Geräusche können wir im Wald hören? Ist es vielleicht der Gesang der Vögel, die in den Baumwipfeln sitzen? Oder hören wir den Wind, der durch die Äste der Bäume säuselt? Warum machen Tiere Geräusche? Wir spielen allerlei Spiele, singen und machen Waldmusik.</p>
<p style="font-weight: 400;">Mit Barbara Schu</p>
<p><b>Mitzubringen: </b>Wettergerechte Kleidung, von Kopf bis Fuß.</p>
<p style="font-weight: 400;">Bitte geben Sie bei der Anmeldung das Alter des Kindes an.</p>
<p>&nbsp;</p>
<p><em>A Cooperatioun mam <a href="https://eltereforum.lu/fr/">Eltereforum</a>, mat der Ënnerstëtzung vum <a href="https://menej.gouvernement.lu/fr.html">MENJE</a>.</em>[/vc_column_text][/vc_column][/vc_row][vc_row][vc_column width= »1/2&Prime;][vc_single_image image= »6683&Prime; img_size= »large »][/vc_column][vc_column width= »1/2&Prime;][vc_column_text]</p>
<h4 style="text-align: left;"><span style="color: #ff9900;"><span style="caret-color: #ff9900;">Weitere Termine:</span></span></h4>
<ul>
<li>10/10/23: <a href="https://ewb.lu/event/ab-in-die-natur-2/">Welche Farben hat der Wald?</a></li>
<li>24/10/23: <a href="https://ewb.lu/event/ab-in-die-natur-3/">Zu Besuch bei den Wichteln</a></li>
<li>07/11/23: <a href="https://ewb.lu/?post_type=event&amp;p=5606&amp;preview=true">Wie verbringen die Tiere den Winter?</a></li>
</ul>
<p>[/vc_column_text][/vc_column][/vc_row]</p>
</section>

<!-- This site is optimized with the Yoast SEO plugin v27.1.1 - https://yoast.com/product/yoast-seo-wordpress/ -->
<title>Ab in die Natur</title>
<meta name="description" content="Ein Dienstagnachmittag mit Oma und Opa in den Wald | Unser Thema: Wie klingt der Wald?" />
<meta name="robots" content="index, follow, max-snippet:-1, max-image-preview:large, max-video-preview:-1" />
<link rel="canonical" href="https://ewb.lu/fr/event/ab-in-die-natur/" />
<meta property="og:locale" content="fr_FR" />
<meta property="og:type" content="article" />
<meta property="og:title" content="Ab in die Natur" />
<meta property="og:description" content="Dienstagnachmittag mit Oma und Opa in den Wald | Unser Thema: Wie klingt der Wald?" />
<meta property="og:url" content="https://ewb.lu/fr/event/ab-in-die-natur/" />
<meta property="og:site_name" content="EWB" />
<meta property="article:publisher" content="https://www.facebook.com/ErwuesseBild/" />
<meta property="article:modified_time" content="2024-07-31T06:43:17+00:00" />
<meta property="og:image" content="https://ewb.lu/wp-content/uploads/2023/07/Ab-in-die-Natur-26.9-scaled.jpg" />
	<meta property="og:image:width" content="2560" />
	<meta property="og:image:height" content="1706" />
	<meta property="og:image:type" content="image/jpeg" />
<meta name="twitter:card" content="summary_large_image" />
<meta name="twitter:label1" content="Durée de lecture estimée" />
	<meta name="twitter:data1" content="1 minute" />
<script type="application/ld+json" class="yoast-schema-graph">{"@context":"https://schema.org","@graph":[{"@type":"WebPage","@id":"https://ewb.lu/fr/event/ab-in-die-natur/","url":"https://ewb.lu/fr/event/ab-in-die-natur/","name":"Ab in die Natur","isPartOf":{"@id":"https://ewb.lu/fr/#website"},"primaryImageOfPage":{"@id":"https://ewb.lu/fr/event/ab-in-die-natur/#primaryimage"},"image":{"@id":"https://ewb.lu/fr/event/ab-in-die-natur/#primaryimage"},"thumbnailUrl":"https://ewb.lu/wp-content/uploads/2023/07/Ab-in-die-Natur-26.9-scaled.jpg","datePublished":"2023-07-11T08:19:14+00:00","dateModified":"2024-07-31T06:43:17+00:00","description":"Ein Dienstagnachmittag mit Oma und Opa in den Wald | Unser Thema: Wie klingt der Wald?","breadcrumb":{"@id":"https://ewb.lu/fr/event/ab-in-die-natur/#breadcrumb"},"inLanguage":"fr-FR","potentialAction":[{"@type":"ReadAction","target":["https://ewb.lu/fr/event/ab-in-die-natur/"]}]},{"@type":"ImageObject","inLanguage":"fr-FR","@id":"https://ewb.lu/fr/event/ab-in-die-natur/#primaryimage","url":"https://ewb.lu/wp-content/uploads/2023/07/Ab-in-die-Natur-26.9-scaled.jpg","contentUrl":"https://ewb.lu/wp-content/uploads/2023/07/Ab-in-die-Natur-26.9-scaled.jpg","width":2560,"height":1706,"caption":"A closeup shot of a European robin standing on the branch of a tree"},{"@type":"BreadcrumbList","@id":"https://ewb.lu/fr/event/ab-in-die-natur/#breadcrumb","itemListElement":[{"@type":"ListItem","position":1,"name":"Startseite","item":"https://ewb.lu/fr/"},{"@type":"ListItem","position":2,"name":"Ab in die Natur"}]},{"@type":"WebSite","@id":"https://ewb.lu/fr/#website","url":"https://ewb.lu/fr/","name":"EwB ErwuesseBildung","description":"ErwuesseBildung","publisher":{"@id":"https://ewb.lu/fr/#organization"},"alternateName":"EWB","potentialAction":[{"@type":"SearchAction","target":{"@type":"EntryPoint","urlTemplate":"https://ewb.lu/fr/?s={search_term_string}"},"query-input":{"@type":"PropertyValueSpecification","valueRequired":true,"valueName":"search_term_string"}}],"inLanguage":"fr-FR"},{"@type":"Organization","@id":"https://ewb.lu/fr/#organization","name":"ErwuesseBildung Asbl","alternateName":"EWB","url":"https://ewb.lu/fr/","logo":{"@type":"ImageObject","inLanguage":"fr-FR","@id":"https://ewb.lu/fr/#/schema/logo/image/","url":"https://ewb.lu/wp-content/uploads/2022/11/ewb-logo-header.svg","contentUrl":"https://ewb.lu/wp-content/uploads/2022/11/ewb-logo-header.svg","width":301,"height":38,"caption":"ErwuesseBildung Asbl"},"image":{"@id":"https://ewb.lu/fr/#/schema/logo/image/"},"sameAs":["https://www.facebook.com/ErwuesseBild/","https://lu.linkedin.com/company/erwuessebildung---formation-dadultes","https://www.instagram.com/erwuessebildung_asbl/"]}]}</script>
<!-- / Yoast SEO plugin. -->
