{"id":5606,"date":"2023-07-11T10:11:22","date_gmt":"2023-07-11T09:11:22","guid":{"rendered":"https:\/\/ewb.lu\/?post_type=event&#038;p=5606"},"modified":"2024-07-31T07:42:17","modified_gmt":"2024-07-31T06:42:17","slug":"ab-in-die-natur-4","status":"publish","type":"event","link":"https:\/\/ewb.lu\/fr\/event\/ab-in-die-natur-4\/","title":{"rendered":"Ab in die Natur"},"content":{"rendered":"<section class=\"wpb-content-wrapper\"><p>[vc_row][vc_column][vc_column_text]<\/p>\n<h3 style=\"text-align: center;\"><span style=\"color: #ff9900;\">Dienstagnachmittag mit Oma und Opa in den Wald<\/span><\/h3>\n<h3 style=\"text-align: center;\"><span style=\"color: #ff9900;\">Unser Thema: Wie verbringen die Tiere den Winter?<\/span><\/h3>\n<p>&nbsp;<\/p>\n<p style=\"font-weight: 400;\">Wenn es uns Menschen zu kalt ist, ziehen wir uns in unsere beheizten H\u00e4user und Wohnungen zur\u00fcck. F\u00fcr frei lebende Tiere ist der Winter eine harte Zeit. Wie verbringen die Tiere den Winter? Wir machen allerlei Spiele, h\u00f6ren eine Geschichte und lernen etwas \u00fcber die Waldbewohner und die kalte Jahreszeit.<\/p>\n<p style=\"font-weight: 400;\">Mit Barbara Schu<\/p>\n<p><strong>Mitzubringen: <\/strong>Wettergerechte Kleidung, von Kopf bis Fu\u00df<\/p>\n<p>Bitte geben Sie bei der Anmeldung das Alter des Kindes an.<\/p>\n<p>&nbsp;<\/p>\n<p><em>In Zusammenarbeit mit dem <a href=\"https:\/\/eltereforum.lu\/fr\/\">Eltereforum<\/a>\u00a0und mit Unterst\u00fctzung vom\u00a0<a href=\"https:\/\/menej.gouvernement.lu\/fr.html\">MENJE<\/a>.<\/em>[\/vc_column_text][\/vc_column][\/vc_row][vc_row][vc_column width=\u00a0\u00bb1\/2&Prime;][vc_single_image image=\u00a0\u00bb6683&Prime; img_size=\u00a0\u00bblarge\u00a0\u00bb][\/vc_column][\/vc_row]<\/p>\n<\/section>","protected":false},"excerpt":{"rendered":"<p>Dienstagnachmittag mit Oma und Opa in den Wald | Unser Thema: Wie verbringen die Tiere den Winter?<\/p>\n","protected":false},"featured_media":5595,"template":"","program":[36,204],"class_list":["post-5606","event","type-event","status-publish","has-post-thumbnail","hentry","program-growing-together","program-natur"],"acf":[],"yoast_head":"<!-- This site is optimized with the Yoast SEO plugin v27.1.1 - https:\/\/yoast.com\/product\/yoast-seo-wordpress\/ -->\n<title>Ab in die Natur<\/title>\n<meta name=\"robots\" content=\"index, follow, max-snippet:-1, max-image-preview:large, max-video-preview:-1\" \/>\n<link rel=\"canonical\" href=\"https:\/\/ewb.lu\/fr\/event\/ab-in-die-natur-4\/\" \/>\n<meta property=\"og:locale\" content=\"fr_FR\" \/>\n<meta property=\"og:type\" content=\"article\" \/>\n<meta property=\"og:title\" content=\"Ab in die Natur\" \/>\n<meta property=\"og:description\" content=\"Dienstagnachmittag mit Oma und Opa in den Wald | Unser Thema: Wie verbringen die Tiere den Winter?\" \/>\n<meta property=\"og:url\" content=\"https:\/\/ewb.lu\/fr\/event\/ab-in-die-natur-4\/\" \/>\n<meta property=\"og:site_name\" content=\"EWB\" \/>\n<meta property=\"article:publisher\" content=\"https:\/\/www.facebook.com\/ErwuesseBild\/\" \/>\n<meta property=\"article:modified_time\" content=\"2024-07-31T06:42:17+00:00\" \/>\n<meta property=\"og:image\" content=\"https:\/\/ewb.lu\/wp-content\/uploads\/2023\/07\/Ab-in-die-Natur-7.11.-Mittel.jpeg\" \/>\n\t<meta property=\"og:image:width\" content=\"640\" \/>\n\t<meta property=\"og:image:height\" content=\"532\" \/>\n\t<meta property=\"og:image:type\" content=\"image\/jpeg\" \/>\n<meta name=\"twitter:card\" content=\"summary_large_image\" \/>\n<meta name=\"twitter:label1\" content=\"Dur\u00e9e de lecture estim\u00e9e\" \/>\n\t<meta name=\"twitter:data1\" content=\"1 minute\" \/>\n<script type=\"application\/ld+json\" class=\"yoast-schema-graph\">{\"@context\":\"https:\/\/schema.org\",\"@graph\":[{\"@type\":\"WebPage\",\"@id\":\"https:\/\/ewb.lu\/fr\/event\/ab-in-die-natur-4\/\",\"url\":\"https:\/\/ewb.lu\/fr\/event\/ab-in-die-natur-4\/\",\"name\":\"Ab in die Natur\",\"isPartOf\":{\"@id\":\"https:\/\/ewb.lu\/fr\/#website\"},\"primaryImageOfPage\":{\"@id\":\"https:\/\/ewb.lu\/fr\/event\/ab-in-die-natur-4\/#primaryimage\"},\"image\":{\"@id\":\"https:\/\/ewb.lu\/fr\/event\/ab-in-die-natur-4\/#primaryimage\"},\"thumbnailUrl\":\"https:\/\/ewb.lu\/wp-content\/uploads\/2023\/07\/Ab-in-die-Natur-7.11.-Mittel.jpeg\",\"datePublished\":\"2023-07-11T09:11:22+00:00\",\"dateModified\":\"2024-07-31T06:42:17+00:00\",\"breadcrumb\":{\"@id\":\"https:\/\/ewb.lu\/fr\/event\/ab-in-die-natur-4\/#breadcrumb\"},\"inLanguage\":\"fr-FR\",\"potentialAction\":[{\"@type\":\"ReadAction\",\"target\":[\"https:\/\/ewb.lu\/fr\/event\/ab-in-die-natur-4\/\"]}]},{\"@type\":\"ImageObject\",\"inLanguage\":\"fr-FR\",\"@id\":\"https:\/\/ewb.lu\/fr\/event\/ab-in-die-natur-4\/#primaryimage\",\"url\":\"https:\/\/ewb.lu\/wp-content\/uploads\/2023\/07\/Ab-in-die-Natur-7.11.-Mittel.jpeg\",\"contentUrl\":\"https:\/\/ewb.lu\/wp-content\/uploads\/2023\/07\/Ab-in-die-Natur-7.11.-Mittel.jpeg\",\"width\":640,\"height\":532},{\"@type\":\"BreadcrumbList\",\"@id\":\"https:\/\/ewb.lu\/fr\/event\/ab-in-die-natur-4\/#breadcrumb\",\"itemListElement\":[{\"@type\":\"ListItem\",\"position\":1,\"name\":\"Startseite\",\"item\":\"https:\/\/ewb.lu\/fr\/\"},{\"@type\":\"ListItem\",\"position\":2,\"name\":\"Ab in die Natur\"}]},{\"@type\":\"WebSite\",\"@id\":\"https:\/\/ewb.lu\/fr\/#website\",\"url\":\"https:\/\/ewb.lu\/fr\/\",\"name\":\"EwB ErwuesseBildung\",\"description\":\"ErwuesseBildung\",\"publisher\":{\"@id\":\"https:\/\/ewb.lu\/fr\/#organization\"},\"alternateName\":\"EWB\",\"potentialAction\":[{\"@type\":\"SearchAction\",\"target\":{\"@type\":\"EntryPoint\",\"urlTemplate\":\"https:\/\/ewb.lu\/fr\/?s={search_term_string}\"},\"query-input\":{\"@type\":\"PropertyValueSpecification\",\"valueRequired\":true,\"valueName\":\"search_term_string\"}}],\"inLanguage\":\"fr-FR\"},{\"@type\":\"Organization\",\"@id\":\"https:\/\/ewb.lu\/fr\/#organization\",\"name\":\"ErwuesseBildung Asbl\",\"alternateName\":\"EWB\",\"url\":\"https:\/\/ewb.lu\/fr\/\",\"logo\":{\"@type\":\"ImageObject\",\"inLanguage\":\"fr-FR\",\"@id\":\"https:\/\/ewb.lu\/fr\/#\/schema\/logo\/image\/\",\"url\":\"https:\/\/ewb.lu\/wp-content\/uploads\/2022\/11\/ewb-logo-header.svg\",\"contentUrl\":\"https:\/\/ewb.lu\/wp-content\/uploads\/2022\/11\/ewb-logo-header.svg\",\"width\":301,\"height\":38,\"caption\":\"ErwuesseBildung Asbl\"},\"image\":{\"@id\":\"https:\/\/ewb.lu\/fr\/#\/schema\/logo\/image\/\"},\"sameAs\":[\"https:\/\/www.facebook.com\/ErwuesseBild\/\",\"https:\/\/lu.linkedin.com\/company\/erwuessebildung---formation-dadultes\",\"https:\/\/www.instagram.com\/erwuessebildung_asbl\/\"]}]}<\/script>\n<!-- \/ Yoast SEO plugin. -->","yoast_head_json":{"title":"Ab in die Natur","robots":{"index":"index","follow":"follow","max-snippet":"max-snippet:-1","max-image-preview":"max-image-preview:large","max-video-preview":"max-video-preview:-1"},"canonical":"https:\/\/ewb.lu\/fr\/event\/ab-in-die-natur-4\/","og_locale":"fr_FR","og_type":"article","og_title":"Ab in die Natur","og_description":"Dienstagnachmittag mit Oma und Opa in den Wald | Unser Thema: Wie verbringen die Tiere den Winter?","og_url":"https:\/\/ewb.lu\/fr\/event\/ab-in-die-natur-4\/","og_site_name":"EWB","article_publisher":"https:\/\/www.facebook.com\/ErwuesseBild\/","article_modified_time":"2024-07-31T06:42:17+00:00","og_image":[{"width":640,"height":532,"url":"https:\/\/ewb.lu\/wp-content\/uploads\/2023\/07\/Ab-in-die-Natur-7.11.-Mittel.jpeg","type":"image\/jpeg"}],"twitter_card":"summary_large_image","twitter_misc":{"Dur\u00e9e de lecture estim\u00e9e":"1 minute"},"schema":{"@context":"https:\/\/schema.org","@graph":[{"@type":"WebPage","@id":"https:\/\/ewb.lu\/fr\/event\/ab-in-die-natur-4\/","url":"https:\/\/ewb.lu\/fr\/event\/ab-in-die-natur-4\/","name":"Ab in die Natur","isPartOf":{"@id":"https:\/\/ewb.lu\/fr\/#website"},"primaryImageOfPage":{"@id":"https:\/\/ewb.lu\/fr\/event\/ab-in-die-natur-4\/#primaryimage"},"image":{"@id":"https:\/\/ewb.lu\/fr\/event\/ab-in-die-natur-4\/#primaryimage"},"thumbnailUrl":"https:\/\/ewb.lu\/wp-content\/uploads\/2023\/07\/Ab-in-die-Natur-7.11.-Mittel.jpeg","datePublished":"2023-07-11T09:11:22+00:00","dateModified":"2024-07-31T06:42:17+00:00","breadcrumb":{"@id":"https:\/\/ewb.lu\/fr\/event\/ab-in-die-natur-4\/#breadcrumb"},"inLanguage":"fr-FR","potentialAction":[{"@type":"ReadAction","target":["https:\/\/ewb.lu\/fr\/event\/ab-in-die-natur-4\/"]}]},{"@type":"ImageObject","inLanguage":"fr-FR","@id":"https:\/\/ewb.lu\/fr\/event\/ab-in-die-natur-4\/#primaryimage","url":"https:\/\/ewb.lu\/wp-content\/uploads\/2023\/07\/Ab-in-die-Natur-7.11.-Mittel.jpeg","contentUrl":"https:\/\/ewb.lu\/wp-content\/uploads\/2023\/07\/Ab-in-die-Natur-7.11.-Mittel.jpeg","width":640,"height":532},{"@type":"BreadcrumbList","@id":"https:\/\/ewb.lu\/fr\/event\/ab-in-die-natur-4\/#breadcrumb","itemListElement":[{"@type":"ListItem","position":1,"name":"Startseite","item":"https:\/\/ewb.lu\/fr\/"},{"@type":"ListItem","position":2,"name":"Ab in die Natur"}]},{"@type":"WebSite","@id":"https:\/\/ewb.lu\/fr\/#website","url":"https:\/\/ewb.lu\/fr\/","name":"EwB ErwuesseBildung","description":"ErwuesseBildung","publisher":{"@id":"https:\/\/ewb.lu\/fr\/#organization"},"alternateName":"EWB","potentialAction":[{"@type":"SearchAction","target":{"@type":"EntryPoint","urlTemplate":"https:\/\/ewb.lu\/fr\/?s={search_term_string}"},"query-input":{"@type":"PropertyValueSpecification","valueRequired":true,"valueName":"search_term_string"}}],"inLanguage":"fr-FR"},{"@type":"Organization","@id":"https:\/\/ewb.lu\/fr\/#organization","name":"ErwuesseBildung Asbl","alternateName":"EWB","url":"https:\/\/ewb.lu\/fr\/","logo":{"@type":"ImageObject","inLanguage":"fr-FR","@id":"https:\/\/ewb.lu\/fr\/#\/schema\/logo\/image\/","url":"https:\/\/ewb.lu\/wp-content\/uploads\/2022\/11\/ewb-logo-header.svg","contentUrl":"https:\/\/ewb.lu\/wp-content\/uploads\/2022\/11\/ewb-logo-header.svg","width":301,"height":38,"caption":"ErwuesseBildung Asbl"},"image":{"@id":"https:\/\/ewb.lu\/fr\/#\/schema\/logo\/image\/"},"sameAs":["https:\/\/www.facebook.com\/ErwuesseBild\/","https:\/\/lu.linkedin.com\/company\/erwuessebildung---formation-dadultes","https:\/\/www.instagram.com\/erwuessebildung_asbl\/"]}]}},"_links":{"self":[{"href":"https:\/\/ewb.lu\/fr\/wp-json\/wp\/v2\/event\/5606","targetHints":{"allow":["GET"]}}],"collection":[{"href":"https:\/\/ewb.lu\/fr\/wp-json\/wp\/v2\/event"}],"about":[{"href":"https:\/\/ewb.lu\/fr\/wp-json\/wp\/v2\/types\/event"}],"version-history":[{"count":5,"href":"https:\/\/ewb.lu\/fr\/wp-json\/wp\/v2\/event\/5606\/revisions"}],"predecessor-version":[{"id":6689,"href":"https:\/\/ewb.lu\/fr\/wp-json\/wp\/v2\/event\/5606\/revisions\/6689"}],"wp:featuredmedia":[{"embeddable":true,"href":"https:\/\/ewb.lu\/fr\/wp-json\/wp\/v2\/media\/5595"}],"wp:attachment":[{"href":"https:\/\/ewb.lu\/fr\/wp-json\/wp\/v2\/media?parent=5606"}],"wp:term":[{"taxonomy":"program","embeddable":true,"href":"https:\/\/ewb.lu\/fr\/wp-json\/wp\/v2\/program?post=5606"}],"curies":[{"name":"wp","href":"https:\/\/api.w.org\/{rel}","templated":true}]}}

<section class="wpb-content-wrapper"><p>[vc_row][vc_column][vc_column_text]</p>
<h3 style="text-align: center;"><span style="color: #ff9900;">Dienstagnachmittag mit Oma und Opa in den Wald</span></h3>
<h3 style="text-align: center;"><span style="color: #ff9900;">Unser Thema: Wie verbringen die Tiere den Winter?</span></h3>
<p>&nbsp;</p>
<p style="font-weight: 400;">Wenn es uns Menschen zu kalt ist, ziehen wir uns in unsere beheizten Häuser und Wohnungen zurück. Für frei lebende Tiere ist der Winter eine harte Zeit. Wie verbringen die Tiere den Winter? Wir machen allerlei Spiele, hören eine Geschichte und lernen etwas über die Waldbewohner und die kalte Jahreszeit.</p>
<p style="font-weight: 400;">Mit Barbara Schu</p>
<p><strong>Mitzubringen: </strong>Wettergerechte Kleidung, von Kopf bis Fuß</p>
<p>Bitte geben Sie bei der Anmeldung das Alter des Kindes an.</p>
<p>&nbsp;</p>
<p><em>In Zusammenarbeit mit dem <a href="https://eltereforum.lu/fr/">Eltereforum</a> und mit Unterstützung vom <a href="https://menej.gouvernement.lu/fr.html">MENJE</a>.</em>[/vc_column_text][/vc_column][/vc_row][vc_row][vc_column width= »1/2&Prime;][vc_single_image image= »6683&Prime; img_size= »large »][/vc_column][/vc_row]</p>
</section>

<!-- This site is optimized with the Yoast SEO plugin v27.1.1 - https://yoast.com/product/yoast-seo-wordpress/ -->
<title>Ab in die Natur</title>
<meta name="robots" content="index, follow, max-snippet:-1, max-image-preview:large, max-video-preview:-1" />
<link rel="canonical" href="https://ewb.lu/fr/event/ab-in-die-natur-4/" />
<meta property="og:locale" content="fr_FR" />
<meta property="og:type" content="article" />
<meta property="og:title" content="Ab in die Natur" />
<meta property="og:description" content="Dienstagnachmittag mit Oma und Opa in den Wald | Unser Thema: Wie verbringen die Tiere den Winter?" />
<meta property="og:url" content="https://ewb.lu/fr/event/ab-in-die-natur-4/" />
<meta property="og:site_name" content="EWB" />
<meta property="article:publisher" content="https://www.facebook.com/ErwuesseBild/" />
<meta property="article:modified_time" content="2024-07-31T06:42:17+00:00" />
<meta property="og:image" content="https://ewb.lu/wp-content/uploads/2023/07/Ab-in-die-Natur-7.11.-Mittel.jpeg" />
	<meta property="og:image:width" content="640" />
	<meta property="og:image:height" content="532" />
	<meta property="og:image:type" content="image/jpeg" />
<meta name="twitter:card" content="summary_large_image" />
<meta name="twitter:label1" content="Durée de lecture estimée" />
	<meta name="twitter:data1" content="1 minute" />
<script type="application/ld+json" class="yoast-schema-graph">{"@context":"https://schema.org","@graph":[{"@type":"WebPage","@id":"https://ewb.lu/fr/event/ab-in-die-natur-4/","url":"https://ewb.lu/fr/event/ab-in-die-natur-4/","name":"Ab in die Natur","isPartOf":{"@id":"https://ewb.lu/fr/#website"},"primaryImageOfPage":{"@id":"https://ewb.lu/fr/event/ab-in-die-natur-4/#primaryimage"},"image":{"@id":"https://ewb.lu/fr/event/ab-in-die-natur-4/#primaryimage"},"thumbnailUrl":"https://ewb.lu/wp-content/uploads/2023/07/Ab-in-die-Natur-7.11.-Mittel.jpeg","datePublished":"2023-07-11T09:11:22+00:00","dateModified":"2024-07-31T06:42:17+00:00","breadcrumb":{"@id":"https://ewb.lu/fr/event/ab-in-die-natur-4/#breadcrumb"},"inLanguage":"fr-FR","potentialAction":[{"@type":"ReadAction","target":["https://ewb.lu/fr/event/ab-in-die-natur-4/"]}]},{"@type":"ImageObject","inLanguage":"fr-FR","@id":"https://ewb.lu/fr/event/ab-in-die-natur-4/#primaryimage","url":"https://ewb.lu/wp-content/uploads/2023/07/Ab-in-die-Natur-7.11.-Mittel.jpeg","contentUrl":"https://ewb.lu/wp-content/uploads/2023/07/Ab-in-die-Natur-7.11.-Mittel.jpeg","width":640,"height":532},{"@type":"BreadcrumbList","@id":"https://ewb.lu/fr/event/ab-in-die-natur-4/#breadcrumb","itemListElement":[{"@type":"ListItem","position":1,"name":"Startseite","item":"https://ewb.lu/fr/"},{"@type":"ListItem","position":2,"name":"Ab in die Natur"}]},{"@type":"WebSite","@id":"https://ewb.lu/fr/#website","url":"https://ewb.lu/fr/","name":"EwB ErwuesseBildung","description":"ErwuesseBildung","publisher":{"@id":"https://ewb.lu/fr/#organization"},"alternateName":"EWB","potentialAction":[{"@type":"SearchAction","target":{"@type":"EntryPoint","urlTemplate":"https://ewb.lu/fr/?s={search_term_string}"},"query-input":{"@type":"PropertyValueSpecification","valueRequired":true,"valueName":"search_term_string"}}],"inLanguage":"fr-FR"},{"@type":"Organization","@id":"https://ewb.lu/fr/#organization","name":"ErwuesseBildung Asbl","alternateName":"EWB","url":"https://ewb.lu/fr/","logo":{"@type":"ImageObject","inLanguage":"fr-FR","@id":"https://ewb.lu/fr/#/schema/logo/image/","url":"https://ewb.lu/wp-content/uploads/2022/11/ewb-logo-header.svg","contentUrl":"https://ewb.lu/wp-content/uploads/2022/11/ewb-logo-header.svg","width":301,"height":38,"caption":"ErwuesseBildung Asbl"},"image":{"@id":"https://ewb.lu/fr/#/schema/logo/image/"},"sameAs":["https://www.facebook.com/ErwuesseBild/","https://lu.linkedin.com/company/erwuessebildung---formation-dadultes","https://www.instagram.com/erwuessebildung_asbl/"]}]}</script>
<!-- / Yoast SEO plugin. -->
