{"id":7799,"date":"2024-01-25T14:14:58","date_gmt":"2024-01-25T13:14:58","guid":{"rendered":"https:\/\/ewb.lu\/?post_type=event&#038;p=7799"},"modified":"2025-12-04T17:41:17","modified_gmt":"2025-12-04T16:41:17","slug":"vu-buedem-bauzen-a-biobaueren","status":"publish","type":"event","link":"https:\/\/ewb.lu\/fr\/event\/vu-buedem-bauzen-a-biobaueren\/","title":{"rendered":"Vu Buedem, Bauzen a Biobaueren"},"content":{"rendered":"<h3><span style=\"color: #f47f57;\">Filmvirf\u00e9ierung &amp; Diskussioun<\/span><\/h3>\n<p>Den <strong>28. Februar<\/strong> weise mir de Film \u00ab\u00a0Vu Buedem, Bauzen a Biobaueren\u00a0\u00bb an der EwB.<\/p>\n<p>Virun der Filmvirf\u00e9ierung ginn den <strong>Tom Alesch<\/strong>, Regisseur vum Film a Member vum Verwaltungsrot vun der EwB, an d&rsquo;<strong>Dani Noesen<\/strong>, Direktesch vun der <a href=\"https:\/\/biovereenegung.lu\/bio-betriebe\/\">Vereenegung Biolandwirtschaft L\u00ebtzebuerg asbl<\/a> a Produzentin vum Film <strong>eng kuerz Af\u00e9ierung an d&rsquo;Thematik an zum Film<\/strong>.<\/p>\n<p><strong>Nom Film g\u00ebtt et Raum an Z\u00e4it fir eng Diskussioun.<\/strong> D\u00e9i aktuell Lag vun der Biolandwirtschaft weist, dass d&rsquo;Politik bis elo nach weit vum Ziel, bis 2050 all d\u00e9i l\u00ebtzebuergesch Betrieber op Bio \u00ebmzestellen, entfernt bleift.<\/p>\n<p>D\u00e9i rezent Demonstratiounen an zuelr\u00e4ichen EU-L\u00e4nner belee\u00ebn ausserdeem, dass d&rsquo;Biolandwirtschaft gemeinsam mat konventionelle landwirtschaftleche Familljebetriber ugesiichts der problematescher EU-Agrarpolitik \u00ebm d&rsquo;Iwwerliewe k\u00e4mpfen. D&rsquo;EU w\u00ebll hier Agrarpolitik elo strategesch nei denken. D\u00ebse Film liwwert en Abl\u00e9ck an d\u00e9i engag\u00e9iert Aarbecht an an d&rsquo;Erwaardunge vun enger Rei Biobaueren hei zu L\u00ebtzebuerg.<\/p>\n<p style=\"font-weight: 400;\">\u00cbm eng Aschreiwung g\u00ebtt gebieden: &#105;&#x6e;f&#111;&#x40;e&#x77;&#x62;&#46;&#x6c;u.<\/p>\n<p style=\"font-weight: 400;\"><strong>M\u00e9i Informatiounen zum Film fannt Dir <a href=\"https:\/\/biobauzen.lu\">hei<\/a>.<\/strong><\/p>\n<p>&nbsp;<\/p>\n<p>&nbsp;<\/p>\n","protected":false},"excerpt":{"rendered":"<p>Filmvirf\u00e9ierung &#038; Diskussioun<\/p>\n","protected":false},"featured_media":7824,"template":"","program":[112,70],"class_list":["post-7799","event","type-event","status-publish","has-post-thumbnail","hentry","program-gesellschaft-heute-2","program-philosophie-soziologie"],"acf":[],"yoast_head":"<!-- This site is optimized with the Yoast SEO plugin v27.1.1 - https:\/\/yoast.com\/product\/yoast-seo-wordpress\/ -->\n<title>Vu Buedem, Bauzen a Biobaueren<\/title>\n<meta name=\"description\" content=\"Den 28. Februar weise mir de Film &quot;Vu Buedem, Bauzen a Biobaueren&quot; an der EwB. Duerno bleift d&#039;Z\u00e4it fir Diskussioun.\" \/>\n<meta name=\"robots\" content=\"index, follow, max-snippet:-1, max-image-preview:large, max-video-preview:-1\" \/>\n<link rel=\"canonical\" href=\"https:\/\/ewb.lu\/fr\/event\/vu-buedem-bauzen-a-biobaueren\/\" \/>\n<meta property=\"og:locale\" content=\"fr_FR\" \/>\n<meta property=\"og:type\" content=\"article\" \/>\n<meta property=\"og:title\" content=\"Vu Buedem, Bauzen a Biobaueren\" \/>\n<meta property=\"og:description\" content=\"Den 28. Februar weise mir de Film &quot;Vu Buedem, Bauzen a Biobaueren&quot; an der EwB. Duerno bleift d&#039;Z\u00e4it fir Diskussioun.\" \/>\n<meta property=\"og:url\" content=\"https:\/\/ewb.lu\/fr\/event\/vu-buedem-bauzen-a-biobaueren\/\" \/>\n<meta property=\"og:site_name\" content=\"EWB\" \/>\n<meta property=\"article:publisher\" content=\"https:\/\/www.facebook.com\/ErwuesseBild\/\" \/>\n<meta property=\"article:modified_time\" content=\"2025-12-04T16:41:17+00:00\" \/>\n<meta property=\"og:image\" content=\"https:\/\/ewb.lu\/wp-content\/uploads\/2024\/01\/Bildschirmfoto-2024-01-31-um-14.29.26.jpg\" \/>\n\t<meta property=\"og:image:width\" content=\"1174\" \/>\n\t<meta property=\"og:image:height\" content=\"662\" \/>\n\t<meta property=\"og:image:type\" content=\"image\/jpeg\" \/>\n<meta name=\"twitter:card\" content=\"summary_large_image\" \/>\n<meta name=\"twitter:label1\" content=\"Dur\u00e9e de lecture estim\u00e9e\" \/>\n\t<meta name=\"twitter:data1\" content=\"2 minutes\" \/>\n<script type=\"application\/ld+json\" class=\"yoast-schema-graph\">{\"@context\":\"https:\/\/schema.org\",\"@graph\":[{\"@type\":\"WebPage\",\"@id\":\"https:\/\/ewb.lu\/fr\/event\/vu-buedem-bauzen-a-biobaueren\/\",\"url\":\"https:\/\/ewb.lu\/fr\/event\/vu-buedem-bauzen-a-biobaueren\/\",\"name\":\"Vu Buedem, Bauzen a Biobaueren\",\"isPartOf\":{\"@id\":\"https:\/\/ewb.lu\/fr\/#website\"},\"primaryImageOfPage\":{\"@id\":\"https:\/\/ewb.lu\/fr\/event\/vu-buedem-bauzen-a-biobaueren\/#primaryimage\"},\"image\":{\"@id\":\"https:\/\/ewb.lu\/fr\/event\/vu-buedem-bauzen-a-biobaueren\/#primaryimage\"},\"thumbnailUrl\":\"https:\/\/ewb.lu\/wp-content\/uploads\/2024\/01\/Bildschirmfoto-2024-01-31-um-14.29.26.jpg\",\"datePublished\":\"2024-01-25T13:14:58+00:00\",\"dateModified\":\"2025-12-04T16:41:17+00:00\",\"description\":\"Den 28. Februar weise mir de Film \\\"Vu Buedem, Bauzen a Biobaueren\\\" an der EwB. Duerno bleift d'Z\u00e4it fir Diskussioun.\",\"breadcrumb\":{\"@id\":\"https:\/\/ewb.lu\/fr\/event\/vu-buedem-bauzen-a-biobaueren\/#breadcrumb\"},\"inLanguage\":\"fr-FR\",\"potentialAction\":[{\"@type\":\"ReadAction\",\"target\":[\"https:\/\/ewb.lu\/fr\/event\/vu-buedem-bauzen-a-biobaueren\/\"]}]},{\"@type\":\"ImageObject\",\"inLanguage\":\"fr-FR\",\"@id\":\"https:\/\/ewb.lu\/fr\/event\/vu-buedem-bauzen-a-biobaueren\/#primaryimage\",\"url\":\"https:\/\/ewb.lu\/wp-content\/uploads\/2024\/01\/Bildschirmfoto-2024-01-31-um-14.29.26.jpg\",\"contentUrl\":\"https:\/\/ewb.lu\/wp-content\/uploads\/2024\/01\/Bildschirmfoto-2024-01-31-um-14.29.26.jpg\",\"width\":1174,\"height\":662,\"caption\":\"Vu Buedem, Bauzen a Biobaueren\"},{\"@type\":\"BreadcrumbList\",\"@id\":\"https:\/\/ewb.lu\/fr\/event\/vu-buedem-bauzen-a-biobaueren\/#breadcrumb\",\"itemListElement\":[{\"@type\":\"ListItem\",\"position\":1,\"name\":\"Startseite\",\"item\":\"https:\/\/ewb.lu\/fr\/\"},{\"@type\":\"ListItem\",\"position\":2,\"name\":\"Vu Buedem, Bauzen a Biobaueren\"}]},{\"@type\":\"WebSite\",\"@id\":\"https:\/\/ewb.lu\/fr\/#website\",\"url\":\"https:\/\/ewb.lu\/fr\/\",\"name\":\"EwB ErwuesseBildung\",\"description\":\"ErwuesseBildung\",\"publisher\":{\"@id\":\"https:\/\/ewb.lu\/fr\/#organization\"},\"alternateName\":\"EWB\",\"potentialAction\":[{\"@type\":\"SearchAction\",\"target\":{\"@type\":\"EntryPoint\",\"urlTemplate\":\"https:\/\/ewb.lu\/fr\/?s={search_term_string}\"},\"query-input\":{\"@type\":\"PropertyValueSpecification\",\"valueRequired\":true,\"valueName\":\"search_term_string\"}}],\"inLanguage\":\"fr-FR\"},{\"@type\":\"Organization\",\"@id\":\"https:\/\/ewb.lu\/fr\/#organization\",\"name\":\"ErwuesseBildung Asbl\",\"alternateName\":\"EWB\",\"url\":\"https:\/\/ewb.lu\/fr\/\",\"logo\":{\"@type\":\"ImageObject\",\"inLanguage\":\"fr-FR\",\"@id\":\"https:\/\/ewb.lu\/fr\/#\/schema\/logo\/image\/\",\"url\":\"https:\/\/ewb.lu\/wp-content\/uploads\/2022\/11\/ewb-logo-header.svg\",\"contentUrl\":\"https:\/\/ewb.lu\/wp-content\/uploads\/2022\/11\/ewb-logo-header.svg\",\"width\":301,\"height\":38,\"caption\":\"ErwuesseBildung Asbl\"},\"image\":{\"@id\":\"https:\/\/ewb.lu\/fr\/#\/schema\/logo\/image\/\"},\"sameAs\":[\"https:\/\/www.facebook.com\/ErwuesseBild\/\",\"https:\/\/lu.linkedin.com\/company\/erwuessebildung---formation-dadultes\",\"https:\/\/www.instagram.com\/erwuessebildung_asbl\/\"]}]}<\/script>\n<!-- \/ Yoast SEO plugin. -->","yoast_head_json":{"title":"Vu Buedem, Bauzen a Biobaueren","description":"Den 28. Februar weise mir de Film \"Vu Buedem, Bauzen a Biobaueren\" an der EwB. Duerno bleift d'Z\u00e4it fir Diskussioun.","robots":{"index":"index","follow":"follow","max-snippet":"max-snippet:-1","max-image-preview":"max-image-preview:large","max-video-preview":"max-video-preview:-1"},"canonical":"https:\/\/ewb.lu\/fr\/event\/vu-buedem-bauzen-a-biobaueren\/","og_locale":"fr_FR","og_type":"article","og_title":"Vu Buedem, Bauzen a Biobaueren","og_description":"Den 28. Februar weise mir de Film \"Vu Buedem, Bauzen a Biobaueren\" an der EwB. Duerno bleift d'Z\u00e4it fir Diskussioun.","og_url":"https:\/\/ewb.lu\/fr\/event\/vu-buedem-bauzen-a-biobaueren\/","og_site_name":"EWB","article_publisher":"https:\/\/www.facebook.com\/ErwuesseBild\/","article_modified_time":"2025-12-04T16:41:17+00:00","og_image":[{"width":1174,"height":662,"url":"https:\/\/ewb.lu\/wp-content\/uploads\/2024\/01\/Bildschirmfoto-2024-01-31-um-14.29.26.jpg","type":"image\/jpeg"}],"twitter_card":"summary_large_image","twitter_misc":{"Dur\u00e9e de lecture estim\u00e9e":"2 minutes"},"schema":{"@context":"https:\/\/schema.org","@graph":[{"@type":"WebPage","@id":"https:\/\/ewb.lu\/fr\/event\/vu-buedem-bauzen-a-biobaueren\/","url":"https:\/\/ewb.lu\/fr\/event\/vu-buedem-bauzen-a-biobaueren\/","name":"Vu Buedem, Bauzen a Biobaueren","isPartOf":{"@id":"https:\/\/ewb.lu\/fr\/#website"},"primaryImageOfPage":{"@id":"https:\/\/ewb.lu\/fr\/event\/vu-buedem-bauzen-a-biobaueren\/#primaryimage"},"image":{"@id":"https:\/\/ewb.lu\/fr\/event\/vu-buedem-bauzen-a-biobaueren\/#primaryimage"},"thumbnailUrl":"https:\/\/ewb.lu\/wp-content\/uploads\/2024\/01\/Bildschirmfoto-2024-01-31-um-14.29.26.jpg","datePublished":"2024-01-25T13:14:58+00:00","dateModified":"2025-12-04T16:41:17+00:00","description":"Den 28. Februar weise mir de Film \"Vu Buedem, Bauzen a Biobaueren\" an der EwB. Duerno bleift d'Z\u00e4it fir Diskussioun.","breadcrumb":{"@id":"https:\/\/ewb.lu\/fr\/event\/vu-buedem-bauzen-a-biobaueren\/#breadcrumb"},"inLanguage":"fr-FR","potentialAction":[{"@type":"ReadAction","target":["https:\/\/ewb.lu\/fr\/event\/vu-buedem-bauzen-a-biobaueren\/"]}]},{"@type":"ImageObject","inLanguage":"fr-FR","@id":"https:\/\/ewb.lu\/fr\/event\/vu-buedem-bauzen-a-biobaueren\/#primaryimage","url":"https:\/\/ewb.lu\/wp-content\/uploads\/2024\/01\/Bildschirmfoto-2024-01-31-um-14.29.26.jpg","contentUrl":"https:\/\/ewb.lu\/wp-content\/uploads\/2024\/01\/Bildschirmfoto-2024-01-31-um-14.29.26.jpg","width":1174,"height":662,"caption":"Vu Buedem, Bauzen a Biobaueren"},{"@type":"BreadcrumbList","@id":"https:\/\/ewb.lu\/fr\/event\/vu-buedem-bauzen-a-biobaueren\/#breadcrumb","itemListElement":[{"@type":"ListItem","position":1,"name":"Startseite","item":"https:\/\/ewb.lu\/fr\/"},{"@type":"ListItem","position":2,"name":"Vu Buedem, Bauzen a Biobaueren"}]},{"@type":"WebSite","@id":"https:\/\/ewb.lu\/fr\/#website","url":"https:\/\/ewb.lu\/fr\/","name":"EwB ErwuesseBildung","description":"ErwuesseBildung","publisher":{"@id":"https:\/\/ewb.lu\/fr\/#organization"},"alternateName":"EWB","potentialAction":[{"@type":"SearchAction","target":{"@type":"EntryPoint","urlTemplate":"https:\/\/ewb.lu\/fr\/?s={search_term_string}"},"query-input":{"@type":"PropertyValueSpecification","valueRequired":true,"valueName":"search_term_string"}}],"inLanguage":"fr-FR"},{"@type":"Organization","@id":"https:\/\/ewb.lu\/fr\/#organization","name":"ErwuesseBildung Asbl","alternateName":"EWB","url":"https:\/\/ewb.lu\/fr\/","logo":{"@type":"ImageObject","inLanguage":"fr-FR","@id":"https:\/\/ewb.lu\/fr\/#\/schema\/logo\/image\/","url":"https:\/\/ewb.lu\/wp-content\/uploads\/2022\/11\/ewb-logo-header.svg","contentUrl":"https:\/\/ewb.lu\/wp-content\/uploads\/2022\/11\/ewb-logo-header.svg","width":301,"height":38,"caption":"ErwuesseBildung Asbl"},"image":{"@id":"https:\/\/ewb.lu\/fr\/#\/schema\/logo\/image\/"},"sameAs":["https:\/\/www.facebook.com\/ErwuesseBild\/","https:\/\/lu.linkedin.com\/company\/erwuessebildung---formation-dadultes","https:\/\/www.instagram.com\/erwuessebildung_asbl\/"]}]}},"_links":{"self":[{"href":"https:\/\/ewb.lu\/fr\/wp-json\/wp\/v2\/event\/7799","targetHints":{"allow":["GET"]}}],"collection":[{"href":"https:\/\/ewb.lu\/fr\/wp-json\/wp\/v2\/event"}],"about":[{"href":"https:\/\/ewb.lu\/fr\/wp-json\/wp\/v2\/types\/event"}],"version-history":[{"count":4,"href":"https:\/\/ewb.lu\/fr\/wp-json\/wp\/v2\/event\/7799\/revisions"}],"predecessor-version":[{"id":18653,"href":"https:\/\/ewb.lu\/fr\/wp-json\/wp\/v2\/event\/7799\/revisions\/18653"}],"wp:featuredmedia":[{"embeddable":true,"href":"https:\/\/ewb.lu\/fr\/wp-json\/wp\/v2\/media\/7824"}],"wp:attachment":[{"href":"https:\/\/ewb.lu\/fr\/wp-json\/wp\/v2\/media?parent=7799"}],"wp:term":[{"taxonomy":"program","embeddable":true,"href":"https:\/\/ewb.lu\/fr\/wp-json\/wp\/v2\/program?post=7799"}],"curies":[{"name":"wp","href":"https:\/\/api.w.org\/{rel}","templated":true}]}}

<h3><span style="color: #f47f57;">Filmvirféierung &amp; Diskussioun</span></h3>
<p>Den <strong>28. Februar</strong> weise mir de Film « Vu Buedem, Bauzen a Biobaueren » an der EwB.</p>
<p>Virun der Filmvirféierung ginn den <strong>Tom Alesch</strong>, Regisseur vum Film a Member vum Verwaltungsrot vun der EwB, an d&rsquo;<strong>Dani Noesen</strong>, Direktesch vun der <a href="https://biovereenegung.lu/bio-betriebe/">Vereenegung Biolandwirtschaft Lëtzebuerg asbl</a> a Produzentin vum Film <strong>eng kuerz Aféierung an d&rsquo;Thematik an zum Film</strong>.</p>
<p><strong>Nom Film gëtt et Raum an Zäit fir eng Diskussioun.</strong> Déi aktuell Lag vun der Biolandwirtschaft weist, dass d&rsquo;Politik bis elo nach weit vum Ziel, bis 2050 all déi lëtzebuergesch Betrieber op Bio ëmzestellen, entfernt bleift.</p>
<p>Déi rezent Demonstratiounen an zuelräichen EU-Länner beleeën ausserdeem, dass d&rsquo;Biolandwirtschaft gemeinsam mat konventionelle landwirtschaftleche Familljebetriber ugesiichts der problematescher EU-Agrarpolitik ëm d&rsquo;Iwwerliewe kämpfen. D&rsquo;EU wëll hier Agrarpolitik elo strategesch nei denken. Dëse Film liwwert en Abléck an déi engagéiert Aarbecht an an d&rsquo;Erwaardunge vun enger Rei Biobaueren hei zu Lëtzebuerg.</p>
<p style="font-weight: 400;">Ëm eng Aschreiwung gëtt gebieden: &#105;&#x6e;f&#111;&#x40;e&#x77;&#x62;&#46;&#x6c;u.</p>
<p style="font-weight: 400;"><strong>Méi Informatiounen zum Film fannt Dir <a href="https://biobauzen.lu">hei</a>.</strong></p>
<p>&nbsp;</p>
<p>&nbsp;</p>

<p>Filmvirféierung &#038; Diskussioun</p>

<!-- This site is optimized with the Yoast SEO plugin v27.1.1 - https://yoast.com/product/yoast-seo-wordpress/ -->
<title>Vu Buedem, Bauzen a Biobaueren</title>
<meta name="description" content="Den 28. Februar weise mir de Film &quot;Vu Buedem, Bauzen a Biobaueren&quot; an der EwB. Duerno bleift d&#039;Zäit fir Diskussioun." />
<meta name="robots" content="index, follow, max-snippet:-1, max-image-preview:large, max-video-preview:-1" />
<link rel="canonical" href="https://ewb.lu/fr/event/vu-buedem-bauzen-a-biobaueren/" />
<meta property="og:locale" content="fr_FR" />
<meta property="og:type" content="article" />
<meta property="og:title" content="Vu Buedem, Bauzen a Biobaueren" />
<meta property="og:description" content="Den 28. Februar weise mir de Film &quot;Vu Buedem, Bauzen a Biobaueren&quot; an der EwB. Duerno bleift d&#039;Zäit fir Diskussioun." />
<meta property="og:url" content="https://ewb.lu/fr/event/vu-buedem-bauzen-a-biobaueren/" />
<meta property="og:site_name" content="EWB" />
<meta property="article:publisher" content="https://www.facebook.com/ErwuesseBild/" />
<meta property="article:modified_time" content="2025-12-04T16:41:17+00:00" />
<meta property="og:image" content="https://ewb.lu/wp-content/uploads/2024/01/Bildschirmfoto-2024-01-31-um-14.29.26.jpg" />
	<meta property="og:image:width" content="1174" />
	<meta property="og:image:height" content="662" />
	<meta property="og:image:type" content="image/jpeg" />
<meta name="twitter:card" content="summary_large_image" />
<meta name="twitter:label1" content="Durée de lecture estimée" />
	<meta name="twitter:data1" content="2 minutes" />
<script type="application/ld+json" class="yoast-schema-graph">{"@context":"https://schema.org","@graph":[{"@type":"WebPage","@id":"https://ewb.lu/fr/event/vu-buedem-bauzen-a-biobaueren/","url":"https://ewb.lu/fr/event/vu-buedem-bauzen-a-biobaueren/","name":"Vu Buedem, Bauzen a Biobaueren","isPartOf":{"@id":"https://ewb.lu/fr/#website"},"primaryImageOfPage":{"@id":"https://ewb.lu/fr/event/vu-buedem-bauzen-a-biobaueren/#primaryimage"},"image":{"@id":"https://ewb.lu/fr/event/vu-buedem-bauzen-a-biobaueren/#primaryimage"},"thumbnailUrl":"https://ewb.lu/wp-content/uploads/2024/01/Bildschirmfoto-2024-01-31-um-14.29.26.jpg","datePublished":"2024-01-25T13:14:58+00:00","dateModified":"2025-12-04T16:41:17+00:00","description":"Den 28. Februar weise mir de Film \"Vu Buedem, Bauzen a Biobaueren\" an der EwB. Duerno bleift d'Zäit fir Diskussioun.","breadcrumb":{"@id":"https://ewb.lu/fr/event/vu-buedem-bauzen-a-biobaueren/#breadcrumb"},"inLanguage":"fr-FR","potentialAction":[{"@type":"ReadAction","target":["https://ewb.lu/fr/event/vu-buedem-bauzen-a-biobaueren/"]}]},{"@type":"ImageObject","inLanguage":"fr-FR","@id":"https://ewb.lu/fr/event/vu-buedem-bauzen-a-biobaueren/#primaryimage","url":"https://ewb.lu/wp-content/uploads/2024/01/Bildschirmfoto-2024-01-31-um-14.29.26.jpg","contentUrl":"https://ewb.lu/wp-content/uploads/2024/01/Bildschirmfoto-2024-01-31-um-14.29.26.jpg","width":1174,"height":662,"caption":"Vu Buedem, Bauzen a Biobaueren"},{"@type":"BreadcrumbList","@id":"https://ewb.lu/fr/event/vu-buedem-bauzen-a-biobaueren/#breadcrumb","itemListElement":[{"@type":"ListItem","position":1,"name":"Startseite","item":"https://ewb.lu/fr/"},{"@type":"ListItem","position":2,"name":"Vu Buedem, Bauzen a Biobaueren"}]},{"@type":"WebSite","@id":"https://ewb.lu/fr/#website","url":"https://ewb.lu/fr/","name":"EwB ErwuesseBildung","description":"ErwuesseBildung","publisher":{"@id":"https://ewb.lu/fr/#organization"},"alternateName":"EWB","potentialAction":[{"@type":"SearchAction","target":{"@type":"EntryPoint","urlTemplate":"https://ewb.lu/fr/?s={search_term_string}"},"query-input":{"@type":"PropertyValueSpecification","valueRequired":true,"valueName":"search_term_string"}}],"inLanguage":"fr-FR"},{"@type":"Organization","@id":"https://ewb.lu/fr/#organization","name":"ErwuesseBildung Asbl","alternateName":"EWB","url":"https://ewb.lu/fr/","logo":{"@type":"ImageObject","inLanguage":"fr-FR","@id":"https://ewb.lu/fr/#/schema/logo/image/","url":"https://ewb.lu/wp-content/uploads/2022/11/ewb-logo-header.svg","contentUrl":"https://ewb.lu/wp-content/uploads/2022/11/ewb-logo-header.svg","width":301,"height":38,"caption":"ErwuesseBildung Asbl"},"image":{"@id":"https://ewb.lu/fr/#/schema/logo/image/"},"sameAs":["https://www.facebook.com/ErwuesseBild/","https://lu.linkedin.com/company/erwuessebildung---formation-dadultes","https://www.instagram.com/erwuessebildung_asbl/"]}]}</script>
<!-- / Yoast SEO plugin. -->

Den 28. Februar weise mir de Film "Vu Buedem, Bauzen a Biobaueren" an der EwB. Duerno bleift d'Zäit fir Diskussioun.
