{"id":8046,"date":"2024-02-21T10:00:48","date_gmt":"2024-02-21T09:00:48","guid":{"rendered":"https:\/\/ewb.lu\/?post_type=event&#038;p=8046"},"modified":"2024-07-31T07:38:13","modified_gmt":"2024-07-31T06:38:13","slug":"ab-in-die-natur-samstags-mit-mama-papa-in-den-wald-6","status":"publish","type":"event","link":"https:\/\/ewb.lu\/fr\/event\/ab-in-die-natur-samstags-mit-mama-papa-in-den-wald-6\/","title":{"rendered":"Ab in die Natur! Samstags mit Mama\/Papa in den Wald"},"content":{"rendered":"<section class=\"wpb-content-wrapper\"><p>[vc_row][vc_column][vc_column_text]<\/p>\n<h3><span style=\"color: #f47f57;\">Welche Farben hat der Wald?<\/span><\/h3>\n<p style=\"font-weight: 400;\">Es ist Fr\u00fchling und die Natur ist bunt. Wir h\u00f6ren eine Geschichte \u00fcber die Farben, lernen etwas \u00fcber die Bedeutung der Farben im Tier- und Pflanzenreich und sammeln Naturmaterialien mit denen wir etwas gestalten. Und Spiele f\u00fcr Gro\u00df und Klein sind nat\u00fcrlich auch wieder dabei.<\/p>\n<p style=\"font-weight: 400;\"><em>Mit Barbara Schu, Medien- und Naturp\u00e4dagogin (EwB)<\/em><\/p>\n<p>&nbsp;<\/p>\n<p><strong>Wichtig:\u00a0<\/strong>Wettergerechte Kleidung, von Kopf bis Fu\u00df, mitbringen!<\/p>\n<p>&nbsp;<\/p>\n<p><em>In Kooperation mit dem\u00a0<a href=\"https:\/\/eltereforum.lu\/fr\/\">Eltereforum<\/a>, mit der Unterst\u00fctzung vom\u00a0<a href=\"https:\/\/menej.gouvernement.lu\/fr.html\">MENJE<\/a>.<\/em>[\/vc_column_text][vc_separator][vc_column_text]<strong>Weitere Termine:<\/strong><\/p>\n<ul>\n<li>08.06.: <span style=\"color: #72005f;\"><a style=\"color: #72005f;\" href=\"https:\/\/ewb.lu\/event\/ab-in-die-natur-samstags-mit-mama-papa-in-den-wald-8\/\">Was krabbelt denn da?<\/a><\/span><\/li>\n<li>22.06.: <span style=\"color: #72005f;\"><a style=\"color: #72005f;\" href=\"https:\/\/ewb.lu\/event\/ab-in-die-natur-samstags-mit-mama-papa-in-den-wald-7\/\">Was lebt an Bach und Teich?<\/a><\/span><\/li>\n<li>29.06.: <span style=\"color: #72005f;\"><a style=\"color: #72005f;\" href=\"https:\/\/ewb.lu\/event\/ab-in-die-natur-familientag\/\">Familientag im M\u00e4rchenwald<\/a><\/span><\/li>\n<\/ul>\n<p>[\/vc_column_text][\/vc_column][\/vc_row]<\/p>\n<\/section>","protected":false},"excerpt":{"rendered":"<p>Welche Farben hat der Wald?<\/p>\n","protected":false},"featured_media":8060,"template":"","program":[36,204],"class_list":["post-8046","event","type-event","status-publish","has-post-thumbnail","hentry","program-growing-together","program-natur"],"acf":[],"yoast_head":"<!-- This site is optimized with the Yoast SEO plugin v27.1.1 - https:\/\/yoast.com\/product\/yoast-seo-wordpress\/ -->\n<title>Ab in die Natur! Samstags mit Mama\/Papa in den Wald - EWB<\/title>\n<meta name=\"robots\" content=\"index, follow, max-snippet:-1, max-image-preview:large, max-video-preview:-1\" \/>\n<link rel=\"canonical\" href=\"https:\/\/ewb.lu\/fr\/event\/ab-in-die-natur-samstags-mit-mama-papa-in-den-wald-6\/\" \/>\n<meta property=\"og:locale\" content=\"fr_FR\" \/>\n<meta property=\"og:type\" content=\"article\" \/>\n<meta property=\"og:title\" content=\"Ab in die Natur! Samstags mit Mama\/Papa in den Wald - EWB\" \/>\n<meta property=\"og:description\" content=\"Welche Farben hat der Wald?\" \/>\n<meta property=\"og:url\" content=\"https:\/\/ewb.lu\/fr\/event\/ab-in-die-natur-samstags-mit-mama-papa-in-den-wald-6\/\" \/>\n<meta property=\"og:site_name\" content=\"EWB\" \/>\n<meta property=\"article:publisher\" content=\"https:\/\/www.facebook.com\/ErwuesseBild\/\" \/>\n<meta property=\"article:modified_time\" content=\"2024-07-31T06:38:13+00:00\" \/>\n<meta property=\"og:image\" content=\"https:\/\/ewb.lu\/wp-content\/uploads\/2024\/02\/nature-5133921_1280.jpg\" \/>\n\t<meta property=\"og:image:width\" content=\"1280\" \/>\n\t<meta property=\"og:image:height\" content=\"901\" \/>\n\t<meta property=\"og:image:type\" content=\"image\/jpeg\" \/>\n<meta name=\"twitter:card\" content=\"summary_large_image\" \/>\n<meta name=\"twitter:label1\" content=\"Dur\u00e9e de lecture estim\u00e9e\" \/>\n\t<meta name=\"twitter:data1\" content=\"1 minute\" \/>\n<script type=\"application\/ld+json\" class=\"yoast-schema-graph\">{\"@context\":\"https:\/\/schema.org\",\"@graph\":[{\"@type\":\"WebPage\",\"@id\":\"https:\/\/ewb.lu\/fr\/event\/ab-in-die-natur-samstags-mit-mama-papa-in-den-wald-6\/\",\"url\":\"https:\/\/ewb.lu\/fr\/event\/ab-in-die-natur-samstags-mit-mama-papa-in-den-wald-6\/\",\"name\":\"Ab in die Natur! Samstags mit Mama\/Papa in den Wald - EWB\",\"isPartOf\":{\"@id\":\"https:\/\/ewb.lu\/fr\/#website\"},\"primaryImageOfPage\":{\"@id\":\"https:\/\/ewb.lu\/fr\/event\/ab-in-die-natur-samstags-mit-mama-papa-in-den-wald-6\/#primaryimage\"},\"image\":{\"@id\":\"https:\/\/ewb.lu\/fr\/event\/ab-in-die-natur-samstags-mit-mama-papa-in-den-wald-6\/#primaryimage\"},\"thumbnailUrl\":\"https:\/\/ewb.lu\/wp-content\/uploads\/2024\/02\/nature-5133921_1280.jpg\",\"datePublished\":\"2024-02-21T09:00:48+00:00\",\"dateModified\":\"2024-07-31T06:38:13+00:00\",\"breadcrumb\":{\"@id\":\"https:\/\/ewb.lu\/fr\/event\/ab-in-die-natur-samstags-mit-mama-papa-in-den-wald-6\/#breadcrumb\"},\"inLanguage\":\"fr-FR\",\"potentialAction\":[{\"@type\":\"ReadAction\",\"target\":[\"https:\/\/ewb.lu\/fr\/event\/ab-in-die-natur-samstags-mit-mama-papa-in-den-wald-6\/\"]}]},{\"@type\":\"ImageObject\",\"inLanguage\":\"fr-FR\",\"@id\":\"https:\/\/ewb.lu\/fr\/event\/ab-in-die-natur-samstags-mit-mama-papa-in-den-wald-6\/#primaryimage\",\"url\":\"https:\/\/ewb.lu\/wp-content\/uploads\/2024\/02\/nature-5133921_1280.jpg\",\"contentUrl\":\"https:\/\/ewb.lu\/wp-content\/uploads\/2024\/02\/nature-5133921_1280.jpg\",\"width\":1280,\"height\":901,\"caption\":\"Ab in die Natur\"},{\"@type\":\"BreadcrumbList\",\"@id\":\"https:\/\/ewb.lu\/fr\/event\/ab-in-die-natur-samstags-mit-mama-papa-in-den-wald-6\/#breadcrumb\",\"itemListElement\":[{\"@type\":\"ListItem\",\"position\":1,\"name\":\"Startseite\",\"item\":\"https:\/\/ewb.lu\/fr\/\"},{\"@type\":\"ListItem\",\"position\":2,\"name\":\"Ab in die Natur! Samstags mit Mama\/Papa in den Wald\"}]},{\"@type\":\"WebSite\",\"@id\":\"https:\/\/ewb.lu\/fr\/#website\",\"url\":\"https:\/\/ewb.lu\/fr\/\",\"name\":\"EwB ErwuesseBildung\",\"description\":\"ErwuesseBildung\",\"publisher\":{\"@id\":\"https:\/\/ewb.lu\/fr\/#organization\"},\"alternateName\":\"EWB\",\"potentialAction\":[{\"@type\":\"SearchAction\",\"target\":{\"@type\":\"EntryPoint\",\"urlTemplate\":\"https:\/\/ewb.lu\/fr\/?s={search_term_string}\"},\"query-input\":{\"@type\":\"PropertyValueSpecification\",\"valueRequired\":true,\"valueName\":\"search_term_string\"}}],\"inLanguage\":\"fr-FR\"},{\"@type\":\"Organization\",\"@id\":\"https:\/\/ewb.lu\/fr\/#organization\",\"name\":\"ErwuesseBildung Asbl\",\"alternateName\":\"EWB\",\"url\":\"https:\/\/ewb.lu\/fr\/\",\"logo\":{\"@type\":\"ImageObject\",\"inLanguage\":\"fr-FR\",\"@id\":\"https:\/\/ewb.lu\/fr\/#\/schema\/logo\/image\/\",\"url\":\"https:\/\/ewb.lu\/wp-content\/uploads\/2022\/11\/ewb-logo-header.svg\",\"contentUrl\":\"https:\/\/ewb.lu\/wp-content\/uploads\/2022\/11\/ewb-logo-header.svg\",\"width\":301,\"height\":38,\"caption\":\"ErwuesseBildung Asbl\"},\"image\":{\"@id\":\"https:\/\/ewb.lu\/fr\/#\/schema\/logo\/image\/\"},\"sameAs\":[\"https:\/\/www.facebook.com\/ErwuesseBild\/\",\"https:\/\/lu.linkedin.com\/company\/erwuessebildung---formation-dadultes\",\"https:\/\/www.instagram.com\/erwuessebildung_asbl\/\"]}]}<\/script>\n<!-- \/ Yoast SEO plugin. -->","yoast_head_json":{"title":"Ab in die Natur! Samstags mit Mama\/Papa in den Wald - EWB","robots":{"index":"index","follow":"follow","max-snippet":"max-snippet:-1","max-image-preview":"max-image-preview:large","max-video-preview":"max-video-preview:-1"},"canonical":"https:\/\/ewb.lu\/fr\/event\/ab-in-die-natur-samstags-mit-mama-papa-in-den-wald-6\/","og_locale":"fr_FR","og_type":"article","og_title":"Ab in die Natur! Samstags mit Mama\/Papa in den Wald - EWB","og_description":"Welche Farben hat der Wald?","og_url":"https:\/\/ewb.lu\/fr\/event\/ab-in-die-natur-samstags-mit-mama-papa-in-den-wald-6\/","og_site_name":"EWB","article_publisher":"https:\/\/www.facebook.com\/ErwuesseBild\/","article_modified_time":"2024-07-31T06:38:13+00:00","og_image":[{"width":1280,"height":901,"url":"https:\/\/ewb.lu\/wp-content\/uploads\/2024\/02\/nature-5133921_1280.jpg","type":"image\/jpeg"}],"twitter_card":"summary_large_image","twitter_misc":{"Dur\u00e9e de lecture estim\u00e9e":"1 minute"},"schema":{"@context":"https:\/\/schema.org","@graph":[{"@type":"WebPage","@id":"https:\/\/ewb.lu\/fr\/event\/ab-in-die-natur-samstags-mit-mama-papa-in-den-wald-6\/","url":"https:\/\/ewb.lu\/fr\/event\/ab-in-die-natur-samstags-mit-mama-papa-in-den-wald-6\/","name":"Ab in die Natur! Samstags mit Mama\/Papa in den Wald - EWB","isPartOf":{"@id":"https:\/\/ewb.lu\/fr\/#website"},"primaryImageOfPage":{"@id":"https:\/\/ewb.lu\/fr\/event\/ab-in-die-natur-samstags-mit-mama-papa-in-den-wald-6\/#primaryimage"},"image":{"@id":"https:\/\/ewb.lu\/fr\/event\/ab-in-die-natur-samstags-mit-mama-papa-in-den-wald-6\/#primaryimage"},"thumbnailUrl":"https:\/\/ewb.lu\/wp-content\/uploads\/2024\/02\/nature-5133921_1280.jpg","datePublished":"2024-02-21T09:00:48+00:00","dateModified":"2024-07-31T06:38:13+00:00","breadcrumb":{"@id":"https:\/\/ewb.lu\/fr\/event\/ab-in-die-natur-samstags-mit-mama-papa-in-den-wald-6\/#breadcrumb"},"inLanguage":"fr-FR","potentialAction":[{"@type":"ReadAction","target":["https:\/\/ewb.lu\/fr\/event\/ab-in-die-natur-samstags-mit-mama-papa-in-den-wald-6\/"]}]},{"@type":"ImageObject","inLanguage":"fr-FR","@id":"https:\/\/ewb.lu\/fr\/event\/ab-in-die-natur-samstags-mit-mama-papa-in-den-wald-6\/#primaryimage","url":"https:\/\/ewb.lu\/wp-content\/uploads\/2024\/02\/nature-5133921_1280.jpg","contentUrl":"https:\/\/ewb.lu\/wp-content\/uploads\/2024\/02\/nature-5133921_1280.jpg","width":1280,"height":901,"caption":"Ab in die Natur"},{"@type":"BreadcrumbList","@id":"https:\/\/ewb.lu\/fr\/event\/ab-in-die-natur-samstags-mit-mama-papa-in-den-wald-6\/#breadcrumb","itemListElement":[{"@type":"ListItem","position":1,"name":"Startseite","item":"https:\/\/ewb.lu\/fr\/"},{"@type":"ListItem","position":2,"name":"Ab in die Natur! Samstags mit Mama\/Papa in den Wald"}]},{"@type":"WebSite","@id":"https:\/\/ewb.lu\/fr\/#website","url":"https:\/\/ewb.lu\/fr\/","name":"EwB ErwuesseBildung","description":"ErwuesseBildung","publisher":{"@id":"https:\/\/ewb.lu\/fr\/#organization"},"alternateName":"EWB","potentialAction":[{"@type":"SearchAction","target":{"@type":"EntryPoint","urlTemplate":"https:\/\/ewb.lu\/fr\/?s={search_term_string}"},"query-input":{"@type":"PropertyValueSpecification","valueRequired":true,"valueName":"search_term_string"}}],"inLanguage":"fr-FR"},{"@type":"Organization","@id":"https:\/\/ewb.lu\/fr\/#organization","name":"ErwuesseBildung Asbl","alternateName":"EWB","url":"https:\/\/ewb.lu\/fr\/","logo":{"@type":"ImageObject","inLanguage":"fr-FR","@id":"https:\/\/ewb.lu\/fr\/#\/schema\/logo\/image\/","url":"https:\/\/ewb.lu\/wp-content\/uploads\/2022\/11\/ewb-logo-header.svg","contentUrl":"https:\/\/ewb.lu\/wp-content\/uploads\/2022\/11\/ewb-logo-header.svg","width":301,"height":38,"caption":"ErwuesseBildung Asbl"},"image":{"@id":"https:\/\/ewb.lu\/fr\/#\/schema\/logo\/image\/"},"sameAs":["https:\/\/www.facebook.com\/ErwuesseBild\/","https:\/\/lu.linkedin.com\/company\/erwuessebildung---formation-dadultes","https:\/\/www.instagram.com\/erwuessebildung_asbl\/"]}]}},"_links":{"self":[{"href":"https:\/\/ewb.lu\/fr\/wp-json\/wp\/v2\/event\/8046","targetHints":{"allow":["GET"]}}],"collection":[{"href":"https:\/\/ewb.lu\/fr\/wp-json\/wp\/v2\/event"}],"about":[{"href":"https:\/\/ewb.lu\/fr\/wp-json\/wp\/v2\/types\/event"}],"version-history":[{"count":6,"href":"https:\/\/ewb.lu\/fr\/wp-json\/wp\/v2\/event\/8046\/revisions"}],"predecessor-version":[{"id":8113,"href":"https:\/\/ewb.lu\/fr\/wp-json\/wp\/v2\/event\/8046\/revisions\/8113"}],"wp:featuredmedia":[{"embeddable":true,"href":"https:\/\/ewb.lu\/fr\/wp-json\/wp\/v2\/media\/8060"}],"wp:attachment":[{"href":"https:\/\/ewb.lu\/fr\/wp-json\/wp\/v2\/media?parent=8046"}],"wp:term":[{"taxonomy":"program","embeddable":true,"href":"https:\/\/ewb.lu\/fr\/wp-json\/wp\/v2\/program?post=8046"}],"curies":[{"name":"wp","href":"https:\/\/api.w.org\/{rel}","templated":true}]}}

<section class="wpb-content-wrapper"><p>[vc_row][vc_column][vc_column_text]</p>
<h3><span style="color: #f47f57;">Welche Farben hat der Wald?</span></h3>
<p style="font-weight: 400;">Es ist Frühling und die Natur ist bunt. Wir hören eine Geschichte über die Farben, lernen etwas über die Bedeutung der Farben im Tier- und Pflanzenreich und sammeln Naturmaterialien mit denen wir etwas gestalten. Und Spiele für Groß und Klein sind natürlich auch wieder dabei.</p>
<p style="font-weight: 400;"><em>Mit Barbara Schu, Medien- und Naturpädagogin (EwB)</em></p>
<p>&nbsp;</p>
<p><strong>Wichtig: </strong>Wettergerechte Kleidung, von Kopf bis Fuß, mitbringen!</p>
<p>&nbsp;</p>
<p><em>In Kooperation mit dem <a href="https://eltereforum.lu/fr/">Eltereforum</a>, mit der Unterstützung vom <a href="https://menej.gouvernement.lu/fr.html">MENJE</a>.</em>[/vc_column_text][vc_separator][vc_column_text]<strong>Weitere Termine:</strong></p>
<ul>
<li>08.06.: <span style="color: #72005f;"><a style="color: #72005f;" href="https://ewb.lu/event/ab-in-die-natur-samstags-mit-mama-papa-in-den-wald-8/">Was krabbelt denn da?</a></span></li>
<li>22.06.: <span style="color: #72005f;"><a style="color: #72005f;" href="https://ewb.lu/event/ab-in-die-natur-samstags-mit-mama-papa-in-den-wald-7/">Was lebt an Bach und Teich?</a></span></li>
<li>29.06.: <span style="color: #72005f;"><a style="color: #72005f;" href="https://ewb.lu/event/ab-in-die-natur-familientag/">Familientag im Märchenwald</a></span></li>
</ul>
<p>[/vc_column_text][/vc_column][/vc_row]</p>
</section>

<!-- This site is optimized with the Yoast SEO plugin v27.1.1 - https://yoast.com/product/yoast-seo-wordpress/ -->
<title>Ab in die Natur! Samstags mit Mama/Papa in den Wald - EWB</title>
<meta name="robots" content="index, follow, max-snippet:-1, max-image-preview:large, max-video-preview:-1" />
<link rel="canonical" href="https://ewb.lu/fr/event/ab-in-die-natur-samstags-mit-mama-papa-in-den-wald-6/" />
<meta property="og:locale" content="fr_FR" />
<meta property="og:type" content="article" />
<meta property="og:title" content="Ab in die Natur! Samstags mit Mama/Papa in den Wald - EWB" />
<meta property="og:description" content="Welche Farben hat der Wald?" />
<meta property="og:url" content="https://ewb.lu/fr/event/ab-in-die-natur-samstags-mit-mama-papa-in-den-wald-6/" />
<meta property="og:site_name" content="EWB" />
<meta property="article:publisher" content="https://www.facebook.com/ErwuesseBild/" />
<meta property="article:modified_time" content="2024-07-31T06:38:13+00:00" />
<meta property="og:image" content="https://ewb.lu/wp-content/uploads/2024/02/nature-5133921_1280.jpg" />
	<meta property="og:image:width" content="1280" />
	<meta property="og:image:height" content="901" />
	<meta property="og:image:type" content="image/jpeg" />
<meta name="twitter:card" content="summary_large_image" />
<meta name="twitter:label1" content="Durée de lecture estimée" />
	<meta name="twitter:data1" content="1 minute" />
<script type="application/ld+json" class="yoast-schema-graph">{"@context":"https://schema.org","@graph":[{"@type":"WebPage","@id":"https://ewb.lu/fr/event/ab-in-die-natur-samstags-mit-mama-papa-in-den-wald-6/","url":"https://ewb.lu/fr/event/ab-in-die-natur-samstags-mit-mama-papa-in-den-wald-6/","name":"Ab in die Natur! Samstags mit Mama/Papa in den Wald - EWB","isPartOf":{"@id":"https://ewb.lu/fr/#website"},"primaryImageOfPage":{"@id":"https://ewb.lu/fr/event/ab-in-die-natur-samstags-mit-mama-papa-in-den-wald-6/#primaryimage"},"image":{"@id":"https://ewb.lu/fr/event/ab-in-die-natur-samstags-mit-mama-papa-in-den-wald-6/#primaryimage"},"thumbnailUrl":"https://ewb.lu/wp-content/uploads/2024/02/nature-5133921_1280.jpg","datePublished":"2024-02-21T09:00:48+00:00","dateModified":"2024-07-31T06:38:13+00:00","breadcrumb":{"@id":"https://ewb.lu/fr/event/ab-in-die-natur-samstags-mit-mama-papa-in-den-wald-6/#breadcrumb"},"inLanguage":"fr-FR","potentialAction":[{"@type":"ReadAction","target":["https://ewb.lu/fr/event/ab-in-die-natur-samstags-mit-mama-papa-in-den-wald-6/"]}]},{"@type":"ImageObject","inLanguage":"fr-FR","@id":"https://ewb.lu/fr/event/ab-in-die-natur-samstags-mit-mama-papa-in-den-wald-6/#primaryimage","url":"https://ewb.lu/wp-content/uploads/2024/02/nature-5133921_1280.jpg","contentUrl":"https://ewb.lu/wp-content/uploads/2024/02/nature-5133921_1280.jpg","width":1280,"height":901,"caption":"Ab in die Natur"},{"@type":"BreadcrumbList","@id":"https://ewb.lu/fr/event/ab-in-die-natur-samstags-mit-mama-papa-in-den-wald-6/#breadcrumb","itemListElement":[{"@type":"ListItem","position":1,"name":"Startseite","item":"https://ewb.lu/fr/"},{"@type":"ListItem","position":2,"name":"Ab in die Natur! Samstags mit Mama/Papa in den Wald"}]},{"@type":"WebSite","@id":"https://ewb.lu/fr/#website","url":"https://ewb.lu/fr/","name":"EwB ErwuesseBildung","description":"ErwuesseBildung","publisher":{"@id":"https://ewb.lu/fr/#organization"},"alternateName":"EWB","potentialAction":[{"@type":"SearchAction","target":{"@type":"EntryPoint","urlTemplate":"https://ewb.lu/fr/?s={search_term_string}"},"query-input":{"@type":"PropertyValueSpecification","valueRequired":true,"valueName":"search_term_string"}}],"inLanguage":"fr-FR"},{"@type":"Organization","@id":"https://ewb.lu/fr/#organization","name":"ErwuesseBildung Asbl","alternateName":"EWB","url":"https://ewb.lu/fr/","logo":{"@type":"ImageObject","inLanguage":"fr-FR","@id":"https://ewb.lu/fr/#/schema/logo/image/","url":"https://ewb.lu/wp-content/uploads/2022/11/ewb-logo-header.svg","contentUrl":"https://ewb.lu/wp-content/uploads/2022/11/ewb-logo-header.svg","width":301,"height":38,"caption":"ErwuesseBildung Asbl"},"image":{"@id":"https://ewb.lu/fr/#/schema/logo/image/"},"sameAs":["https://www.facebook.com/ErwuesseBild/","https://lu.linkedin.com/company/erwuessebildung---formation-dadultes","https://www.instagram.com/erwuessebildung_asbl/"]}]}</script>
<!-- / Yoast SEO plugin. -->
