{"id":2906,"date":"2023-04-07T09:45:08","date_gmt":"2023-04-07T07:45:08","guid":{"rendered":"https:\/\/ewb.cuco.dev\/team\/nora-schleich\/"},"modified":"2026-04-08T09:11:57","modified_gmt":"2026-04-08T07:11:57","slug":"nora-schleich","status":"publish","type":"team","link":"https:\/\/ewb.lu\/fr\/team\/nora-schleich\/","title":{"rendered":"Nora Schleich"},"content":{"rendered":"<p>Titulaire d&rsquo;un doctorat en philosophie, active dans les domaines de la culture, de l&rsquo;art et de la soci\u00e9t\u00e9. En 2022, Nora Schleich a rejoint l&rsquo;\u00e9quipe EwB, o\u00f9 elle s&rsquo;est d&rsquo;abord occup\u00e9e de l&rsquo;orientation conceptuelle et du programme. Depuis octobre 2025, elle dirige l&rsquo;EwB.<\/p>\n","protected":false},"featured_media":20854,"template":"","class_list":["post-2906","team","type-team","status-publish","has-post-thumbnail","hentry"],"acf":[],"yoast_head":"<!-- This site is optimized with the Yoast SEO plugin v27.1.1 - https:\/\/yoast.com\/product\/yoast-seo-wordpress\/ -->\n<title>Nora Schleich - EWB<\/title>\n<meta name=\"robots\" content=\"index, follow, max-snippet:-1, max-image-preview:large, max-video-preview:-1\" \/>\n<link rel=\"canonical\" href=\"https:\/\/ewb.lu\/fr\/team\/nora-schleich\/\" \/>\n<meta property=\"og:locale\" content=\"fr_FR\" \/>\n<meta property=\"og:type\" content=\"article\" \/>\n<meta property=\"og:title\" content=\"Nora Schleich - EWB\" \/>\n<meta property=\"og:description\" content=\"Titulaire d&rsquo;un doctorat en philosophie, active dans les domaines de la culture, de l&rsquo;art et de la soci\u00e9t\u00e9. En 2022, Nora Schleich a rejoint l&rsquo;\u00e9quipe EwB, o\u00f9 elle s&rsquo;est d&rsquo;abord occup\u00e9e de l&rsquo;orientation conceptuelle et du programme. Depuis octobre 2025, elle dirige l&rsquo;EwB.\" \/>\n<meta property=\"og:url\" content=\"https:\/\/ewb.lu\/fr\/team\/nora-schleich\/\" \/>\n<meta property=\"og:site_name\" content=\"EWB\" \/>\n<meta property=\"article:publisher\" content=\"https:\/\/www.facebook.com\/ErwuesseBild\/\" \/>\n<meta property=\"article:modified_time\" content=\"2026-04-08T07:11:57+00:00\" \/>\n<meta property=\"og:image\" content=\"https:\/\/ewb.lu\/wp-content\/uploads\/2023\/04\/Nora.jpg\" \/>\n\t<meta property=\"og:image:width\" content=\"1707\" \/>\n\t<meta property=\"og:image:height\" content=\"2560\" \/>\n\t<meta property=\"og:image:type\" content=\"image\/jpeg\" \/>\n<meta name=\"twitter:card\" content=\"summary_large_image\" \/>\n<meta name=\"twitter:label1\" content=\"Dur\u00e9e de lecture estim\u00e9e\" \/>\n\t<meta name=\"twitter:data1\" content=\"1 minute\" \/>\n<script type=\"application\/ld+json\" class=\"yoast-schema-graph\">{\"@context\":\"https:\/\/schema.org\",\"@graph\":[{\"@type\":\"WebPage\",\"@id\":\"https:\/\/ewb.lu\/fr\/team\/nora-schleich\/\",\"url\":\"https:\/\/ewb.lu\/fr\/team\/nora-schleich\/\",\"name\":\"Nora Schleich - EWB\",\"isPartOf\":{\"@id\":\"https:\/\/ewb.lu\/fr\/#website\"},\"primaryImageOfPage\":{\"@id\":\"https:\/\/ewb.lu\/fr\/team\/nora-schleich\/#primaryimage\"},\"image\":{\"@id\":\"https:\/\/ewb.lu\/fr\/team\/nora-schleich\/#primaryimage\"},\"thumbnailUrl\":\"https:\/\/ewb.lu\/wp-content\/uploads\/2023\/04\/Nora.jpg\",\"datePublished\":\"2023-04-07T07:45:08+00:00\",\"dateModified\":\"2026-04-08T07:11:57+00:00\",\"breadcrumb\":{\"@id\":\"https:\/\/ewb.lu\/fr\/team\/nora-schleich\/#breadcrumb\"},\"inLanguage\":\"fr-FR\",\"potentialAction\":[{\"@type\":\"ReadAction\",\"target\":[\"https:\/\/ewb.lu\/fr\/team\/nora-schleich\/\"]}]},{\"@type\":\"ImageObject\",\"inLanguage\":\"fr-FR\",\"@id\":\"https:\/\/ewb.lu\/fr\/team\/nora-schleich\/#primaryimage\",\"url\":\"https:\/\/ewb.lu\/wp-content\/uploads\/2023\/04\/Nora.jpg\",\"contentUrl\":\"https:\/\/ewb.lu\/wp-content\/uploads\/2023\/04\/Nora.jpg\",\"width\":1707,\"height\":2560,\"caption\":\"Nora Schleich\"},{\"@type\":\"BreadcrumbList\",\"@id\":\"https:\/\/ewb.lu\/fr\/team\/nora-schleich\/#breadcrumb\",\"itemListElement\":[{\"@type\":\"ListItem\",\"position\":1,\"name\":\"Startseite\",\"item\":\"https:\/\/ewb.lu\/fr\/\"},{\"@type\":\"ListItem\",\"position\":2,\"name\":\"Nora Schleich\"}]},{\"@type\":\"WebSite\",\"@id\":\"https:\/\/ewb.lu\/fr\/#website\",\"url\":\"https:\/\/ewb.lu\/fr\/\",\"name\":\"EwB ErwuesseBildung\",\"description\":\"ErwuesseBildung\",\"publisher\":{\"@id\":\"https:\/\/ewb.lu\/fr\/#organization\"},\"alternateName\":\"EWB\",\"potentialAction\":[{\"@type\":\"SearchAction\",\"target\":{\"@type\":\"EntryPoint\",\"urlTemplate\":\"https:\/\/ewb.lu\/fr\/?s={search_term_string}\"},\"query-input\":{\"@type\":\"PropertyValueSpecification\",\"valueRequired\":true,\"valueName\":\"search_term_string\"}}],\"inLanguage\":\"fr-FR\"},{\"@type\":\"Organization\",\"@id\":\"https:\/\/ewb.lu\/fr\/#organization\",\"name\":\"ErwuesseBildung Asbl\",\"alternateName\":\"EWB\",\"url\":\"https:\/\/ewb.lu\/fr\/\",\"logo\":{\"@type\":\"ImageObject\",\"inLanguage\":\"fr-FR\",\"@id\":\"https:\/\/ewb.lu\/fr\/#\/schema\/logo\/image\/\",\"url\":\"https:\/\/ewb.lu\/wp-content\/uploads\/2022\/11\/ewb-logo-header.svg\",\"contentUrl\":\"https:\/\/ewb.lu\/wp-content\/uploads\/2022\/11\/ewb-logo-header.svg\",\"width\":301,\"height\":38,\"caption\":\"ErwuesseBildung Asbl\"},\"image\":{\"@id\":\"https:\/\/ewb.lu\/fr\/#\/schema\/logo\/image\/\"},\"sameAs\":[\"https:\/\/www.facebook.com\/ErwuesseBild\/\",\"https:\/\/lu.linkedin.com\/company\/erwuessebildung---formation-dadultes\",\"https:\/\/www.instagram.com\/erwuessebildung_asbl\/\"]}]}<\/script>\n<!-- \/ Yoast SEO plugin. -->","yoast_head_json":{"title":"Nora Schleich - EWB","robots":{"index":"index","follow":"follow","max-snippet":"max-snippet:-1","max-image-preview":"max-image-preview:large","max-video-preview":"max-video-preview:-1"},"canonical":"https:\/\/ewb.lu\/fr\/team\/nora-schleich\/","og_locale":"fr_FR","og_type":"article","og_title":"Nora Schleich - EWB","og_description":"Titulaire d&rsquo;un doctorat en philosophie, active dans les domaines de la culture, de l&rsquo;art et de la soci\u00e9t\u00e9. En 2022, Nora Schleich a rejoint l&rsquo;\u00e9quipe EwB, o\u00f9 elle s&rsquo;est d&rsquo;abord occup\u00e9e de l&rsquo;orientation conceptuelle et du programme. Depuis octobre 2025, elle dirige l&rsquo;EwB.","og_url":"https:\/\/ewb.lu\/fr\/team\/nora-schleich\/","og_site_name":"EWB","article_publisher":"https:\/\/www.facebook.com\/ErwuesseBild\/","article_modified_time":"2026-04-08T07:11:57+00:00","og_image":[{"width":1707,"height":2560,"url":"https:\/\/ewb.lu\/wp-content\/uploads\/2023\/04\/Nora.jpg","type":"image\/jpeg"}],"twitter_card":"summary_large_image","twitter_misc":{"Dur\u00e9e de lecture estim\u00e9e":"1 minute"},"schema":{"@context":"https:\/\/schema.org","@graph":[{"@type":"WebPage","@id":"https:\/\/ewb.lu\/fr\/team\/nora-schleich\/","url":"https:\/\/ewb.lu\/fr\/team\/nora-schleich\/","name":"Nora Schleich - EWB","isPartOf":{"@id":"https:\/\/ewb.lu\/fr\/#website"},"primaryImageOfPage":{"@id":"https:\/\/ewb.lu\/fr\/team\/nora-schleich\/#primaryimage"},"image":{"@id":"https:\/\/ewb.lu\/fr\/team\/nora-schleich\/#primaryimage"},"thumbnailUrl":"https:\/\/ewb.lu\/wp-content\/uploads\/2023\/04\/Nora.jpg","datePublished":"2023-04-07T07:45:08+00:00","dateModified":"2026-04-08T07:11:57+00:00","breadcrumb":{"@id":"https:\/\/ewb.lu\/fr\/team\/nora-schleich\/#breadcrumb"},"inLanguage":"fr-FR","potentialAction":[{"@type":"ReadAction","target":["https:\/\/ewb.lu\/fr\/team\/nora-schleich\/"]}]},{"@type":"ImageObject","inLanguage":"fr-FR","@id":"https:\/\/ewb.lu\/fr\/team\/nora-schleich\/#primaryimage","url":"https:\/\/ewb.lu\/wp-content\/uploads\/2023\/04\/Nora.jpg","contentUrl":"https:\/\/ewb.lu\/wp-content\/uploads\/2023\/04\/Nora.jpg","width":1707,"height":2560,"caption":"Nora Schleich"},{"@type":"BreadcrumbList","@id":"https:\/\/ewb.lu\/fr\/team\/nora-schleich\/#breadcrumb","itemListElement":[{"@type":"ListItem","position":1,"name":"Startseite","item":"https:\/\/ewb.lu\/fr\/"},{"@type":"ListItem","position":2,"name":"Nora Schleich"}]},{"@type":"WebSite","@id":"https:\/\/ewb.lu\/fr\/#website","url":"https:\/\/ewb.lu\/fr\/","name":"EwB ErwuesseBildung","description":"ErwuesseBildung","publisher":{"@id":"https:\/\/ewb.lu\/fr\/#organization"},"alternateName":"EWB","potentialAction":[{"@type":"SearchAction","target":{"@type":"EntryPoint","urlTemplate":"https:\/\/ewb.lu\/fr\/?s={search_term_string}"},"query-input":{"@type":"PropertyValueSpecification","valueRequired":true,"valueName":"search_term_string"}}],"inLanguage":"fr-FR"},{"@type":"Organization","@id":"https:\/\/ewb.lu\/fr\/#organization","name":"ErwuesseBildung Asbl","alternateName":"EWB","url":"https:\/\/ewb.lu\/fr\/","logo":{"@type":"ImageObject","inLanguage":"fr-FR","@id":"https:\/\/ewb.lu\/fr\/#\/schema\/logo\/image\/","url":"https:\/\/ewb.lu\/wp-content\/uploads\/2022\/11\/ewb-logo-header.svg","contentUrl":"https:\/\/ewb.lu\/wp-content\/uploads\/2022\/11\/ewb-logo-header.svg","width":301,"height":38,"caption":"ErwuesseBildung Asbl"},"image":{"@id":"https:\/\/ewb.lu\/fr\/#\/schema\/logo\/image\/"},"sameAs":["https:\/\/www.facebook.com\/ErwuesseBild\/","https:\/\/lu.linkedin.com\/company\/erwuessebildung---formation-dadultes","https:\/\/www.instagram.com\/erwuessebildung_asbl\/"]}]}},"_links":{"self":[{"href":"https:\/\/ewb.lu\/fr\/wp-json\/wp\/v2\/team\/2906","targetHints":{"allow":["GET"]}}],"collection":[{"href":"https:\/\/ewb.lu\/fr\/wp-json\/wp\/v2\/team"}],"about":[{"href":"https:\/\/ewb.lu\/fr\/wp-json\/wp\/v2\/types\/team"}],"wp:featuredmedia":[{"embeddable":true,"href":"https:\/\/ewb.lu\/fr\/wp-json\/wp\/v2\/media\/20854"}],"wp:attachment":[{"href":"https:\/\/ewb.lu\/fr\/wp-json\/wp\/v2\/media?parent=2906"}],"curies":[{"name":"wp","href":"https:\/\/api.w.org\/{rel}","templated":true}]}}

<p>Titulaire d&rsquo;un doctorat en philosophie, active dans les domaines de la culture, de l&rsquo;art et de la société. En 2022, Nora Schleich a rejoint l&rsquo;équipe EwB, où elle s&rsquo;est d&rsquo;abord occupée de l&rsquo;orientation conceptuelle et du programme. Depuis octobre 2025, elle dirige l&rsquo;EwB.</p>

<!-- This site is optimized with the Yoast SEO plugin v27.1.1 - https://yoast.com/product/yoast-seo-wordpress/ -->
<title>Nora Schleich - EWB</title>
<meta name="robots" content="index, follow, max-snippet:-1, max-image-preview:large, max-video-preview:-1" />
<link rel="canonical" href="https://ewb.lu/fr/team/nora-schleich/" />
<meta property="og:locale" content="fr_FR" />
<meta property="og:type" content="article" />
<meta property="og:title" content="Nora Schleich - EWB" />
<meta property="og:description" content="Titulaire d&rsquo;un doctorat en philosophie, active dans les domaines de la culture, de l&rsquo;art et de la société. En 2022, Nora Schleich a rejoint l&rsquo;équipe EwB, où elle s&rsquo;est d&rsquo;abord occupée de l&rsquo;orientation conceptuelle et du programme. Depuis octobre 2025, elle dirige l&rsquo;EwB." />
<meta property="og:url" content="https://ewb.lu/fr/team/nora-schleich/" />
<meta property="og:site_name" content="EWB" />
<meta property="article:publisher" content="https://www.facebook.com/ErwuesseBild/" />
<meta property="article:modified_time" content="2026-04-08T07:11:57+00:00" />
<meta property="og:image" content="https://ewb.lu/wp-content/uploads/2023/04/Nora.jpg" />
	<meta property="og:image:width" content="1707" />
	<meta property="og:image:height" content="2560" />
	<meta property="og:image:type" content="image/jpeg" />
<meta name="twitter:card" content="summary_large_image" />
<meta name="twitter:label1" content="Durée de lecture estimée" />
	<meta name="twitter:data1" content="1 minute" />
<script type="application/ld+json" class="yoast-schema-graph">{"@context":"https://schema.org","@graph":[{"@type":"WebPage","@id":"https://ewb.lu/fr/team/nora-schleich/","url":"https://ewb.lu/fr/team/nora-schleich/","name":"Nora Schleich - EWB","isPartOf":{"@id":"https://ewb.lu/fr/#website"},"primaryImageOfPage":{"@id":"https://ewb.lu/fr/team/nora-schleich/#primaryimage"},"image":{"@id":"https://ewb.lu/fr/team/nora-schleich/#primaryimage"},"thumbnailUrl":"https://ewb.lu/wp-content/uploads/2023/04/Nora.jpg","datePublished":"2023-04-07T07:45:08+00:00","dateModified":"2026-04-08T07:11:57+00:00","breadcrumb":{"@id":"https://ewb.lu/fr/team/nora-schleich/#breadcrumb"},"inLanguage":"fr-FR","potentialAction":[{"@type":"ReadAction","target":["https://ewb.lu/fr/team/nora-schleich/"]}]},{"@type":"ImageObject","inLanguage":"fr-FR","@id":"https://ewb.lu/fr/team/nora-schleich/#primaryimage","url":"https://ewb.lu/wp-content/uploads/2023/04/Nora.jpg","contentUrl":"https://ewb.lu/wp-content/uploads/2023/04/Nora.jpg","width":1707,"height":2560,"caption":"Nora Schleich"},{"@type":"BreadcrumbList","@id":"https://ewb.lu/fr/team/nora-schleich/#breadcrumb","itemListElement":[{"@type":"ListItem","position":1,"name":"Startseite","item":"https://ewb.lu/fr/"},{"@type":"ListItem","position":2,"name":"Nora Schleich"}]},{"@type":"WebSite","@id":"https://ewb.lu/fr/#website","url":"https://ewb.lu/fr/","name":"EwB ErwuesseBildung","description":"ErwuesseBildung","publisher":{"@id":"https://ewb.lu/fr/#organization"},"alternateName":"EWB","potentialAction":[{"@type":"SearchAction","target":{"@type":"EntryPoint","urlTemplate":"https://ewb.lu/fr/?s={search_term_string}"},"query-input":{"@type":"PropertyValueSpecification","valueRequired":true,"valueName":"search_term_string"}}],"inLanguage":"fr-FR"},{"@type":"Organization","@id":"https://ewb.lu/fr/#organization","name":"ErwuesseBildung Asbl","alternateName":"EWB","url":"https://ewb.lu/fr/","logo":{"@type":"ImageObject","inLanguage":"fr-FR","@id":"https://ewb.lu/fr/#/schema/logo/image/","url":"https://ewb.lu/wp-content/uploads/2022/11/ewb-logo-header.svg","contentUrl":"https://ewb.lu/wp-content/uploads/2022/11/ewb-logo-header.svg","width":301,"height":38,"caption":"ErwuesseBildung Asbl"},"image":{"@id":"https://ewb.lu/fr/#/schema/logo/image/"},"sameAs":["https://www.facebook.com/ErwuesseBild/","https://lu.linkedin.com/company/erwuessebildung---formation-dadultes","https://www.instagram.com/erwuessebildung_asbl/"]}]}</script>
<!-- / Yoast SEO plugin. -->

Titulaire d&rsquo;un doctorat en philosophie, active dans les domaines de la culture, de l&rsquo;art et de la société. En 2022, Nora Schleich a rejoint l&rsquo;équipe EwB, où elle s&rsquo;est d&rsquo;abord occupée de l&rsquo;orientation conceptuelle et du programme. Depuis octobre 2025, elle dirige l&rsquo;EwB.
