{"id":3567,"date":"2023-04-18T16:37:55","date_gmt":"2023-04-18T15:37:55","guid":{"rendered":"https:\/\/ewb.cuco.dev\/?post_type=tip&#038;p=3567"},"modified":"2023-04-18T16:39:56","modified_gmt":"2023-04-18T15:39:56","slug":"schwarz-und-frau","status":"publish","type":"tip","link":"https:\/\/ewb.lu\/fr\/tip\/schwarz-und-frau\/","title":{"rendered":"Schwarz und Frau"},"content":{"rendered":"<div><strong><span class=\"eop\">Gedanken zur postkolonialen Gesellschaft<\/span><\/strong><\/div>\n<div><\/div>\n<div>\n<div>\n<p class=\"paragraph\"><span class=\"eop\">\u201eSchwarz und Frau\u201c ist eine Sammlung von Essays, in der die simbabwische Autorin und Filmemacherin Tsitsi Dangarembga eindringlich ihre sehr pers\u00f6nlichen Erfahrungen in der Auseinandersetzung mit Macht und Unterdr\u00fcckung in ihrem Leben als Schwarze, Frau, Schriftstellerin und Intellektuelle, schwarzes Kind in einer wei\u00dfen Pflegefamilie in England, Verfechterin von sozialer Gerechtigkeit und vielem mehr schildert. \u00dcber ihre Erfahrungen von Leid in ihrem eigenen Leben ruft sie in Erinnerung, wie Kolonialismus und Unterdr\u00fcckung den afrikanischen Gesellschaften Schmerzen und Traumata zugef\u00fcgt haben und immer noch zuf\u00fcgen. Nur indem wir alle uns konsequent respektvoll auf Augenh\u00f6he begegnen und auf \u201ediskursive Gleichheit hinarbeiten\u201c, k\u00f6nnen wir vielleicht den bisher eingeschlagenen Weg verlassen.<\/span><\/p>\n<p>&nbsp;<\/p>\n<\/div>\n<div>\n<p class=\"paragraph\"><em><span class=\"eop\"><span lang=\"DE\">Ulrike Kohl, Leiterin der EwB\u00a0<\/span><\/span><\/em><\/p>\n<\/div>\n<div>\n<p class=\"paragraph\"><span class=\"eop\"><span lang=\"DE\">\u00a0<\/span><\/span><\/p>\n<\/div>\n<\/div>\n","protected":false},"excerpt":{"rendered":"<p>Gedanken zur postkolonialen Gesellschaft<\/p>\n","protected":false},"featured_media":3568,"template":"","genre":[45,50],"class_list":["post-3567","tip","type-tip","status-publish","has-post-thumbnail","hentry","genre-buch","genre-erwachsene"],"acf":[],"yoast_head":"<!-- This site is optimized with the Yoast SEO plugin v27.1.1 - https:\/\/yoast.com\/product\/yoast-seo-wordpress\/ -->\n<title>Schwarz und Frau - EWB<\/title>\n<meta name=\"robots\" content=\"index, follow, max-snippet:-1, max-image-preview:large, max-video-preview:-1\" \/>\n<link rel=\"canonical\" href=\"https:\/\/ewb.lu\/fr\/tip\/schwarz-und-frau\/\" \/>\n<meta property=\"og:locale\" content=\"fr_FR\" \/>\n<meta property=\"og:type\" content=\"article\" \/>\n<meta property=\"og:title\" content=\"Schwarz und Frau - EWB\" \/>\n<meta property=\"og:description\" content=\"Gedanken zur postkolonialen Gesellschaft\" \/>\n<meta property=\"og:url\" content=\"https:\/\/ewb.lu\/fr\/tip\/schwarz-und-frau\/\" \/>\n<meta property=\"og:site_name\" content=\"EWB\" \/>\n<meta property=\"article:publisher\" content=\"https:\/\/www.facebook.com\/ErwuesseBild\/\" \/>\n<meta property=\"article:modified_time\" content=\"2023-04-18T15:39:56+00:00\" \/>\n<meta property=\"og:image\" content=\"https:\/\/ewb.lu\/wp-content\/uploads\/2023\/04\/Schwarz-und-Frau.jpeg\" \/>\n\t<meta property=\"og:image:width\" content=\"1270\" \/>\n\t<meta property=\"og:image:height\" content=\"2000\" \/>\n\t<meta property=\"og:image:type\" content=\"image\/jpeg\" \/>\n<meta name=\"twitter:card\" content=\"summary_large_image\" \/>\n<meta name=\"twitter:label1\" content=\"Dur\u00e9e de lecture estim\u00e9e\" \/>\n\t<meta name=\"twitter:data1\" content=\"1 minute\" \/>\n<script type=\"application\/ld+json\" class=\"yoast-schema-graph\">{\"@context\":\"https:\/\/schema.org\",\"@graph\":[{\"@type\":\"WebPage\",\"@id\":\"https:\/\/ewb.lu\/fr\/tip\/schwarz-und-frau\/\",\"url\":\"https:\/\/ewb.lu\/fr\/tip\/schwarz-und-frau\/\",\"name\":\"Schwarz und Frau - EWB\",\"isPartOf\":{\"@id\":\"https:\/\/ewb.lu\/fr\/#website\"},\"primaryImageOfPage\":{\"@id\":\"https:\/\/ewb.lu\/fr\/tip\/schwarz-und-frau\/#primaryimage\"},\"image\":{\"@id\":\"https:\/\/ewb.lu\/fr\/tip\/schwarz-und-frau\/#primaryimage\"},\"thumbnailUrl\":\"https:\/\/ewb.lu\/wp-content\/uploads\/2023\/04\/Schwarz-und-Frau.jpeg\",\"datePublished\":\"2023-04-18T15:37:55+00:00\",\"dateModified\":\"2023-04-18T15:39:56+00:00\",\"breadcrumb\":{\"@id\":\"https:\/\/ewb.lu\/fr\/tip\/schwarz-und-frau\/#breadcrumb\"},\"inLanguage\":\"fr-FR\",\"potentialAction\":[{\"@type\":\"ReadAction\",\"target\":[\"https:\/\/ewb.lu\/fr\/tip\/schwarz-und-frau\/\"]}]},{\"@type\":\"ImageObject\",\"inLanguage\":\"fr-FR\",\"@id\":\"https:\/\/ewb.lu\/fr\/tip\/schwarz-und-frau\/#primaryimage\",\"url\":\"https:\/\/ewb.lu\/wp-content\/uploads\/2023\/04\/Schwarz-und-Frau.jpeg\",\"contentUrl\":\"https:\/\/ewb.lu\/wp-content\/uploads\/2023\/04\/Schwarz-und-Frau.jpeg\",\"width\":1270,\"height\":2000},{\"@type\":\"BreadcrumbList\",\"@id\":\"https:\/\/ewb.lu\/fr\/tip\/schwarz-und-frau\/#breadcrumb\",\"itemListElement\":[{\"@type\":\"ListItem\",\"position\":1,\"name\":\"Startseite\",\"item\":\"https:\/\/ewb.lu\/fr\/\"},{\"@type\":\"ListItem\",\"position\":2,\"name\":\"Schwarz und Frau\"}]},{\"@type\":\"WebSite\",\"@id\":\"https:\/\/ewb.lu\/fr\/#website\",\"url\":\"https:\/\/ewb.lu\/fr\/\",\"name\":\"EwB ErwuesseBildung\",\"description\":\"ErwuesseBildung\",\"publisher\":{\"@id\":\"https:\/\/ewb.lu\/fr\/#organization\"},\"alternateName\":\"EWB\",\"potentialAction\":[{\"@type\":\"SearchAction\",\"target\":{\"@type\":\"EntryPoint\",\"urlTemplate\":\"https:\/\/ewb.lu\/fr\/?s={search_term_string}\"},\"query-input\":{\"@type\":\"PropertyValueSpecification\",\"valueRequired\":true,\"valueName\":\"search_term_string\"}}],\"inLanguage\":\"fr-FR\"},{\"@type\":\"Organization\",\"@id\":\"https:\/\/ewb.lu\/fr\/#organization\",\"name\":\"ErwuesseBildung Asbl\",\"alternateName\":\"EWB\",\"url\":\"https:\/\/ewb.lu\/fr\/\",\"logo\":{\"@type\":\"ImageObject\",\"inLanguage\":\"fr-FR\",\"@id\":\"https:\/\/ewb.lu\/fr\/#\/schema\/logo\/image\/\",\"url\":\"https:\/\/ewb.lu\/wp-content\/uploads\/2022\/11\/ewb-logo-header.svg\",\"contentUrl\":\"https:\/\/ewb.lu\/wp-content\/uploads\/2022\/11\/ewb-logo-header.svg\",\"width\":301,\"height\":38,\"caption\":\"ErwuesseBildung Asbl\"},\"image\":{\"@id\":\"https:\/\/ewb.lu\/fr\/#\/schema\/logo\/image\/\"},\"sameAs\":[\"https:\/\/www.facebook.com\/ErwuesseBild\/\",\"https:\/\/lu.linkedin.com\/company\/erwuessebildung---formation-dadultes\",\"https:\/\/www.instagram.com\/erwuessebildung_asbl\/\"]}]}<\/script>\n<!-- \/ Yoast SEO plugin. -->","yoast_head_json":{"title":"Schwarz und Frau - EWB","robots":{"index":"index","follow":"follow","max-snippet":"max-snippet:-1","max-image-preview":"max-image-preview:large","max-video-preview":"max-video-preview:-1"},"canonical":"https:\/\/ewb.lu\/fr\/tip\/schwarz-und-frau\/","og_locale":"fr_FR","og_type":"article","og_title":"Schwarz und Frau - EWB","og_description":"Gedanken zur postkolonialen Gesellschaft","og_url":"https:\/\/ewb.lu\/fr\/tip\/schwarz-und-frau\/","og_site_name":"EWB","article_publisher":"https:\/\/www.facebook.com\/ErwuesseBild\/","article_modified_time":"2023-04-18T15:39:56+00:00","og_image":[{"width":1270,"height":2000,"url":"https:\/\/ewb.lu\/wp-content\/uploads\/2023\/04\/Schwarz-und-Frau.jpeg","type":"image\/jpeg"}],"twitter_card":"summary_large_image","twitter_misc":{"Dur\u00e9e de lecture estim\u00e9e":"1 minute"},"schema":{"@context":"https:\/\/schema.org","@graph":[{"@type":"WebPage","@id":"https:\/\/ewb.lu\/fr\/tip\/schwarz-und-frau\/","url":"https:\/\/ewb.lu\/fr\/tip\/schwarz-und-frau\/","name":"Schwarz und Frau - EWB","isPartOf":{"@id":"https:\/\/ewb.lu\/fr\/#website"},"primaryImageOfPage":{"@id":"https:\/\/ewb.lu\/fr\/tip\/schwarz-und-frau\/#primaryimage"},"image":{"@id":"https:\/\/ewb.lu\/fr\/tip\/schwarz-und-frau\/#primaryimage"},"thumbnailUrl":"https:\/\/ewb.lu\/wp-content\/uploads\/2023\/04\/Schwarz-und-Frau.jpeg","datePublished":"2023-04-18T15:37:55+00:00","dateModified":"2023-04-18T15:39:56+00:00","breadcrumb":{"@id":"https:\/\/ewb.lu\/fr\/tip\/schwarz-und-frau\/#breadcrumb"},"inLanguage":"fr-FR","potentialAction":[{"@type":"ReadAction","target":["https:\/\/ewb.lu\/fr\/tip\/schwarz-und-frau\/"]}]},{"@type":"ImageObject","inLanguage":"fr-FR","@id":"https:\/\/ewb.lu\/fr\/tip\/schwarz-und-frau\/#primaryimage","url":"https:\/\/ewb.lu\/wp-content\/uploads\/2023\/04\/Schwarz-und-Frau.jpeg","contentUrl":"https:\/\/ewb.lu\/wp-content\/uploads\/2023\/04\/Schwarz-und-Frau.jpeg","width":1270,"height":2000},{"@type":"BreadcrumbList","@id":"https:\/\/ewb.lu\/fr\/tip\/schwarz-und-frau\/#breadcrumb","itemListElement":[{"@type":"ListItem","position":1,"name":"Startseite","item":"https:\/\/ewb.lu\/fr\/"},{"@type":"ListItem","position":2,"name":"Schwarz und Frau"}]},{"@type":"WebSite","@id":"https:\/\/ewb.lu\/fr\/#website","url":"https:\/\/ewb.lu\/fr\/","name":"EwB ErwuesseBildung","description":"ErwuesseBildung","publisher":{"@id":"https:\/\/ewb.lu\/fr\/#organization"},"alternateName":"EWB","potentialAction":[{"@type":"SearchAction","target":{"@type":"EntryPoint","urlTemplate":"https:\/\/ewb.lu\/fr\/?s={search_term_string}"},"query-input":{"@type":"PropertyValueSpecification","valueRequired":true,"valueName":"search_term_string"}}],"inLanguage":"fr-FR"},{"@type":"Organization","@id":"https:\/\/ewb.lu\/fr\/#organization","name":"ErwuesseBildung Asbl","alternateName":"EWB","url":"https:\/\/ewb.lu\/fr\/","logo":{"@type":"ImageObject","inLanguage":"fr-FR","@id":"https:\/\/ewb.lu\/fr\/#\/schema\/logo\/image\/","url":"https:\/\/ewb.lu\/wp-content\/uploads\/2022\/11\/ewb-logo-header.svg","contentUrl":"https:\/\/ewb.lu\/wp-content\/uploads\/2022\/11\/ewb-logo-header.svg","width":301,"height":38,"caption":"ErwuesseBildung Asbl"},"image":{"@id":"https:\/\/ewb.lu\/fr\/#\/schema\/logo\/image\/"},"sameAs":["https:\/\/www.facebook.com\/ErwuesseBild\/","https:\/\/lu.linkedin.com\/company\/erwuessebildung---formation-dadultes","https:\/\/www.instagram.com\/erwuessebildung_asbl\/"]}]}},"_links":{"self":[{"href":"https:\/\/ewb.lu\/fr\/wp-json\/wp\/v2\/tip\/3567","targetHints":{"allow":["GET"]}}],"collection":[{"href":"https:\/\/ewb.lu\/fr\/wp-json\/wp\/v2\/tip"}],"about":[{"href":"https:\/\/ewb.lu\/fr\/wp-json\/wp\/v2\/types\/tip"}],"wp:featuredmedia":[{"embeddable":true,"href":"https:\/\/ewb.lu\/fr\/wp-json\/wp\/v2\/media\/3568"}],"wp:attachment":[{"href":"https:\/\/ewb.lu\/fr\/wp-json\/wp\/v2\/media?parent=3567"}],"wp:term":[{"taxonomy":"genre","embeddable":true,"href":"https:\/\/ewb.lu\/fr\/wp-json\/wp\/v2\/genre?post=3567"}],"curies":[{"name":"wp","href":"https:\/\/api.w.org\/{rel}","templated":true}]}}

<div><strong><span class="eop">Gedanken zur postkolonialen Gesellschaft</span></strong></div>
<div></div>
<div>
<div>
<p class="paragraph"><span class="eop">„Schwarz und Frau“ ist eine Sammlung von Essays, in der die simbabwische Autorin und Filmemacherin Tsitsi Dangarembga eindringlich ihre sehr persönlichen Erfahrungen in der Auseinandersetzung mit Macht und Unterdrückung in ihrem Leben als Schwarze, Frau, Schriftstellerin und Intellektuelle, schwarzes Kind in einer weißen Pflegefamilie in England, Verfechterin von sozialer Gerechtigkeit und vielem mehr schildert. Über ihre Erfahrungen von Leid in ihrem eigenen Leben ruft sie in Erinnerung, wie Kolonialismus und Unterdrückung den afrikanischen Gesellschaften Schmerzen und Traumata zugefügt haben und immer noch zufügen. Nur indem wir alle uns konsequent respektvoll auf Augenhöhe begegnen und auf „diskursive Gleichheit hinarbeiten“, können wir vielleicht den bisher eingeschlagenen Weg verlassen.</span></p>
<p>&nbsp;</p>
</div>
<div>
<p class="paragraph"><em><span class="eop"><span lang="DE">Ulrike Kohl, Leiterin der EwB </span></span></em></p>
</div>
<div>
<p class="paragraph"><span class="eop"><span lang="DE"> </span></span></p>
</div>
</div>

<!-- This site is optimized with the Yoast SEO plugin v27.1.1 - https://yoast.com/product/yoast-seo-wordpress/ -->
<title>Schwarz und Frau - EWB</title>
<meta name="robots" content="index, follow, max-snippet:-1, max-image-preview:large, max-video-preview:-1" />
<link rel="canonical" href="https://ewb.lu/fr/tip/schwarz-und-frau/" />
<meta property="og:locale" content="fr_FR" />
<meta property="og:type" content="article" />
<meta property="og:title" content="Schwarz und Frau - EWB" />
<meta property="og:description" content="Gedanken zur postkolonialen Gesellschaft" />
<meta property="og:url" content="https://ewb.lu/fr/tip/schwarz-und-frau/" />
<meta property="og:site_name" content="EWB" />
<meta property="article:publisher" content="https://www.facebook.com/ErwuesseBild/" />
<meta property="article:modified_time" content="2023-04-18T15:39:56+00:00" />
<meta property="og:image" content="https://ewb.lu/wp-content/uploads/2023/04/Schwarz-und-Frau.jpeg" />
	<meta property="og:image:width" content="1270" />
	<meta property="og:image:height" content="2000" />
	<meta property="og:image:type" content="image/jpeg" />
<meta name="twitter:card" content="summary_large_image" />
<meta name="twitter:label1" content="Durée de lecture estimée" />
	<meta name="twitter:data1" content="1 minute" />
<script type="application/ld+json" class="yoast-schema-graph">{"@context":"https://schema.org","@graph":[{"@type":"WebPage","@id":"https://ewb.lu/fr/tip/schwarz-und-frau/","url":"https://ewb.lu/fr/tip/schwarz-und-frau/","name":"Schwarz und Frau - EWB","isPartOf":{"@id":"https://ewb.lu/fr/#website"},"primaryImageOfPage":{"@id":"https://ewb.lu/fr/tip/schwarz-und-frau/#primaryimage"},"image":{"@id":"https://ewb.lu/fr/tip/schwarz-und-frau/#primaryimage"},"thumbnailUrl":"https://ewb.lu/wp-content/uploads/2023/04/Schwarz-und-Frau.jpeg","datePublished":"2023-04-18T15:37:55+00:00","dateModified":"2023-04-18T15:39:56+00:00","breadcrumb":{"@id":"https://ewb.lu/fr/tip/schwarz-und-frau/#breadcrumb"},"inLanguage":"fr-FR","potentialAction":[{"@type":"ReadAction","target":["https://ewb.lu/fr/tip/schwarz-und-frau/"]}]},{"@type":"ImageObject","inLanguage":"fr-FR","@id":"https://ewb.lu/fr/tip/schwarz-und-frau/#primaryimage","url":"https://ewb.lu/wp-content/uploads/2023/04/Schwarz-und-Frau.jpeg","contentUrl":"https://ewb.lu/wp-content/uploads/2023/04/Schwarz-und-Frau.jpeg","width":1270,"height":2000},{"@type":"BreadcrumbList","@id":"https://ewb.lu/fr/tip/schwarz-und-frau/#breadcrumb","itemListElement":[{"@type":"ListItem","position":1,"name":"Startseite","item":"https://ewb.lu/fr/"},{"@type":"ListItem","position":2,"name":"Schwarz und Frau"}]},{"@type":"WebSite","@id":"https://ewb.lu/fr/#website","url":"https://ewb.lu/fr/","name":"EwB ErwuesseBildung","description":"ErwuesseBildung","publisher":{"@id":"https://ewb.lu/fr/#organization"},"alternateName":"EWB","potentialAction":[{"@type":"SearchAction","target":{"@type":"EntryPoint","urlTemplate":"https://ewb.lu/fr/?s={search_term_string}"},"query-input":{"@type":"PropertyValueSpecification","valueRequired":true,"valueName":"search_term_string"}}],"inLanguage":"fr-FR"},{"@type":"Organization","@id":"https://ewb.lu/fr/#organization","name":"ErwuesseBildung Asbl","alternateName":"EWB","url":"https://ewb.lu/fr/","logo":{"@type":"ImageObject","inLanguage":"fr-FR","@id":"https://ewb.lu/fr/#/schema/logo/image/","url":"https://ewb.lu/wp-content/uploads/2022/11/ewb-logo-header.svg","contentUrl":"https://ewb.lu/wp-content/uploads/2022/11/ewb-logo-header.svg","width":301,"height":38,"caption":"ErwuesseBildung Asbl"},"image":{"@id":"https://ewb.lu/fr/#/schema/logo/image/"},"sameAs":["https://www.facebook.com/ErwuesseBild/","https://lu.linkedin.com/company/erwuessebildung---formation-dadultes","https://www.instagram.com/erwuessebildung_asbl/"]}]}</script>
<!-- / Yoast SEO plugin. -->
