{"id":8653,"date":"2024-03-27T08:39:19","date_gmt":"2024-03-27T07:39:19","guid":{"rendered":"https:\/\/ewb.lu\/?post_type=tip&#038;p=8653"},"modified":"2024-03-27T08:49:29","modified_gmt":"2024-03-27T07:49:29","slug":"les-yeux-de-mona","status":"publish","type":"tip","link":"https:\/\/ewb.lu\/fr\/tip\/les-yeux-de-mona\/","title":{"rendered":"Les yeux de Mona"},"content":{"rendered":"<p style=\"font-weight: 400;\">52 semaines seulement restent \u00e0 Mona avant de devenir aveugle. Son grand-p\u00e8re, au lieu de l\u2019accompagner chez un p\u00e9dopsychiatre chaque mercredi comme promis, d\u00e9cide de remplir ses yeux et son esprit des plus belles \u0153uvres artistiques. Ils iront donc dans les plus grands mus\u00e9es parisiens et s\u2019\u00e9merveilleront et s\u2019\u00e9mouvront \u00e0 chaque fois devant un chef-d\u2019\u0153uvre (\u00e0 voir tous sur la jaquette du livre\u00a0!). Le lecteur le contemplera et se cultivera ensemble avec Mona. Car Henry, son \u00ab\u00a0Dad\u00e9\u00a0\u00bb, avec lequel elle entretient une relation chaleureuse, tendre et profonde, est \u2013 tout comme l\u2019auteur \u2013 un tr\u00e8s grand \u00e9rudit, qui met \u00e0 sa port\u00e9e (et de la n\u00f4tre) ses connaissances et sa passion.<\/p>\n<p style=\"font-weight: 400;\">Un roman d\u2019initiation \u00e0 l\u2019art et \u00e0 la vie tr\u00e8s \u00e9mouvant, jamais ennuyeux, au succ\u00e8s mondial m\u00eame avant sa parution en France le 31 janvier\u00a0!<\/p>\n<p style=\"font-weight: 400; text-align: right;\"><em>Charles Bailleux, B\u00e9n\u00e9vole de l&rsquo;EwB<\/em><\/p>\n","protected":false},"excerpt":{"rendered":"<p>BICHERZELT 2024 | Un roman d\u2019initiation \u00e0 l\u2019art et \u00e0 la vie <\/p>\n","protected":false},"featured_media":8658,"template":"","genre":[45,50],"class_list":["post-8653","tip","type-tip","status-publish","has-post-thumbnail","hentry","genre-buch","genre-erwachsene"],"acf":[],"yoast_head":"<!-- This site is optimized with the Yoast SEO plugin v27.1.1 - https:\/\/yoast.com\/product\/yoast-seo-wordpress\/ -->\n<title>Les yeux de Mona - EWB<\/title>\n<meta name=\"robots\" content=\"index, follow, max-snippet:-1, max-image-preview:large, max-video-preview:-1\" \/>\n<link rel=\"canonical\" href=\"https:\/\/ewb.lu\/fr\/tip\/les-yeux-de-mona\/\" \/>\n<meta property=\"og:locale\" content=\"fr_FR\" \/>\n<meta property=\"og:type\" content=\"article\" \/>\n<meta property=\"og:title\" content=\"Les yeux de Mona - EWB\" \/>\n<meta property=\"og:description\" content=\"BICHERZELT 2024 | Un roman d\u2019initiation \u00e0 l\u2019art et \u00e0 la vie\" \/>\n<meta property=\"og:url\" content=\"https:\/\/ewb.lu\/fr\/tip\/les-yeux-de-mona\/\" \/>\n<meta property=\"og:site_name\" content=\"EWB\" \/>\n<meta property=\"article:publisher\" content=\"https:\/\/www.facebook.com\/ErwuesseBild\/\" \/>\n<meta property=\"article:modified_time\" content=\"2024-03-27T07:49:29+00:00\" \/>\n<meta property=\"og:image\" content=\"https:\/\/ewb.lu\/wp-content\/uploads\/2024\/03\/81ug4V4yyCL._SL1500_.jpg\" \/>\n\t<meta property=\"og:image:width\" content=\"1023\" \/>\n\t<meta property=\"og:image:height\" content=\"1500\" \/>\n\t<meta property=\"og:image:type\" content=\"image\/jpeg\" \/>\n<meta name=\"twitter:card\" content=\"summary_large_image\" \/>\n<meta name=\"twitter:label1\" content=\"Dur\u00e9e de lecture estim\u00e9e\" \/>\n\t<meta name=\"twitter:data1\" content=\"1 minute\" \/>\n<script type=\"application\/ld+json\" class=\"yoast-schema-graph\">{\"@context\":\"https:\/\/schema.org\",\"@graph\":[{\"@type\":\"WebPage\",\"@id\":\"https:\/\/ewb.lu\/fr\/tip\/les-yeux-de-mona\/\",\"url\":\"https:\/\/ewb.lu\/fr\/tip\/les-yeux-de-mona\/\",\"name\":\"Les yeux de Mona - EWB\",\"isPartOf\":{\"@id\":\"https:\/\/ewb.lu\/fr\/#website\"},\"primaryImageOfPage\":{\"@id\":\"https:\/\/ewb.lu\/fr\/tip\/les-yeux-de-mona\/#primaryimage\"},\"image\":{\"@id\":\"https:\/\/ewb.lu\/fr\/tip\/les-yeux-de-mona\/#primaryimage\"},\"thumbnailUrl\":\"https:\/\/ewb.lu\/wp-content\/uploads\/2024\/03\/81ug4V4yyCL._SL1500_.jpg\",\"datePublished\":\"2024-03-27T07:39:19+00:00\",\"dateModified\":\"2024-03-27T07:49:29+00:00\",\"breadcrumb\":{\"@id\":\"https:\/\/ewb.lu\/fr\/tip\/les-yeux-de-mona\/#breadcrumb\"},\"inLanguage\":\"fr-FR\",\"potentialAction\":[{\"@type\":\"ReadAction\",\"target\":[\"https:\/\/ewb.lu\/fr\/tip\/les-yeux-de-mona\/\"]}]},{\"@type\":\"ImageObject\",\"inLanguage\":\"fr-FR\",\"@id\":\"https:\/\/ewb.lu\/fr\/tip\/les-yeux-de-mona\/#primaryimage\",\"url\":\"https:\/\/ewb.lu\/wp-content\/uploads\/2024\/03\/81ug4V4yyCL._SL1500_.jpg\",\"contentUrl\":\"https:\/\/ewb.lu\/wp-content\/uploads\/2024\/03\/81ug4V4yyCL._SL1500_.jpg\",\"width\":1023,\"height\":1500},{\"@type\":\"BreadcrumbList\",\"@id\":\"https:\/\/ewb.lu\/fr\/tip\/les-yeux-de-mona\/#breadcrumb\",\"itemListElement\":[{\"@type\":\"ListItem\",\"position\":1,\"name\":\"Startseite\",\"item\":\"https:\/\/ewb.lu\/fr\/\"},{\"@type\":\"ListItem\",\"position\":2,\"name\":\"Les yeux de Mona\"}]},{\"@type\":\"WebSite\",\"@id\":\"https:\/\/ewb.lu\/fr\/#website\",\"url\":\"https:\/\/ewb.lu\/fr\/\",\"name\":\"EwB ErwuesseBildung\",\"description\":\"ErwuesseBildung\",\"publisher\":{\"@id\":\"https:\/\/ewb.lu\/fr\/#organization\"},\"alternateName\":\"EWB\",\"potentialAction\":[{\"@type\":\"SearchAction\",\"target\":{\"@type\":\"EntryPoint\",\"urlTemplate\":\"https:\/\/ewb.lu\/fr\/?s={search_term_string}\"},\"query-input\":{\"@type\":\"PropertyValueSpecification\",\"valueRequired\":true,\"valueName\":\"search_term_string\"}}],\"inLanguage\":\"fr-FR\"},{\"@type\":\"Organization\",\"@id\":\"https:\/\/ewb.lu\/fr\/#organization\",\"name\":\"ErwuesseBildung Asbl\",\"alternateName\":\"EWB\",\"url\":\"https:\/\/ewb.lu\/fr\/\",\"logo\":{\"@type\":\"ImageObject\",\"inLanguage\":\"fr-FR\",\"@id\":\"https:\/\/ewb.lu\/fr\/#\/schema\/logo\/image\/\",\"url\":\"https:\/\/ewb.lu\/wp-content\/uploads\/2022\/11\/ewb-logo-header.svg\",\"contentUrl\":\"https:\/\/ewb.lu\/wp-content\/uploads\/2022\/11\/ewb-logo-header.svg\",\"width\":301,\"height\":38,\"caption\":\"ErwuesseBildung Asbl\"},\"image\":{\"@id\":\"https:\/\/ewb.lu\/fr\/#\/schema\/logo\/image\/\"},\"sameAs\":[\"https:\/\/www.facebook.com\/ErwuesseBild\/\",\"https:\/\/lu.linkedin.com\/company\/erwuessebildung---formation-dadultes\",\"https:\/\/www.instagram.com\/erwuessebildung_asbl\/\"]}]}<\/script>\n<!-- \/ Yoast SEO plugin. -->","yoast_head_json":{"title":"Les yeux de Mona - EWB","robots":{"index":"index","follow":"follow","max-snippet":"max-snippet:-1","max-image-preview":"max-image-preview:large","max-video-preview":"max-video-preview:-1"},"canonical":"https:\/\/ewb.lu\/fr\/tip\/les-yeux-de-mona\/","og_locale":"fr_FR","og_type":"article","og_title":"Les yeux de Mona - EWB","og_description":"BICHERZELT 2024 | Un roman d\u2019initiation \u00e0 l\u2019art et \u00e0 la vie","og_url":"https:\/\/ewb.lu\/fr\/tip\/les-yeux-de-mona\/","og_site_name":"EWB","article_publisher":"https:\/\/www.facebook.com\/ErwuesseBild\/","article_modified_time":"2024-03-27T07:49:29+00:00","og_image":[{"width":1023,"height":1500,"url":"https:\/\/ewb.lu\/wp-content\/uploads\/2024\/03\/81ug4V4yyCL._SL1500_.jpg","type":"image\/jpeg"}],"twitter_card":"summary_large_image","twitter_misc":{"Dur\u00e9e de lecture estim\u00e9e":"1 minute"},"schema":{"@context":"https:\/\/schema.org","@graph":[{"@type":"WebPage","@id":"https:\/\/ewb.lu\/fr\/tip\/les-yeux-de-mona\/","url":"https:\/\/ewb.lu\/fr\/tip\/les-yeux-de-mona\/","name":"Les yeux de Mona - EWB","isPartOf":{"@id":"https:\/\/ewb.lu\/fr\/#website"},"primaryImageOfPage":{"@id":"https:\/\/ewb.lu\/fr\/tip\/les-yeux-de-mona\/#primaryimage"},"image":{"@id":"https:\/\/ewb.lu\/fr\/tip\/les-yeux-de-mona\/#primaryimage"},"thumbnailUrl":"https:\/\/ewb.lu\/wp-content\/uploads\/2024\/03\/81ug4V4yyCL._SL1500_.jpg","datePublished":"2024-03-27T07:39:19+00:00","dateModified":"2024-03-27T07:49:29+00:00","breadcrumb":{"@id":"https:\/\/ewb.lu\/fr\/tip\/les-yeux-de-mona\/#breadcrumb"},"inLanguage":"fr-FR","potentialAction":[{"@type":"ReadAction","target":["https:\/\/ewb.lu\/fr\/tip\/les-yeux-de-mona\/"]}]},{"@type":"ImageObject","inLanguage":"fr-FR","@id":"https:\/\/ewb.lu\/fr\/tip\/les-yeux-de-mona\/#primaryimage","url":"https:\/\/ewb.lu\/wp-content\/uploads\/2024\/03\/81ug4V4yyCL._SL1500_.jpg","contentUrl":"https:\/\/ewb.lu\/wp-content\/uploads\/2024\/03\/81ug4V4yyCL._SL1500_.jpg","width":1023,"height":1500},{"@type":"BreadcrumbList","@id":"https:\/\/ewb.lu\/fr\/tip\/les-yeux-de-mona\/#breadcrumb","itemListElement":[{"@type":"ListItem","position":1,"name":"Startseite","item":"https:\/\/ewb.lu\/fr\/"},{"@type":"ListItem","position":2,"name":"Les yeux de Mona"}]},{"@type":"WebSite","@id":"https:\/\/ewb.lu\/fr\/#website","url":"https:\/\/ewb.lu\/fr\/","name":"EwB ErwuesseBildung","description":"ErwuesseBildung","publisher":{"@id":"https:\/\/ewb.lu\/fr\/#organization"},"alternateName":"EWB","potentialAction":[{"@type":"SearchAction","target":{"@type":"EntryPoint","urlTemplate":"https:\/\/ewb.lu\/fr\/?s={search_term_string}"},"query-input":{"@type":"PropertyValueSpecification","valueRequired":true,"valueName":"search_term_string"}}],"inLanguage":"fr-FR"},{"@type":"Organization","@id":"https:\/\/ewb.lu\/fr\/#organization","name":"ErwuesseBildung Asbl","alternateName":"EWB","url":"https:\/\/ewb.lu\/fr\/","logo":{"@type":"ImageObject","inLanguage":"fr-FR","@id":"https:\/\/ewb.lu\/fr\/#\/schema\/logo\/image\/","url":"https:\/\/ewb.lu\/wp-content\/uploads\/2022\/11\/ewb-logo-header.svg","contentUrl":"https:\/\/ewb.lu\/wp-content\/uploads\/2022\/11\/ewb-logo-header.svg","width":301,"height":38,"caption":"ErwuesseBildung Asbl"},"image":{"@id":"https:\/\/ewb.lu\/fr\/#\/schema\/logo\/image\/"},"sameAs":["https:\/\/www.facebook.com\/ErwuesseBild\/","https:\/\/lu.linkedin.com\/company\/erwuessebildung---formation-dadultes","https:\/\/www.instagram.com\/erwuessebildung_asbl\/"]}]}},"_links":{"self":[{"href":"https:\/\/ewb.lu\/fr\/wp-json\/wp\/v2\/tip\/8653","targetHints":{"allow":["GET"]}}],"collection":[{"href":"https:\/\/ewb.lu\/fr\/wp-json\/wp\/v2\/tip"}],"about":[{"href":"https:\/\/ewb.lu\/fr\/wp-json\/wp\/v2\/types\/tip"}],"wp:featuredmedia":[{"embeddable":true,"href":"https:\/\/ewb.lu\/fr\/wp-json\/wp\/v2\/media\/8658"}],"wp:attachment":[{"href":"https:\/\/ewb.lu\/fr\/wp-json\/wp\/v2\/media?parent=8653"}],"wp:term":[{"taxonomy":"genre","embeddable":true,"href":"https:\/\/ewb.lu\/fr\/wp-json\/wp\/v2\/genre?post=8653"}],"curies":[{"name":"wp","href":"https:\/\/api.w.org\/{rel}","templated":true}]}}

<p style="font-weight: 400;">52 semaines seulement restent à Mona avant de devenir aveugle. Son grand-père, au lieu de l’accompagner chez un pédopsychiatre chaque mercredi comme promis, décide de remplir ses yeux et son esprit des plus belles œuvres artistiques. Ils iront donc dans les plus grands musées parisiens et s’émerveilleront et s’émouvront à chaque fois devant un chef-d’œuvre (à voir tous sur la jaquette du livre !). Le lecteur le contemplera et se cultivera ensemble avec Mona. Car Henry, son « Dadé », avec lequel elle entretient une relation chaleureuse, tendre et profonde, est – tout comme l’auteur – un très grand érudit, qui met à sa portée (et de la nôtre) ses connaissances et sa passion.</p>
<p style="font-weight: 400;">Un roman d’initiation à l’art et à la vie très émouvant, jamais ennuyeux, au succès mondial même avant sa parution en France le 31 janvier !</p>
<p style="font-weight: 400; text-align: right;"><em>Charles Bailleux, Bénévole de l&rsquo;EwB</em></p>

<p>BICHERZELT 2024 | Un roman d’initiation à l’art et à la vie </p>

<!-- This site is optimized with the Yoast SEO plugin v27.1.1 - https://yoast.com/product/yoast-seo-wordpress/ -->
<title>Les yeux de Mona - EWB</title>
<meta name="robots" content="index, follow, max-snippet:-1, max-image-preview:large, max-video-preview:-1" />
<link rel="canonical" href="https://ewb.lu/fr/tip/les-yeux-de-mona/" />
<meta property="og:locale" content="fr_FR" />
<meta property="og:type" content="article" />
<meta property="og:title" content="Les yeux de Mona - EWB" />
<meta property="og:description" content="BICHERZELT 2024 | Un roman d’initiation à l’art et à la vie" />
<meta property="og:url" content="https://ewb.lu/fr/tip/les-yeux-de-mona/" />
<meta property="og:site_name" content="EWB" />
<meta property="article:publisher" content="https://www.facebook.com/ErwuesseBild/" />
<meta property="article:modified_time" content="2024-03-27T07:49:29+00:00" />
<meta property="og:image" content="https://ewb.lu/wp-content/uploads/2024/03/81ug4V4yyCL._SL1500_.jpg" />
	<meta property="og:image:width" content="1023" />
	<meta property="og:image:height" content="1500" />
	<meta property="og:image:type" content="image/jpeg" />
<meta name="twitter:card" content="summary_large_image" />
<meta name="twitter:label1" content="Durée de lecture estimée" />
	<meta name="twitter:data1" content="1 minute" />
<script type="application/ld+json" class="yoast-schema-graph">{"@context":"https://schema.org","@graph":[{"@type":"WebPage","@id":"https://ewb.lu/fr/tip/les-yeux-de-mona/","url":"https://ewb.lu/fr/tip/les-yeux-de-mona/","name":"Les yeux de Mona - EWB","isPartOf":{"@id":"https://ewb.lu/fr/#website"},"primaryImageOfPage":{"@id":"https://ewb.lu/fr/tip/les-yeux-de-mona/#primaryimage"},"image":{"@id":"https://ewb.lu/fr/tip/les-yeux-de-mona/#primaryimage"},"thumbnailUrl":"https://ewb.lu/wp-content/uploads/2024/03/81ug4V4yyCL._SL1500_.jpg","datePublished":"2024-03-27T07:39:19+00:00","dateModified":"2024-03-27T07:49:29+00:00","breadcrumb":{"@id":"https://ewb.lu/fr/tip/les-yeux-de-mona/#breadcrumb"},"inLanguage":"fr-FR","potentialAction":[{"@type":"ReadAction","target":["https://ewb.lu/fr/tip/les-yeux-de-mona/"]}]},{"@type":"ImageObject","inLanguage":"fr-FR","@id":"https://ewb.lu/fr/tip/les-yeux-de-mona/#primaryimage","url":"https://ewb.lu/wp-content/uploads/2024/03/81ug4V4yyCL._SL1500_.jpg","contentUrl":"https://ewb.lu/wp-content/uploads/2024/03/81ug4V4yyCL._SL1500_.jpg","width":1023,"height":1500},{"@type":"BreadcrumbList","@id":"https://ewb.lu/fr/tip/les-yeux-de-mona/#breadcrumb","itemListElement":[{"@type":"ListItem","position":1,"name":"Startseite","item":"https://ewb.lu/fr/"},{"@type":"ListItem","position":2,"name":"Les yeux de Mona"}]},{"@type":"WebSite","@id":"https://ewb.lu/fr/#website","url":"https://ewb.lu/fr/","name":"EwB ErwuesseBildung","description":"ErwuesseBildung","publisher":{"@id":"https://ewb.lu/fr/#organization"},"alternateName":"EWB","potentialAction":[{"@type":"SearchAction","target":{"@type":"EntryPoint","urlTemplate":"https://ewb.lu/fr/?s={search_term_string}"},"query-input":{"@type":"PropertyValueSpecification","valueRequired":true,"valueName":"search_term_string"}}],"inLanguage":"fr-FR"},{"@type":"Organization","@id":"https://ewb.lu/fr/#organization","name":"ErwuesseBildung Asbl","alternateName":"EWB","url":"https://ewb.lu/fr/","logo":{"@type":"ImageObject","inLanguage":"fr-FR","@id":"https://ewb.lu/fr/#/schema/logo/image/","url":"https://ewb.lu/wp-content/uploads/2022/11/ewb-logo-header.svg","contentUrl":"https://ewb.lu/wp-content/uploads/2022/11/ewb-logo-header.svg","width":301,"height":38,"caption":"ErwuesseBildung Asbl"},"image":{"@id":"https://ewb.lu/fr/#/schema/logo/image/"},"sameAs":["https://www.facebook.com/ErwuesseBild/","https://lu.linkedin.com/company/erwuessebildung---formation-dadultes","https://www.instagram.com/erwuessebildung_asbl/"]}]}</script>
<!-- / Yoast SEO plugin. -->

BICHERZELT 2024 | Un roman d’initiation à l’art et à la vie
